74.7.227.52 - - [31/Mar/2026:02:10:25 -0400] "GET /products/279023618 HTTP/1.1" 403 0 "https://gpdl-bd.com/?sitemap906.xml" "Mozilla/5.0 AppleWebKit/537.36 (KHTML, like Gecko; compatible; GPTBot/1.3; +https://openai.com/gptbot)"
74.7.227.52 - - [31/Mar/2026:02:10:27 -0400] "GET /products/284023597 HTTP/1.1" 403 0 "https://gpdl-bd.com/?sitemap605.xml" "Mozilla/5.0 AppleWebKit/537.36 (KHTML, like Gecko; compatible; GPTBot/1.3; +https://openai.com/gptbot)"
74.7.227.52 - - [31/Mar/2026:02:10:29 -0400] "GET /products/291038676 HTTP/1.1" 403 0 "https://gpdl-bd.com/?sitemap605.xml" "Mozilla/5.0 AppleWebKit/537.36 (KHTML, like Gecko; compatible; GPTBot/1.3; +https://openai.com/gptbot)"
74.7.227.52 - - [31/Mar/2026:02:10:31 -0400] "GET /products/182042593 HTTP/1.1" 403 0 "https://gpdl-bd.com/?sitemap605.xml" "Mozilla/5.0 AppleWebKit/537.36 (KHTML, like Gecko; compatible; GPTBot/1.3; +https://openai.com/gptbot)"
74.7.227.52 - - [31/Mar/2026:02:10:39 -0400] "GET /products/246018765 HTTP/1.1" 403 0 "https://gpdl-bd.com/?sitemap428.xml" "Mozilla/5.0 AppleWebKit/537.36 (KHTML, like Gecko; compatible; GPTBot/1.3; +https://openai.com/gptbot)"
74.7.227.52 - - [31/Mar/2026:02:10:39 -0400] "GET /products/245014786 HTTP/1.1" 403 0 "https://gpdl-bd.com/?sitemap605.xml" "Mozilla/5.0 AppleWebKit/537.36 (KHTML, like Gecko; compatible; GPTBot/1.3; +https://openai.com/gptbot)"
74.7.227.52 - - [31/Mar/2026:02:10:41 -0400] "GET /products/264028153 HTTP/1.1" 403 0 "https://gpdl-bd.com/?sitemap605.xml" "Mozilla/5.0 AppleWebKit/537.36 (KHTML, like Gecko; compatible; GPTBot/1.3; +https://openai.com/gptbot)"
74.7.227.52 - - [31/Mar/2026:02:10:43 -0400] "GET /products/184032557 HTTP/1.1" 403 0 "https://gpdl-bd.com/?sitemap906.xml" "Mozilla/5.0 AppleWebKit/537.36 (KHTML, like Gecko; compatible; GPTBot/1.3; +https://openai.com/gptbot)"
74.7.227.52 - - [31/Mar/2026:02:10:45 -0400] "GET /products/292036547 HTTP/1.1" 403 0 "https://gpdl-bd.com/?sitemap906.xml" "Mozilla/5.0 AppleWebKit/537.36 (KHTML, like Gecko; compatible; GPTBot/1.3; +https://openai.com/gptbot)"
74.7.227.52 - - [31/Mar/2026:02:10:48 -0400] "GET /products/197035364 HTTP/1.1" 403 0 "https://gpdl-bd.com/?sitemap906.xml" "Mozilla/5.0 AppleWebKit/537.36 (KHTML, like Gecko; compatible; GPTBot/1.3; +https://openai.com/gptbot)"
74.7.227.52 - - [31/Mar/2026:02:10:49 -0400] "GET /products/157039126 HTTP/1.1" 403 0 "https://gpdl-bd.com/?sitemap428.xml" "Mozilla/5.0 AppleWebKit/537.36 (KHTML, like Gecko; compatible; GPTBot/1.3; +https://openai.com/gptbot)"
74.7.227.52 - - [31/Mar/2026:02:10:52 -0400] "GET /products/019037456 HTTP/1.1" 403 0 "https://gpdl-bd.com/?sitemap906.xml" "Mozilla/5.0 AppleWebKit/537.36 (KHTML, like Gecko; compatible; GPTBot/1.3; +https://openai.com/gptbot)"
74.7.227.52 - - [31/Mar/2026:02:10:55 -0400] "GET /products/259034868 HTTP/1.1" 403 0 "https://gpdl-bd.com/?sitemap428.xml" "Mozilla/5.0 AppleWebKit/537.36 (KHTML, like Gecko; compatible; GPTBot/1.3; +https://openai.com/gptbot)"
74.7.227.52 - - [31/Mar/2026:02:10:56 -0400] "GET /products/163012784 HTTP/1.1" 403 0 "https://gpdl-bd.com/?sitemap605.xml" "Mozilla/5.0 AppleWebKit/537.36 (KHTML, like Gecko; compatible; GPTBot/1.3; +https://openai.com/gptbot)"
74.7.227.52 - - [31/Mar/2026:02:10:58 -0400] "GET /products/236018647 HTTP/1.1" 403 0 "https://gpdl-bd.com/?sitemap605.xml" "Mozilla/5.0 AppleWebKit/537.36 (KHTML, like Gecko; compatible; GPTBot/1.3; +https://openai.com/gptbot)"
74.7.227.52 - - [31/Mar/2026:02:11:00 -0400] "GET /products/228036957 HTTP/1.1" 403 0 "https://gpdl-bd.com/?sitemap906.xml" "Mozilla/5.0 AppleWebKit/537.36 (KHTML, like Gecko; compatible; GPTBot/1.3; +https://openai.com/gptbot)"
66.249.77.32 - - [31/Mar/2026:02:11:00 -0400] "GET /?jp/158000756.html HTTP/1.1" 200 24230 "-" "Mozilla/5.0 (Linux; Android 6.0.1; Nexus 5X Build/MMB29P) AppleWebKit/537.36 (KHTML, like Gecko) Chrome/146.0.7680.153 Mobile Safari/537.36 (compatible; Googlebot/2.1; +http://www.google.com/bot.html)"
74.7.227.52 - - [31/Mar/2026:02:11:02 -0400] "GET /products/246038157 HTTP/1.1" 403 0 "https://gpdl-bd.com/?sitemap605.xml" "Mozilla/5.0 AppleWebKit/537.36 (KHTML, like Gecko; compatible; GPTBot/1.3; +https://openai.com/gptbot)"
74.7.227.52 - - [31/Mar/2026:02:11:04 -0400] "GET /products/095047318 HTTP/1.1" 403 0 "https://gpdl-bd.com/?sitemap906.xml" "Mozilla/5.0 AppleWebKit/537.36 (KHTML, like Gecko; compatible; GPTBot/1.3; +https://openai.com/gptbot)"
74.7.227.52 - - [31/Mar/2026:02:11:07 -0400] "GET /products/271043658 HTTP/1.1" 403 0 "https://gpdl-bd.com/?sitemap605.xml" "Mozilla/5.0 AppleWebKit/537.36 (KHTML, like Gecko; compatible; GPTBot/1.3; +https://openai.com/gptbot)"
74.7.227.52 - - [31/Mar/2026:02:11:08 -0400] "GET /products/106023489 HTTP/1.1" 403 0 "https://gpdl-bd.com/?sitemap605.xml" "Mozilla/5.0 AppleWebKit/537.36 (KHTML, like Gecko; compatible; GPTBot/1.3; +https://openai.com/gptbot)"
74.7.227.52 - - [31/Mar/2026:02:11:10 -0400] "GET /products/279015326 HTTP/1.1" 403 0 "https://gpdl-bd.com/?sitemap605.xml" "Mozilla/5.0 AppleWebKit/537.36 (KHTML, like Gecko; compatible; GPTBot/1.3; +https://openai.com/gptbot)"
74.7.227.52 - - [31/Mar/2026:02:11:12 -0400] "GET /products/079015234 HTTP/1.1" 403 0 "https://gpdl-bd.com/?sitemap906.xml" "Mozilla/5.0 AppleWebKit/537.36 (KHTML, like Gecko; compatible; GPTBot/1.3; +https://openai.com/gptbot)"
74.7.227.52 - - [31/Mar/2026:02:11:14 -0400] "GET /products/204039875 HTTP/1.1" 403 0 "https://gpdl-bd.com/?sitemap428.xml" "Mozilla/5.0 AppleWebKit/537.36 (KHTML, like Gecko; compatible; GPTBot/1.3; +https://openai.com/gptbot)"
74.7.227.52 - - [31/Mar/2026:02:11:16 -0400] "GET /products/179006234 HTTP/1.1" 403 0 "https://gpdl-bd.com/?sitemap906.xml" "Mozilla/5.0 AppleWebKit/537.36 (KHTML, like Gecko; compatible; GPTBot/1.3; +https://openai.com/gptbot)"
74.7.227.52 - - [31/Mar/2026:02:11:18 -0400] "GET /products/245016874 HTTP/1.1" 403 0 "https://gpdl-bd.com/?sitemap605.xml" "Mozilla/5.0 AppleWebKit/537.36 (KHTML, like Gecko; compatible; GPTBot/1.3; +https://openai.com/gptbot)"
74.7.227.52 - - [31/Mar/2026:02:11:20 -0400] "GET /products/087045926 HTTP/1.1" 403 0 "https://gpdl-bd.com/?sitemap605.xml" "Mozilla/5.0 AppleWebKit/537.36 (KHTML, like Gecko; compatible; GPTBot/1.3; +https://openai.com/gptbot)"
74.7.227.52 - - [31/Mar/2026:02:11:22 -0400] "GET /products/054026813 HTTP/1.1" 403 0 "https://gpdl-bd.com/?sitemap428.xml" "Mozilla/5.0 AppleWebKit/537.36 (KHTML, like Gecko; compatible; GPTBot/1.3; +https://openai.com/gptbot)"
74.7.227.52 - - [31/Mar/2026:02:11:24 -0400] "GET /products/148017953 HTTP/1.1" 403 0 "https://gpdl-bd.com/?sitemap428.xml" "Mozilla/5.0 AppleWebKit/537.36 (KHTML, like Gecko; compatible; GPTBot/1.3; +https://openai.com/gptbot)"
74.7.227.52 - - [31/Mar/2026:02:11:26 -0400] "GET /products/173025396 HTTP/1.1" 403 0 "https://gpdl-bd.com/?sitemap428.xml" "Mozilla/5.0 AppleWebKit/537.36 (KHTML, like Gecko; compatible; GPTBot/1.3; +https://openai.com/gptbot)"
74.7.227.52 - - [31/Mar/2026:02:11:29 -0400] "GET /products/215009468 HTTP/1.1" 403 0 "https://gpdl-bd.com/?sitemap605.xml" "Mozilla/5.0 AppleWebKit/537.36 (KHTML, like Gecko; compatible; GPTBot/1.3; +https://openai.com/gptbot)"
74.7.227.52 - - [31/Mar/2026:02:11:31 -0400] "GET /products/186034265 HTTP/1.1" 403 0 "https://gpdl-bd.com/?sitemap605.xml" "Mozilla/5.0 AppleWebKit/537.36 (KHTML, like Gecko; compatible; GPTBot/1.3; +https://openai.com/gptbot)"
74.7.227.52 - - [31/Mar/2026:02:11:33 -0400] "GET /products/231017964 HTTP/1.1" 403 0 "https://gpdl-bd.com/?sitemap428.xml" "Mozilla/5.0 AppleWebKit/537.36 (KHTML, like Gecko; compatible; GPTBot/1.3; +https://openai.com/gptbot)"
74.7.227.52 - - [31/Mar/2026:02:11:38 -0400] "GET /products/256048339 HTTP/1.1" 403 0 "https://gpdl-bd.com/?sitemap906.xml" "Mozilla/5.0 AppleWebKit/537.36 (KHTML, like Gecko; compatible; GPTBot/1.3; +https://openai.com/gptbot)"
74.7.227.52 - - [31/Mar/2026:02:11:39 -0400] "GET /products/269015304 HTTP/1.1" 403 0 "https://gpdl-bd.com/?sitemap428.xml" "Mozilla/5.0 AppleWebKit/537.36 (KHTML, like Gecko; compatible; GPTBot/1.3; +https://openai.com/gptbot)"
74.7.227.52 - - [31/Mar/2026:02:11:41 -0400] "GET /products/218034519 HTTP/1.1" 403 0 "https://gpdl-bd.com/?sitemap428.xml" "Mozilla/5.0 AppleWebKit/537.36 (KHTML, like Gecko; compatible; GPTBot/1.3; +https://openai.com/gptbot)"
74.7.227.52 - - [31/Mar/2026:02:11:43 -0400] "GET /products/258009417 HTTP/1.1" 403 0 "https://gpdl-bd.com/?sitemap605.xml" "Mozilla/5.0 AppleWebKit/537.36 (KHTML, like Gecko; compatible; GPTBot/1.3; +https://openai.com/gptbot)"
74.7.227.52 - - [31/Mar/2026:02:11:45 -0400] "GET /products/173045386 HTTP/1.1" 403 0 "https://gpdl-bd.com/?sitemap906.xml" "Mozilla/5.0 AppleWebKit/537.36 (KHTML, like Gecko; compatible; GPTBot/1.3; +https://openai.com/gptbot)"
74.7.227.52 - - [31/Mar/2026:02:11:47 -0400] "GET /products/297034850 HTTP/1.1" 403 0 "https://gpdl-bd.com/?sitemap906.xml" "Mozilla/5.0 AppleWebKit/537.36 (KHTML, like Gecko; compatible; GPTBot/1.3; +https://openai.com/gptbot)"
74.7.227.52 - - [31/Mar/2026:02:11:49 -0400] "GET /products/248046931 HTTP/1.1" 403 0 "https://gpdl-bd.com/?sitemap605.xml" "Mozilla/5.0 AppleWebKit/537.36 (KHTML, like Gecko; compatible; GPTBot/1.3; +https://openai.com/gptbot)"
74.7.227.52 - - [31/Mar/2026:02:11:51 -0400] "GET /products/267031496 HTTP/1.1" 403 0 "https://gpdl-bd.com/?sitemap428.xml" "Mozilla/5.0 AppleWebKit/537.36 (KHTML, like Gecko; compatible; GPTBot/1.3; +https://openai.com/gptbot)"
74.7.227.52 - - [31/Mar/2026:02:11:54 -0400] "GET /products/118025379 HTTP/1.1" 403 0 "https://gpdl-bd.com/?sitemap605.xml" "Mozilla/5.0 AppleWebKit/537.36 (KHTML, like Gecko; compatible; GPTBot/1.3; +https://openai.com/gptbot)"
74.7.227.52 - - [31/Mar/2026:02:11:55 -0400] "GET /products/199035286 HTTP/1.1" 403 0 "https://gpdl-bd.com/?sitemap428.xml" "Mozilla/5.0 AppleWebKit/537.36 (KHTML, like Gecko; compatible; GPTBot/1.3; +https://openai.com/gptbot)"
74.7.227.52 - - [31/Mar/2026:02:11:57 -0400] "GET /products/098045261 HTTP/1.1" 403 0 "https://gpdl-bd.com/?sitemap428.xml" "Mozilla/5.0 AppleWebKit/537.36 (KHTML, like Gecko; compatible; GPTBot/1.3; +https://openai.com/gptbot)"
74.7.227.52 - - [31/Mar/2026:02:12:00 -0400] "GET /products/209041736 HTTP/1.1" 403 0 "https://gpdl-bd.com/?sitemap906.xml" "Mozilla/5.0 AppleWebKit/537.36 (KHTML, like Gecko; compatible; GPTBot/1.3; +https://openai.com/gptbot)"
74.7.227.52 - - [31/Mar/2026:02:12:01 -0400] "GET /products/234035867 HTTP/1.1" 403 0 "https://gpdl-bd.com/?sitemap605.xml" "Mozilla/5.0 AppleWebKit/537.36 (KHTML, like Gecko; compatible; GPTBot/1.3; +https://openai.com/gptbot)"
74.7.227.52 - - [31/Mar/2026:02:12:03 -0400] "GET /products/134026825 HTTP/1.1" 403 0 "https://gpdl-bd.com/?sitemap605.xml" "Mozilla/5.0 AppleWebKit/537.36 (KHTML, like Gecko; compatible; GPTBot/1.3; +https://openai.com/gptbot)"
74.7.227.52 - - [31/Mar/2026:02:12:05 -0400] "GET /products/037015284 HTTP/1.1" 403 0 "https://gpdl-bd.com/?sitemap428.xml" "Mozilla/5.0 AppleWebKit/537.36 (KHTML, like Gecko; compatible; GPTBot/1.3; +https://openai.com/gptbot)"
74.7.227.52 - - [31/Mar/2026:02:12:07 -0400] "GET /products/296013887 HTTP/1.1" 403 0 "https://gpdl-bd.com/?sitemap428.xml" "Mozilla/5.0 AppleWebKit/537.36 (KHTML, like Gecko; compatible; GPTBot/1.3; +https://openai.com/gptbot)"
74.7.227.52 - - [31/Mar/2026:02:12:09 -0400] "GET /products/216004859 HTTP/1.1" 403 0 "https://gpdl-bd.com/?sitemap906.xml" "Mozilla/5.0 AppleWebKit/537.36 (KHTML, like Gecko; compatible; GPTBot/1.3; +https://openai.com/gptbot)"
74.7.227.52 - - [31/Mar/2026:02:12:12 -0400] "GET /products/173029658 HTTP/1.1" 403 0 "https://gpdl-bd.com/?sitemap605.xml" "Mozilla/5.0 AppleWebKit/537.36 (KHTML, like Gecko; compatible; GPTBot/1.3; +https://openai.com/gptbot)"
74.7.227.52 - - [31/Mar/2026:02:12:14 -0400] "GET /products/128036941 HTTP/1.1" 403 0 "https://gpdl-bd.com/?sitemap906.xml" "Mozilla/5.0 AppleWebKit/537.36 (KHTML, like Gecko; compatible; GPTBot/1.3; +https://openai.com/gptbot)"
74.7.227.52 - - [31/Mar/2026:02:12:16 -0400] "GET /products/275019868 HTTP/1.1" 403 0 "https://gpdl-bd.com/?sitemap906.xml" "Mozilla/5.0 AppleWebKit/537.36 (KHTML, like Gecko; compatible; GPTBot/1.3; +https://openai.com/gptbot)"
74.7.227.52 - - [31/Mar/2026:02:12:19 -0400] "GET /products/208016953 HTTP/1.1" 403 0 "https://gpdl-bd.com/?sitemap605.xml" "Mozilla/5.0 AppleWebKit/537.36 (KHTML, like Gecko; compatible; GPTBot/1.3; +https://openai.com/gptbot)"
74.7.227.52 - - [31/Mar/2026:02:12:20 -0400] "GET /products/219042638 HTTP/1.1" 403 0 "https://gpdl-bd.com/?sitemap906.xml" "Mozilla/5.0 AppleWebKit/537.36 (KHTML, like Gecko; compatible; GPTBot/1.3; +https://openai.com/gptbot)"
74.7.227.52 - - [31/Mar/2026:02:12:22 -0400] "GET /products/258041967 HTTP/1.1" 403 0 "https://gpdl-bd.com/?sitemap605.xml" "Mozilla/5.0 AppleWebKit/537.36 (KHTML, like Gecko; compatible; GPTBot/1.3; +https://openai.com/gptbot)"
74.7.227.52 - - [31/Mar/2026:02:12:25 -0400] "GET /products/196037547 HTTP/1.1" 403 0 "https://gpdl-bd.com/?sitemap906.xml" "Mozilla/5.0 AppleWebKit/537.36 (KHTML, like Gecko; compatible; GPTBot/1.3; +https://openai.com/gptbot)"
74.7.227.52 - - [31/Mar/2026:02:12:26 -0400] "GET /products/176043859 HTTP/1.1" 403 0 "https://gpdl-bd.com/?sitemap906.xml" "Mozilla/5.0 AppleWebKit/537.36 (KHTML, like Gecko; compatible; GPTBot/1.3; +https://openai.com/gptbot)"
74.7.227.52 - - [31/Mar/2026:02:12:28 -0400] "GET /products/074031625 HTTP/1.1" 403 0 "https://gpdl-bd.com/?sitemap605.xml" "Mozilla/5.0 AppleWebKit/537.36 (KHTML, like Gecko; compatible; GPTBot/1.3; +https://openai.com/gptbot)"
74.7.227.52 - - [31/Mar/2026:02:12:31 -0400] "GET /products/209043718 HTTP/1.1" 403 0 "https://gpdl-bd.com/?sitemap906.xml" "Mozilla/5.0 AppleWebKit/537.36 (KHTML, like Gecko; compatible; GPTBot/1.3; +https://openai.com/gptbot)"
74.7.227.52 - - [31/Mar/2026:02:12:33 -0400] "GET /products/266013597 HTTP/1.1" 403 0 "https://gpdl-bd.com/?sitemap605.xml" "Mozilla/5.0 AppleWebKit/537.36 (KHTML, like Gecko; compatible; GPTBot/1.3; +https://openai.com/gptbot)"
74.7.227.52 - - [31/Mar/2026:02:12:35 -0400] "GET /products/281038576 HTTP/1.1" 403 0 "https://gpdl-bd.com/?sitemap906.xml" "Mozilla/5.0 AppleWebKit/537.36 (KHTML, like Gecko; compatible; GPTBot/1.3; +https://openai.com/gptbot)"
74.7.227.52 - - [31/Mar/2026:02:12:37 -0400] "GET /products/278014453 HTTP/1.1" 403 0 "https://gpdl-bd.com/?sitemap428.xml" "Mozilla/5.0 AppleWebKit/537.36 (KHTML, like Gecko; compatible; GPTBot/1.3; +https://openai.com/gptbot)"
74.7.227.52 - - [31/Mar/2026:02:12:39 -0400] "GET /products/106032895 HTTP/1.1" 403 0 "https://gpdl-bd.com/?sitemap428.xml" "Mozilla/5.0 AppleWebKit/537.36 (KHTML, like Gecko; compatible; GPTBot/1.3; +https://openai.com/gptbot)"
74.7.227.52 - - [31/Mar/2026:02:12:42 -0400] "GET /products/275048130 HTTP/1.1" 403 0 "https://gpdl-bd.com/?sitemap605.xml" "Mozilla/5.0 AppleWebKit/537.36 (KHTML, like Gecko; compatible; GPTBot/1.3; +https://openai.com/gptbot)"
74.7.227.52 - - [31/Mar/2026:02:12:43 -0400] "GET /products/210034769 HTTP/1.1" 403 0 "https://gpdl-bd.com/?sitemap428.xml" "Mozilla/5.0 AppleWebKit/537.36 (KHTML, like Gecko; compatible; GPTBot/1.3; +https://openai.com/gptbot)"
74.7.227.52 - - [31/Mar/2026:02:12:45 -0400] "GET /products/165017942 HTTP/1.1" 403 0 "https://gpdl-bd.com/?sitemap906.xml" "Mozilla/5.0 AppleWebKit/537.36 (KHTML, like Gecko; compatible; GPTBot/1.3; +https://openai.com/gptbot)"
74.7.227.52 - - [31/Mar/2026:02:12:47 -0400] "GET /products/179023406 HTTP/1.1" 403 0 "https://gpdl-bd.com/?sitemap428.xml" "Mozilla/5.0 AppleWebKit/537.36 (KHTML, like Gecko; compatible; GPTBot/1.3; +https://openai.com/gptbot)"
74.7.227.52 - - [31/Mar/2026:02:12:49 -0400] "GET /products/258034069 HTTP/1.1" 403 0 "https://gpdl-bd.com/?sitemap906.xml" "Mozilla/5.0 AppleWebKit/537.36 (KHTML, like Gecko; compatible; GPTBot/1.3; +https://openai.com/gptbot)"
74.7.227.52 - - [31/Mar/2026:02:12:51 -0400] "GET /products/169028654 HTTP/1.1" 403 0 "https://gpdl-bd.com/?sitemap906.xml" "Mozilla/5.0 AppleWebKit/537.36 (KHTML, like Gecko; compatible; GPTBot/1.3; +https://openai.com/gptbot)"
74.7.227.52 - - [31/Mar/2026:02:12:53 -0400] "GET /products/237017954 HTTP/1.1" 403 0 "https://gpdl-bd.com/?sitemap605.xml" "Mozilla/5.0 AppleWebKit/537.36 (KHTML, like Gecko; compatible; GPTBot/1.3; +https://openai.com/gptbot)"
74.7.227.52 - - [31/Mar/2026:02:12:55 -0400] "GET /products/049035812 HTTP/1.1" 403 0 "https://gpdl-bd.com/?sitemap605.xml" "Mozilla/5.0 AppleWebKit/537.36 (KHTML, like Gecko; compatible; GPTBot/1.3; +https://openai.com/gptbot)"
74.7.227.52 - - [31/Mar/2026:02:12:58 -0400] "GET /products/194027553 HTTP/1.1" 403 0 "https://gpdl-bd.com/?sitemap906.xml" "Mozilla/5.0 AppleWebKit/537.36 (KHTML, like Gecko; compatible; GPTBot/1.3; +https://openai.com/gptbot)"
74.7.227.52 - - [31/Mar/2026:02:13:00 -0400] "GET /products/104032859 HTTP/1.1" 403 0 "https://gpdl-bd.com/?sitemap605.xml" "Mozilla/5.0 AppleWebKit/537.36 (KHTML, like Gecko; compatible; GPTBot/1.3; +https://openai.com/gptbot)"
74.7.227.52 - - [31/Mar/2026:02:13:02 -0400] "GET /products/165036792 HTTP/1.1" 403 0 "https://gpdl-bd.com/?sitemap428.xml" "Mozilla/5.0 AppleWebKit/537.36 (KHTML, like Gecko; compatible; GPTBot/1.3; +https://openai.com/gptbot)"
74.7.227.52 - - [31/Mar/2026:02:13:04 -0400] "GET /products/127040396 HTTP/1.1" 403 0 "https://gpdl-bd.com/?sitemap605.xml" "Mozilla/5.0 AppleWebKit/537.36 (KHTML, like Gecko; compatible; GPTBot/1.3; +https://openai.com/gptbot)"
74.7.227.52 - - [31/Mar/2026:02:13:05 -0400] "GET /products/178023497 HTTP/1.1" 403 0 "https://gpdl-bd.com/?sitemap428.xml" "Mozilla/5.0 AppleWebKit/537.36 (KHTML, like Gecko; compatible; GPTBot/1.3; +https://openai.com/gptbot)"
74.7.227.52 - - [31/Mar/2026:02:13:08 -0400] "GET /products/268023175 HTTP/1.1" 403 0 "https://gpdl-bd.com/?sitemap428.xml" "Mozilla/5.0 AppleWebKit/537.36 (KHTML, like Gecko; compatible; GPTBot/1.3; +https://openai.com/gptbot)"
66.249.77.33 - - [31/Mar/2026:02:13:09 -0400] "GET /?detail/018035148227 HTTP/1.1" 200 24376 "-" "Mozilla/5.0 (Linux; Android 6.0.1; Nexus 5X Build/MMB29P) AppleWebKit/537.36 (KHTML, like Gecko) Chrome/146.0.7680.153 Mobile Safari/537.36 (compatible; Googlebot/2.1; +http://www.google.com/bot.html)"
74.7.227.52 - - [31/Mar/2026:02:13:10 -0400] "GET /products/254016989 HTTP/1.1" 403 0 "https://gpdl-bd.com/?sitemap605.xml" "Mozilla/5.0 AppleWebKit/537.36 (KHTML, like Gecko; compatible; GPTBot/1.3; +https://openai.com/gptbot)"
74.7.227.52 - - [31/Mar/2026:02:13:12 -0400] "GET /products/186035245 HTTP/1.1" 403 0 "https://gpdl-bd.com/?sitemap428.xml" "Mozilla/5.0 AppleWebKit/537.36 (KHTML, like Gecko; compatible; GPTBot/1.3; +https://openai.com/gptbot)"
74.7.227.52 - - [31/Mar/2026:02:13:14 -0400] "GET /products/176044523 HTTP/1.1" 403 0 "https://gpdl-bd.com/?sitemap906.xml" "Mozilla/5.0 AppleWebKit/537.36 (KHTML, like Gecko; compatible; GPTBot/1.3; +https://openai.com/gptbot)"
74.7.227.52 - - [31/Mar/2026:02:13:16 -0400] "GET /products/148039215 HTTP/1.1" 403 0 "https://gpdl-bd.com/?sitemap605.xml" "Mozilla/5.0 AppleWebKit/537.36 (KHTML, like Gecko; compatible; GPTBot/1.3; +https://openai.com/gptbot)"
74.7.227.52 - - [31/Mar/2026:02:13:18 -0400] "GET /products/156017389 HTTP/1.1" 403 0 "https://gpdl-bd.com/?sitemap605.xml" "Mozilla/5.0 AppleWebKit/537.36 (KHTML, like Gecko; compatible; GPTBot/1.3; +https://openai.com/gptbot)"
74.7.227.52 - - [31/Mar/2026:02:13:20 -0400] "GET /products/098026731 HTTP/1.1" 403 0 "https://gpdl-bd.com/?sitemap428.xml" "Mozilla/5.0 AppleWebKit/537.36 (KHTML, like Gecko; compatible; GPTBot/1.3; +https://openai.com/gptbot)"
74.7.227.52 - - [31/Mar/2026:02:13:22 -0400] "GET /products/256017469 HTTP/1.1" 403 0 "https://gpdl-bd.com/?sitemap428.xml" "Mozilla/5.0 AppleWebKit/537.36 (KHTML, like Gecko; compatible; GPTBot/1.3; +https://openai.com/gptbot)"
74.7.227.52 - - [31/Mar/2026:02:13:24 -0400] "GET /products/217036548 HTTP/1.1" 403 0 "https://gpdl-bd.com/?sitemap428.xml" "Mozilla/5.0 AppleWebKit/537.36 (KHTML, like Gecko; compatible; GPTBot/1.3; +https://openai.com/gptbot)"
74.7.227.52 - - [31/Mar/2026:02:13:27 -0400] "GET /products/192038507 HTTP/1.1" 403 0 "https://gpdl-bd.com/?sitemap906.xml" "Mozilla/5.0 AppleWebKit/537.36 (KHTML, like Gecko; compatible; GPTBot/1.3; +https://openai.com/gptbot)"
74.7.227.52 - - [31/Mar/2026:02:13:31 -0400] "GET /products/175036024 HTTP/1.1" 403 0 "https://gpdl-bd.com/?sitemap605.xml" "Mozilla/5.0 AppleWebKit/537.36 (KHTML, like Gecko; compatible; GPTBot/1.3; +https://openai.com/gptbot)"
74.7.227.52 - - [31/Mar/2026:02:13:31 -0400] "GET /products/239028546 HTTP/1.1" 403 0 "https://gpdl-bd.com/?sitemap428.xml" "Mozilla/5.0 AppleWebKit/537.36 (KHTML, like Gecko; compatible; GPTBot/1.3; +https://openai.com/gptbot)"
74.7.227.52 - - [31/Mar/2026:02:13:33 -0400] "GET /products/187034258 HTTP/1.1" 403 0 "https://gpdl-bd.com/?sitemap605.xml" "Mozilla/5.0 AppleWebKit/537.36 (KHTML, like Gecko; compatible; GPTBot/1.3; +https://openai.com/gptbot)"
74.7.227.52 - - [31/Mar/2026:02:13:38 -0400] "GET /products/296043185 HTTP/1.1" 403 0 "https://gpdl-bd.com/?sitemap605.xml" "Mozilla/5.0 AppleWebKit/537.36 (KHTML, like Gecko; compatible; GPTBot/1.3; +https://openai.com/gptbot)"
74.7.227.52 - - [31/Mar/2026:02:13:38 -0400] "GET /products/228045719 HTTP/1.1" 403 0 "https://gpdl-bd.com/?sitemap605.xml" "Mozilla/5.0 AppleWebKit/537.36 (KHTML, like Gecko; compatible; GPTBot/1.3; +https://openai.com/gptbot)"
74.7.227.52 - - [31/Mar/2026:02:13:40 -0400] "GET /products/294035711 HTTP/1.1" 403 0 "https://gpdl-bd.com/?sitemap605.xml" "Mozilla/5.0 AppleWebKit/537.36 (KHTML, like Gecko; compatible; GPTBot/1.3; +https://openai.com/gptbot)"
74.7.227.52 - - [31/Mar/2026:02:13:43 -0400] "GET /products/135027784 HTTP/1.1" 403 0 "https://gpdl-bd.com/?sitemap906.xml" "Mozilla/5.0 AppleWebKit/537.36 (KHTML, like Gecko; compatible; GPTBot/1.3; +https://openai.com/gptbot)"
74.7.227.52 - - [31/Mar/2026:02:13:46 -0400] "GET /products/295017478 HTTP/1.1" 403 0 "https://gpdl-bd.com/?sitemap605.xml" "Mozilla/5.0 AppleWebKit/537.36 (KHTML, like Gecko; compatible; GPTBot/1.3; +https://openai.com/gptbot)"
74.7.227.52 - - [31/Mar/2026:02:13:46 -0400] "GET /products/164038591 HTTP/1.1" 403 0 "https://gpdl-bd.com/?sitemap906.xml" "Mozilla/5.0 AppleWebKit/537.36 (KHTML, like Gecko; compatible; GPTBot/1.3; +https://openai.com/gptbot)"
74.7.227.52 - - [31/Mar/2026:02:13:49 -0400] "GET /products/134029795 HTTP/1.1" 403 0 "https://gpdl-bd.com/?sitemap906.xml" "Mozilla/5.0 AppleWebKit/537.36 (KHTML, like Gecko; compatible; GPTBot/1.3; +https://openai.com/gptbot)"
74.7.227.52 - - [31/Mar/2026:02:13:51 -0400] "GET /products/159048370 HTTP/1.1" 403 0 "https://gpdl-bd.com/?sitemap605.xml" "Mozilla/5.0 AppleWebKit/537.36 (KHTML, like Gecko; compatible; GPTBot/1.3; +https://openai.com/gptbot)"
74.7.227.52 - - [31/Mar/2026:02:13:53 -0400] "GET /products/157024960 HTTP/1.1" 403 0 "https://gpdl-bd.com/?sitemap906.xml" "Mozilla/5.0 AppleWebKit/537.36 (KHTML, like Gecko; compatible; GPTBot/1.3; +https://openai.com/gptbot)"
66.249.77.42 - - [31/Mar/2026:02:13:54 -0400] "GET /?detail/1830011905481 HTTP/1.1" 200 23833 "-" "Mozilla/5.0 (Linux; Android 6.0.1; Nexus 5X Build/MMB29P) AppleWebKit/537.36 (KHTML, like Gecko) Chrome/146.0.7680.153 Mobile Safari/537.36 (compatible; Googlebot/2.1; +http://www.google.com/bot.html)"
74.7.227.52 - - [31/Mar/2026:02:13:59 -0400] "GET /products/155046792 HTTP/1.1" 403 0 "https://gpdl-bd.com/?sitemap906.xml" "Mozilla/5.0 AppleWebKit/537.36 (KHTML, like Gecko; compatible; GPTBot/1.3; +https://openai.com/gptbot)"
74.7.227.52 - - [31/Mar/2026:02:13:59 -0400] "GET /products/298016413 HTTP/1.1" 403 0 "https://gpdl-bd.com/?sitemap906.xml" "Mozilla/5.0 AppleWebKit/537.36 (KHTML, like Gecko; compatible; GPTBot/1.3; +https://openai.com/gptbot)"
74.7.227.52 - - [31/Mar/2026:02:14:01 -0400] "GET /products/142039585 HTTP/1.1" 403 0 "https://gpdl-bd.com/?sitemap428.xml" "Mozilla/5.0 AppleWebKit/537.36 (KHTML, like Gecko; compatible; GPTBot/1.3; +https://openai.com/gptbot)"
74.7.227.52 - - [31/Mar/2026:02:14:04 -0400] "GET /products/196017853 HTTP/1.1" 403 0 "https://gpdl-bd.com/?sitemap605.xml" "Mozilla/5.0 AppleWebKit/537.36 (KHTML, like Gecko; compatible; GPTBot/1.3; +https://openai.com/gptbot)"
74.7.227.52 - - [31/Mar/2026:02:14:09 -0400] "GET /products/214038587 HTTP/1.1" 403 0 "https://gpdl-bd.com/?sitemap605.xml" "Mozilla/5.0 AppleWebKit/537.36 (KHTML, like Gecko; compatible; GPTBot/1.3; +https://openai.com/gptbot)"
74.7.227.52 - - [31/Mar/2026:02:14:09 -0400] "GET /products/196015837 HTTP/1.1" 403 0 "https://gpdl-bd.com/?sitemap906.xml" "Mozilla/5.0 AppleWebKit/537.36 (KHTML, like Gecko; compatible; GPTBot/1.3; +https://openai.com/gptbot)"
74.7.227.52 - - [31/Mar/2026:02:14:12 -0400] "GET /products/225019348 HTTP/1.1" 403 0 "https://gpdl-bd.com/?sitemap605.xml" "Mozilla/5.0 AppleWebKit/537.36 (KHTML, like Gecko; compatible; GPTBot/1.3; +https://openai.com/gptbot)"
74.7.227.52 - - [31/Mar/2026:02:14:13 -0400] "GET /products/289035618 HTTP/1.1" 403 0 "https://gpdl-bd.com/?sitemap428.xml" "Mozilla/5.0 AppleWebKit/537.36 (KHTML, like Gecko; compatible; GPTBot/1.3; +https://openai.com/gptbot)"
74.7.227.52 - - [31/Mar/2026:02:14:16 -0400] "GET /products/145002698 HTTP/1.1" 403 0 "https://gpdl-bd.com/?sitemap605.xml" "Mozilla/5.0 AppleWebKit/537.36 (KHTML, like Gecko; compatible; GPTBot/1.3; +https://openai.com/gptbot)"
74.7.227.52 - - [31/Mar/2026:02:14:18 -0400] "GET /products/286046359 HTTP/1.1" 403 0 "https://gpdl-bd.com/?sitemap428.xml" "Mozilla/5.0 AppleWebKit/537.36 (KHTML, like Gecko; compatible; GPTBot/1.3; +https://openai.com/gptbot)"
74.7.227.52 - - [31/Mar/2026:02:14:22 -0400] "GET /products/225034986 HTTP/1.1" 403 0 "https://gpdl-bd.com/?sitemap605.xml" "Mozilla/5.0 AppleWebKit/537.36 (KHTML, like Gecko; compatible; GPTBot/1.3; +https://openai.com/gptbot)"
83.53.157.15 - - [31/Mar/2026:02:14:22 -0400] "GET /products/109007408 HTTP/1.1" 200 7203 "https://gpdl-bd.com/?sitemap605.xml" "Mozilla/5.0 (Linux; Android 9; MI 9 Build/PKQ1.181121.001; wv) AppleWebKit/537.36 (KHTML, like Gecko) Version/4.0 Chrome/68.0.3137.42 Mobile Safari/537.36 LieBaoFast/5.10.1"
74.7.227.52 - - [31/Mar/2026:02:14:23 -0400] "GET /products/062043179 HTTP/1.1" 403 0 "https://gpdl-bd.com/?sitemap906.xml" "Mozilla/5.0 AppleWebKit/537.36 (KHTML, like Gecko; compatible; GPTBot/1.3; +https://openai.com/gptbot)"
74.7.227.52 - - [31/Mar/2026:02:14:24 -0400] "GET /products/296043557 HTTP/1.1" 403 0 "https://gpdl-bd.com/?sitemap605.xml" "Mozilla/5.0 AppleWebKit/537.36 (KHTML, like Gecko; compatible; GPTBot/1.3; +https://openai.com/gptbot)"
74.7.227.52 - - [31/Mar/2026:02:14:27 -0400] "GET /products/284015337 HTTP/1.1" 403 0 "https://gpdl-bd.com/?sitemap428.xml" "Mozilla/5.0 AppleWebKit/537.36 (KHTML, like Gecko; compatible; GPTBot/1.3; +https://openai.com/gptbot)"
74.7.227.52 - - [31/Mar/2026:02:14:28 -0400] "GET /products/256018427 HTTP/1.1" 403 0 "https://gpdl-bd.com/?sitemap428.xml" "Mozilla/5.0 AppleWebKit/537.36 (KHTML, like Gecko; compatible; GPTBot/1.3; +https://openai.com/gptbot)"
74.7.227.52 - - [31/Mar/2026:02:14:31 -0400] "GET /products/158007239 HTTP/1.1" 403 0 "https://gpdl-bd.com/?sitemap605.xml" "Mozilla/5.0 AppleWebKit/537.36 (KHTML, like Gecko; compatible; GPTBot/1.3; +https://openai.com/gptbot)"
74.7.227.52 - - [31/Mar/2026:02:14:33 -0400] "GET /products/125013748 HTTP/1.1" 403 0 "https://gpdl-bd.com/?sitemap428.xml" "Mozilla/5.0 AppleWebKit/537.36 (KHTML, like Gecko; compatible; GPTBot/1.3; +https://openai.com/gptbot)"
66.249.77.33 - - [31/Mar/2026:02:14:34 -0400] "GET /?detail/019010692163 HTTP/1.1" 200 23137 "-" "Mozilla/5.0 (Linux; Android 6.0.1; Nexus 5X Build/MMB29P) AppleWebKit/537.36 (KHTML, like Gecko) Chrome/146.0.7680.153 Mobile Safari/537.36 (compatible; GoogleOther)"
74.7.227.52 - - [31/Mar/2026:02:14:35 -0400] "GET /products/152036469 HTTP/1.1" 403 0 "https://gpdl-bd.com/?sitemap605.xml" "Mozilla/5.0 AppleWebKit/537.36 (KHTML, like Gecko; compatible; GPTBot/1.3; +https://openai.com/gptbot)"
74.7.227.52 - - [31/Mar/2026:02:14:37 -0400] "GET /products/124049567 HTTP/1.1" 403 0 "https://gpdl-bd.com/?sitemap428.xml" "Mozilla/5.0 AppleWebKit/537.36 (KHTML, like Gecko; compatible; GPTBot/1.3; +https://openai.com/gptbot)"
74.7.227.52 - - [31/Mar/2026:02:14:39 -0400] "GET /products/285043696 HTTP/1.1" 403 0 "https://gpdl-bd.com/?sitemap906.xml" "Mozilla/5.0 AppleWebKit/537.36 (KHTML, like Gecko; compatible; GPTBot/1.3; +https://openai.com/gptbot)"
74.7.227.52 - - [31/Mar/2026:02:14:42 -0400] "GET /products/138027951 HTTP/1.1" 403 0 "https://gpdl-bd.com/?sitemap428.xml" "Mozilla/5.0 AppleWebKit/537.36 (KHTML, like Gecko; compatible; GPTBot/1.3; +https://openai.com/gptbot)"
74.7.227.52 - - [31/Mar/2026:02:14:43 -0400] "GET /products/197021348 HTTP/1.1" 403 0 "https://gpdl-bd.com/?sitemap428.xml" "Mozilla/5.0 AppleWebKit/537.36 (KHTML, like Gecko; compatible; GPTBot/1.3; +https://openai.com/gptbot)"
74.7.227.52 - - [31/Mar/2026:02:14:45 -0400] "GET /products/295015376 HTTP/1.1" 403 0 "https://gpdl-bd.com/?sitemap906.xml" "Mozilla/5.0 AppleWebKit/537.36 (KHTML, like Gecko; compatible; GPTBot/1.3; +https://openai.com/gptbot)"
74.7.227.52 - - [31/Mar/2026:02:14:47 -0400] "GET /products/043027958 HTTP/1.1" 403 0 "https://gpdl-bd.com/?sitemap906.xml" "Mozilla/5.0 AppleWebKit/537.36 (KHTML, like Gecko; compatible; GPTBot/1.3; +https://openai.com/gptbot)"
74.7.227.52 - - [31/Mar/2026:02:14:49 -0400] "GET /products/264030581 HTTP/1.1" 403 0 "https://gpdl-bd.com/?sitemap428.xml" "Mozilla/5.0 AppleWebKit/537.36 (KHTML, like Gecko; compatible; GPTBot/1.3; +https://openai.com/gptbot)"
74.7.227.52 - - [31/Mar/2026:02:14:53 -0400] "GET /products/174025973 HTTP/1.1" 403 0 "https://gpdl-bd.com/?sitemap428.xml" "Mozilla/5.0 AppleWebKit/537.36 (KHTML, like Gecko; compatible; GPTBot/1.3; +https://openai.com/gptbot)"
74.7.227.52 - - [31/Mar/2026:02:14:54 -0400] "GET /products/254018977 HTTP/1.1" 403 0 "https://gpdl-bd.com/?sitemap428.xml" "Mozilla/5.0 AppleWebKit/537.36 (KHTML, like Gecko; compatible; GPTBot/1.3; +https://openai.com/gptbot)"
74.7.227.52 - - [31/Mar/2026:02:14:56 -0400] "GET /products/296005843 HTTP/1.1" 403 0 "https://gpdl-bd.com/?sitemap906.xml" "Mozilla/5.0 AppleWebKit/537.36 (KHTML, like Gecko; compatible; GPTBot/1.3; +https://openai.com/gptbot)"
74.7.227.52 - - [31/Mar/2026:02:14:58 -0400] "GET /products/197042380 HTTP/1.1" 403 0 "https://gpdl-bd.com/?sitemap428.xml" "Mozilla/5.0 AppleWebKit/537.36 (KHTML, like Gecko; compatible; GPTBot/1.3; +https://openai.com/gptbot)"
74.7.227.52 - - [31/Mar/2026:02:15:06 -0400] "GET /products/076041825 HTTP/1.1" 403 0 "https://gpdl-bd.com/?sitemap428.xml" "Mozilla/5.0 AppleWebKit/537.36 (KHTML, like Gecko; compatible; GPTBot/1.3; +https://openai.com/gptbot)"
74.7.227.52 - - [31/Mar/2026:02:15:11 -0400] "GET /products/181045160 HTTP/1.1" 403 0 "https://gpdl-bd.com/?sitemap906.xml" "Mozilla/5.0 AppleWebKit/537.36 (KHTML, like Gecko; compatible; GPTBot/1.3; +https://openai.com/gptbot)"
74.7.227.52 - - [31/Mar/2026:02:15:17 -0400] "GET /products/050048145 HTTP/1.1" 403 0 "https://gpdl-bd.com/?sitemap906.xml" "Mozilla/5.0 AppleWebKit/537.36 (KHTML, like Gecko; compatible; GPTBot/1.3; +https://openai.com/gptbot)"
74.7.227.52 - - [31/Mar/2026:02:15:22 -0400] "GET /products/149039914 HTTP/1.1" 403 0 "https://gpdl-bd.com/?sitemap906.xml" "Mozilla/5.0 AppleWebKit/537.36 (KHTML, like Gecko; compatible; GPTBot/1.3; +https://openai.com/gptbot)"
74.7.227.52 - - [31/Mar/2026:02:15:25 -0400] "GET /products/299026648 HTTP/1.1" 403 0 "https://gpdl-bd.com/?sitemap428.xml" "Mozilla/5.0 AppleWebKit/537.36 (KHTML, like Gecko; compatible; GPTBot/1.3; +https://openai.com/gptbot)"
74.7.227.52 - - [31/Mar/2026:02:15:25 -0400] "GET /products/219040330 HTTP/1.1" 403 0 "https://gpdl-bd.com/?sitemap428.xml" "Mozilla/5.0 AppleWebKit/537.36 (KHTML, like Gecko; compatible; GPTBot/1.3; +https://openai.com/gptbot)"
74.7.227.52 - - [31/Mar/2026:02:15:30 -0400] "GET /products/248029803 HTTP/1.1" 403 0 "https://gpdl-bd.com/?sitemap906.xml" "Mozilla/5.0 AppleWebKit/537.36 (KHTML, like Gecko; compatible; GPTBot/1.3; +https://openai.com/gptbot)"
74.7.227.52 - - [31/Mar/2026:02:15:34 -0400] "GET /products/297040680 HTTP/1.1" 403 0 "https://gpdl-bd.com/?sitemap906.xml" "Mozilla/5.0 AppleWebKit/537.36 (KHTML, like Gecko; compatible; GPTBot/1.3; +https://openai.com/gptbot)"
74.7.227.52 - - [31/Mar/2026:02:15:41 -0400] "GET /products/103045980 HTTP/1.1" 403 0 "https://gpdl-bd.com/?sitemap906.xml" "Mozilla/5.0 AppleWebKit/537.36 (KHTML, like Gecko; compatible; GPTBot/1.3; +https://openai.com/gptbot)"
74.7.227.52 - - [31/Mar/2026:02:15:44 -0400] "GET /products/071006712 HTTP/1.1" 403 0 "https://gpdl-bd.com/?sitemap605.xml" "Mozilla/5.0 AppleWebKit/537.36 (KHTML, like Gecko; compatible; GPTBot/1.3; +https://openai.com/gptbot)"
74.7.227.52 - - [31/Mar/2026:02:15:46 -0400] "GET /products/089018566 HTTP/1.1" 403 0 "https://gpdl-bd.com/?sitemap605.xml" "Mozilla/5.0 AppleWebKit/537.36 (KHTML, like Gecko; compatible; GPTBot/1.3; +https://openai.com/gptbot)"
74.7.227.52 - - [31/Mar/2026:02:15:47 -0400] "GET /products/171024486 HTTP/1.1" 403 0 "https://gpdl-bd.com/?sitemap428.xml" "Mozilla/5.0 AppleWebKit/537.36 (KHTML, like Gecko; compatible; GPTBot/1.3; +https://openai.com/gptbot)"
74.7.227.52 - - [31/Mar/2026:02:15:52 -0400] "GET /products/063047076 HTTP/1.1" 403 0 "https://gpdl-bd.com/?sitemap906.xml" "Mozilla/5.0 AppleWebKit/537.36 (KHTML, like Gecko; compatible; GPTBot/1.3; +https://openai.com/gptbot)"
74.7.227.52 - - [31/Mar/2026:02:15:53 -0400] "GET /products/245024288 HTTP/1.1" 403 0 "https://gpdl-bd.com/?sitemap428.xml" "Mozilla/5.0 AppleWebKit/537.36 (KHTML, like Gecko; compatible; GPTBot/1.3; +https://openai.com/gptbot)"
74.7.227.52 - - [31/Mar/2026:02:15:56 -0400] "GET /products/284024225 HTTP/1.1" 403 0 "https://gpdl-bd.com/?sitemap605.xml" "Mozilla/5.0 AppleWebKit/537.36 (KHTML, like Gecko; compatible; GPTBot/1.3; +https://openai.com/gptbot)"
74.125.218.42 - - [31/Mar/2026:02:15:57 -0400] "GET /?listing/9529367/ HTTP/1.1" 200 6003 "-" "Mozilla/5.0 (X11; Linux x86_64) AppleWebKit/537.36 (KHTML, like Gecko) Chrome/146.0.7680.153 Safari/537.36"
74.7.227.52 - - [31/Mar/2026:02:15:59 -0400] "GET /products/036040473 HTTP/1.1" 403 0 "https://gpdl-bd.com/?sitemap906.xml" "Mozilla/5.0 AppleWebKit/537.36 (KHTML, like Gecko; compatible; GPTBot/1.3; +https://openai.com/gptbot)"
74.7.227.52 - - [31/Mar/2026:02:16:02 -0400] "GET /products/246021529 HTTP/1.1" 403 0 "https://gpdl-bd.com/?sitemap428.xml" "Mozilla/5.0 AppleWebKit/537.36 (KHTML, like Gecko; compatible; GPTBot/1.3; +https://openai.com/gptbot)"
74.125.218.42 - - [31/Mar/2026:02:16:03 -0400] "GET /css/font-awesome.min.css HTTP/1.1" 200 11799 "https://gpdl-bd.com/?listing/9529367/" "Mozilla/5.0 (X11; Linux x86_64) AppleWebKit/537.36 (KHTML, like Gecko) Chrome/146.0.7680.153 Safari/537.36"
74.125.218.42 - - [31/Mar/2026:02:16:03 -0400] "GET /css/bootstrap.min.css HTTP/1.1" 200 20940 "https://gpdl-bd.com/?listing/9529367/" "Mozilla/5.0 (X11; Linux x86_64) AppleWebKit/537.36 (KHTML, like Gecko) Chrome/146.0.7680.153 Safari/537.36"
74.125.218.32 - - [31/Mar/2026:02:16:05 -0400] "GET /css/color.css HTTP/1.1" 200 392 "https://gpdl-bd.com/?listing/9529367/" "Mozilla/5.0 (X11; Linux x86_64) AppleWebKit/537.36 (KHTML, like Gecko) Chrome/146.0.7680.153 Safari/537.36"
74.125.218.42 - - [31/Mar/2026:02:16:07 -0400] "GET /css/jquery-ui.css HTTP/1.1" 200 7574 "https://gpdl-bd.com/?listing/9529367/" "Mozilla/5.0 (X11; Linux x86_64) AppleWebKit/537.36 (KHTML, like Gecko) Chrome/146.0.7680.153 Safari/537.36"
74.125.218.42 - - [31/Mar/2026:02:16:07 -0400] "GET /css/owl.carousel.min.css HTTP/1.1" 200 917 "https://gpdl-bd.com/?listing/9529367/" "Mozilla/5.0 (X11; Linux x86_64) AppleWebKit/537.36 (KHTML, like Gecko) Chrome/146.0.7680.153 Safari/537.36"
74.125.218.32 - - [31/Mar/2026:02:16:07 -0400] "GET /css/style.css HTTP/1.1" 200 11071 "https://gpdl-bd.com/?listing/9529367/" "Mozilla/5.0 (X11; Linux x86_64) AppleWebKit/537.36 (KHTML, like Gecko) Chrome/146.0.7680.153 Safari/537.36"
74.125.218.42 - - [31/Mar/2026:02:16:08 -0400] "GET /fonts/flaticon/flaticon.css HTTP/1.1" 200 785 "https://gpdl-bd.com/?listing/9529367/" "Mozilla/5.0 (X11; Linux x86_64) AppleWebKit/537.36 (KHTML, like Gecko) Chrome/146.0.7680.153 Safari/537.36"
74.125.218.42 - - [31/Mar/2026:02:16:10 -0400] "GET /css/layerslider.css HTTP/1.1" 200 3959 "https://gpdl-bd.com/?listing/9529367/" "Mozilla/5.0 (X11; Linux x86_64) AppleWebKit/537.36 (KHTML, like Gecko) Chrome/146.0.7680.153 Safari/537.36"
74.7.227.52 - - [31/Mar/2026:02:16:10 -0400] "GET /products/015013316 HTTP/1.1" 403 0 "https://gpdl-bd.com/?sitemap605.xml" "Mozilla/5.0 AppleWebKit/537.36 (KHTML, like Gecko; compatible; GPTBot/1.3; +https://openai.com/gptbot)"
74.7.227.52 - - [31/Mar/2026:02:16:10 -0400] "GET /products/215019214 HTTP/1.1" 403 0 "https://gpdl-bd.com/?sitemap906.xml" "Mozilla/5.0 AppleWebKit/537.36 (KHTML, like Gecko; compatible; GPTBot/1.3; +https://openai.com/gptbot)"
74.125.218.42 - - [31/Mar/2026:02:16:11 -0400] "GET /css/bootstrap-slider.css HTTP/1.1" 200 1995 "https://gpdl-bd.com/?listing/9529367/" "Mozilla/5.0 (X11; Linux x86_64) AppleWebKit/537.36 (KHTML, like Gecko) Chrome/146.0.7680.153 Safari/537.36"
74.125.218.42 - - [31/Mar/2026:02:16:12 -0400] "GET /images/logo/restatelg.png HTTP/1.1" 200 86239 "https://gpdl-bd.com/?listing/9529367/" "Mozilla/5.0 (X11; Linux x86_64) AppleWebKit/537.36 (KHTML, like Gecko) Chrome/146.0.7680.153 Safari/537.36"
74.7.227.52 - - [31/Mar/2026:02:16:12 -0400] "GET /products/119018588 HTTP/1.1" 403 0 "https://gpdl-bd.com/?sitemap605.xml" "Mozilla/5.0 AppleWebKit/537.36 (KHTML, like Gecko; compatible; GPTBot/1.3; +https://openai.com/gptbot)"
74.7.227.52 - - [31/Mar/2026:02:16:14 -0400] "GET /products/253040626 HTTP/1.1" 403 0 "https://gpdl-bd.com/?sitemap906.xml" "Mozilla/5.0 AppleWebKit/537.36 (KHTML, like Gecko; compatible; GPTBot/1.3; +https://openai.com/gptbot)"
74.125.218.42 - - [31/Mar/2026:02:16:15 -0400] "GET /admin/property/07.jpeg HTTP/1.1" 200 779357 "https://gpdl-bd.com/?listing/9529367/" "Mozilla/5.0 (X11; Linux x86_64) AppleWebKit/537.36 (KHTML, like Gecko) Chrome/146.0.7680.153 Safari/537.36"
74.7.227.52 - - [31/Mar/2026:02:16:17 -0400] "GET /products/219012304 HTTP/1.1" 403 0 "https://gpdl-bd.com/?sitemap906.xml" "Mozilla/5.0 AppleWebKit/537.36 (KHTML, like Gecko; compatible; GPTBot/1.3; +https://openai.com/gptbot)"
66.249.77.42 - - [31/Mar/2026:02:16:19 -0400] "GET /?jp/165000659.html HTTP/1.1" 200 23591 "-" "Mozilla/5.0 (Linux; Android 6.0.1; Nexus 5X Build/MMB29P) AppleWebKit/537.36 (KHTML, like Gecko) Chrome/146.0.7680.153 Mobile Safari/537.36 (compatible; Googlebot/2.1; +http://www.google.com/bot.html)"
74.125.218.42 - - [31/Mar/2026:02:16:21 -0400] "GET /admin/property/gsh1.jpg HTTP/1.1" 200 254412 "https://gpdl-bd.com/?listing/9529367/" "Mozilla/5.0 (X11; Linux x86_64) AppleWebKit/537.36 (KHTML, like Gecko) Chrome/146.0.7680.153 Safari/537.36"
74.7.227.52 - - [31/Mar/2026:02:16:21 -0400] "GET /products/291006610 HTTP/1.1" 403 0 "https://gpdl-bd.com/?sitemap605.xml" "Mozilla/5.0 AppleWebKit/537.36 (KHTML, like Gecko; compatible; GPTBot/1.3; +https://openai.com/gptbot)"
74.7.227.52 - - [31/Mar/2026:02:16:23 -0400] "GET /products/005026248 HTTP/1.1" 403 0 "https://gpdl-bd.com/?sitemap428.xml" "Mozilla/5.0 AppleWebKit/537.36 (KHTML, like Gecko; compatible; GPTBot/1.3; +https://openai.com/gptbot)"
74.125.218.42 - - [31/Mar/2026:02:16:24 -0400] "GET /admin/property/Lake-View-Palace.jpeg HTTP/1.1" 200 65048 "https://gpdl-bd.com/?listing/9529367/" "Mozilla/5.0 (X11; Linux x86_64) AppleWebKit/537.36 (KHTML, like Gecko) Chrome/146.0.7680.153 Safari/537.36"
74.7.227.52 - - [31/Mar/2026:02:16:24 -0400] "GET /products/033001166 HTTP/1.1" 403 0 "https://gpdl-bd.com/?sitemap605.xml" "Mozilla/5.0 AppleWebKit/537.36 (KHTML, like Gecko; compatible; GPTBot/1.3; +https://openai.com/gptbot)"
74.125.218.42 - - [31/Mar/2026:02:16:24 -0400] "GET /images/popular/popular-1.jpeg HTTP/1.1" 200 122058 "https://gpdl-bd.com/?listing/9529367/" "Mozilla/5.0 (X11; Linux x86_64) AppleWebKit/537.36 (KHTML, like Gecko) Chrome/146.0.7680.153 Safari/537.36"
74.125.218.42 - - [31/Mar/2026:02:16:26 -0400] "GET /images/testimonial/Mohammad-Tanbir-Uddin.jpeg HTTP/1.1" 200 13645 "https://gpdl-bd.com/?listing/9529367/" "Mozilla/5.0 (X11; Linux x86_64) AppleWebKit/537.36 (KHTML, like Gecko) Chrome/146.0.7680.153 Safari/537.36"
74.7.227.52 - - [31/Mar/2026:02:16:26 -0400] "GET /products/181006468 HTTP/1.1" 403 0 "https://gpdl-bd.com/?sitemap428.xml" "Mozilla/5.0 AppleWebKit/537.36 (KHTML, like Gecko; compatible; GPTBot/1.3; +https://openai.com/gptbot)"
74.125.218.42 - - [31/Mar/2026:02:16:26 -0400] "GET /images/testimonial/Abdullah-Al-Razib.jpeg HTTP/1.1" 200 14128 "https://gpdl-bd.com/?listing/9529367/" "Mozilla/5.0 (X11; Linux x86_64) AppleWebKit/537.36 (KHTML, like Gecko) Chrome/146.0.7680.153 Safari/537.36"
74.125.218.42 - - [31/Mar/2026:02:16:28 -0400] "GET /js/jquery.min.js HTTP/1.1" 200 29663 "https://gpdl-bd.com/?listing/9529367/" "Mozilla/5.0 (X11; Linux x86_64) AppleWebKit/537.36 (KHTML, like Gecko) Chrome/146.0.7680.153 Safari/537.36"
74.125.218.42 - - [31/Mar/2026:02:16:29 -0400] "GET /js/owl.carousel.min.js HTTP/1.1" 200 11139 "https://gpdl-bd.com/?listing/9529367/" "Mozilla/5.0 (X11; Linux x86_64) AppleWebKit/537.36 (KHTML, like Gecko) Chrome/146.0.7680.153 Safari/537.36"
74.125.218.42 - - [31/Mar/2026:02:16:29 -0400] "GET /js/tmpl.js HTTP/1.1" 200 6003 "https://gpdl-bd.com/?listing/9529367/" "Mozilla/5.0 (X11; Linux x86_64) AppleWebKit/537.36 (KHTML, like Gecko) Chrome/146.0.7680.153 Safari/537.36"
74.7.227.52 - - [31/Mar/2026:02:16:30 -0400] "GET /products/068039243 HTTP/1.1" 403 0 "https://gpdl-bd.com/?sitemap605.xml" "Mozilla/5.0 AppleWebKit/537.36 (KHTML, like Gecko; compatible; GPTBot/1.3; +https://openai.com/gptbot)"
74.125.218.42 - - [31/Mar/2026:02:16:30 -0400] "GET /js/draggable-0.1.js HTTP/1.1" 200 1205 "https://gpdl-bd.com/?listing/9529367/" "Mozilla/5.0 (X11; Linux x86_64) AppleWebKit/537.36 (KHTML, like Gecko) Chrome/146.0.7680.153 Safari/537.36"
74.7.227.52 - - [31/Mar/2026:02:16:30 -0400] "GET /products/039021906 HTTP/1.1" 403 0 "https://gpdl-bd.com/?sitemap605.xml" "Mozilla/5.0 AppleWebKit/537.36 (KHTML, like Gecko; compatible; GPTBot/1.3; +https://openai.com/gptbot)"
74.125.218.42 - - [31/Mar/2026:02:16:31 -0400] "GET /images/popular/popular-2.jpeg HTTP/1.1" 200 126140 "https://gpdl-bd.com/?listing/9529367/" "Mozilla/5.0 (X11; Linux x86_64) AppleWebKit/537.36 (KHTML, like Gecko) Chrome/146.0.7680.153 Safari/537.36"
74.125.218.42 - - [31/Mar/2026:02:16:31 -0400] "GET /js/jquery.dependClass-0.1.js HTTP/1.1" 200 407 "https://gpdl-bd.com/?listing/9529367/" "Mozilla/5.0 (X11; Linux x86_64) AppleWebKit/537.36 (KHTML, like Gecko) Chrome/146.0.7680.153 Safari/537.36"
74.125.218.42 - - [31/Mar/2026:02:16:32 -0400] "GET /js/bootstrap.min.js HTTP/1.1" 200 14767 "https://gpdl-bd.com/?listing/9529367/" "Mozilla/5.0 (X11; Linux x86_64) AppleWebKit/537.36 (KHTML, like Gecko) Chrome/146.0.7680.153 Safari/537.36"
74.7.227.52 - - [31/Mar/2026:02:16:32 -0400] "GET /products/237043440 HTTP/1.1" 403 0 "https://gpdl-bd.com/?sitemap906.xml" "Mozilla/5.0 AppleWebKit/537.36 (KHTML, like Gecko; compatible; GPTBot/1.3; +https://openai.com/gptbot)"
74.125.218.42 - - [31/Mar/2026:02:16:34 -0400] "GET /js/jquery.slider.js HTTP/1.1" 200 4577 "https://gpdl-bd.com/?listing/9529367/" "Mozilla/5.0 (X11; Linux x86_64) AppleWebKit/537.36 (KHTML, like Gecko) Chrome/146.0.7680.153 Safari/537.36"
74.125.218.42 - - [31/Mar/2026:02:16:34 -0400] "GET /images/popular/popular-4.jpeg HTTP/1.1" 200 65488 "https://gpdl-bd.com/?listing/9529367/" "Mozilla/5.0 (X11; Linux x86_64) AppleWebKit/537.36 (KHTML, like Gecko) Chrome/146.0.7680.153 Safari/537.36"
74.7.227.52 - - [31/Mar/2026:02:16:34 -0400] "GET /products/278009655 HTTP/1.1" 403 0 "https://gpdl-bd.com/?sitemap605.xml" "Mozilla/5.0 AppleWebKit/537.36 (KHTML, like Gecko; compatible; GPTBot/1.3; +https://openai.com/gptbot)"
74.125.218.42 - - [31/Mar/2026:02:16:34 -0400] "GET /js/YouTubePopUp.jquery.js HTTP/1.1" 200 6003 "https://gpdl-bd.com/?listing/9529367/" "Mozilla/5.0 (X11; Linux x86_64) AppleWebKit/537.36 (KHTML, like Gecko) Chrome/146.0.7680.153 Safari/537.36"
74.125.218.42 - - [31/Mar/2026:02:16:34 -0400] "GET /js/jquery.cookie.js HTTP/1.1" 200 6003 "https://gpdl-bd.com/?listing/9529367/" "Mozilla/5.0 (X11; Linux x86_64) AppleWebKit/537.36 (KHTML, like Gecko) Chrome/146.0.7680.153 Safari/537.36"
74.125.218.42 - - [31/Mar/2026:02:16:35 -0400] "GET /js/custom.js HTTP/1.1" 200 4873 "https://gpdl-bd.com/?listing/9529367/" "Mozilla/5.0 (X11; Linux x86_64) AppleWebKit/537.36 (KHTML, like Gecko) Chrome/146.0.7680.153 Safari/537.36"
74.7.227.52 - - [31/Mar/2026:02:16:36 -0400] "GET /products/256046497 HTTP/1.1" 403 0 "https://gpdl-bd.com/?sitemap428.xml" "Mozilla/5.0 AppleWebKit/537.36 (KHTML, like Gecko; compatible; GPTBot/1.3; +https://openai.com/gptbot)"
74.125.218.42 - - [31/Mar/2026:02:16:36 -0400] "GET /js/validate.js HTTP/1.1" 200 6003 "https://gpdl-bd.com/?listing/9529367/" "Mozilla/5.0 (X11; Linux x86_64) AppleWebKit/537.36 (KHTML, like Gecko) Chrome/146.0.7680.153 Safari/537.36"
74.125.218.42 - - [31/Mar/2026:02:16:37 -0400] "GET /images/popular/popular-3.jpeg HTTP/1.1" 200 114051 "https://gpdl-bd.com/?listing/9529367/" "Mozilla/5.0 (X11; Linux x86_64) AppleWebKit/537.36 (KHTML, like Gecko) Chrome/146.0.7680.153 Safari/537.36"
74.125.218.42 - - [31/Mar/2026:02:16:37 -0400] "GET /js/popper.min.js HTTP/1.1" 200 6950 "https://gpdl-bd.com/?listing/9529367/" "Mozilla/5.0 (X11; Linux x86_64) AppleWebKit/537.36 (KHTML, like Gecko) Chrome/146.0.7680.153 Safari/537.36"
74.125.218.42 - - [31/Mar/2026:02:16:38 -0400] "GET /js/greensock.js HTTP/1.1" 200 38478 "https://gpdl-bd.com/?listing/9529367/" "Mozilla/5.0 (X11; Linux x86_64) AppleWebKit/537.36 (KHTML, like Gecko) Chrome/146.0.7680.153 Safari/537.36"
74.125.218.42 - - [31/Mar/2026:02:16:40 -0400] "GET /js/layerslider.kreaturamedia.jquery.js HTTP/1.1" 200 44471 "https://gpdl-bd.com/?listing/9529367/" "Mozilla/5.0 (X11; Linux x86_64) AppleWebKit/537.36 (KHTML, like Gecko) Chrome/146.0.7680.153 Safari/537.36"
74.125.218.42 - - [31/Mar/2026:02:16:40 -0400] "GET /js/layerslider.transitions.js HTTP/1.1" 200 3083 "https://gpdl-bd.com/?listing/9529367/" "Mozilla/5.0 (X11; Linux x86_64) AppleWebKit/537.36 (KHTML, like Gecko) Chrome/146.0.7680.153 Safari/537.36"
74.7.227.52 - - [31/Mar/2026:02:16:40 -0400] "GET /products/268029231 HTTP/1.1" 403 0 "https://gpdl-bd.com/?sitemap906.xml" "Mozilla/5.0 AppleWebKit/537.36 (KHTML, like Gecko; compatible; GPTBot/1.3; +https://openai.com/gptbot)"
74.7.227.52 - - [31/Mar/2026:02:16:40 -0400] "GET /products/094004543 HTTP/1.1" 403 0 "https://gpdl-bd.com/?sitemap906.xml" "Mozilla/5.0 AppleWebKit/537.36 (KHTML, like Gecko; compatible; GPTBot/1.3; +https://openai.com/gptbot)"
74.125.218.42 - - [31/Mar/2026:02:16:41 -0400] "GET /js/wow.js HTTP/1.1" 200 2035 "https://gpdl-bd.com/?listing/9529367/" "Mozilla/5.0 (X11; Linux x86_64) AppleWebKit/537.36 (KHTML, like Gecko) Chrome/146.0.7680.153 Safari/537.36"
74.125.218.42 - - [31/Mar/2026:02:16:42 -0400] "GET /images/testimonial/amitava_shaha.png HTTP/1.1" 200 66885 "https://gpdl-bd.com/?listing/9529367/" "Mozilla/5.0 (X11; Linux x86_64) AppleWebKit/537.36 (KHTML, like Gecko) Chrome/146.0.7680.153 Safari/537.36"
74.125.218.33 - - [31/Mar/2026:02:16:42 -0400] "GET /images/banner/rshmpg.jpg HTTP/1.1" 200 225378 "https://gpdl-bd.com/?listing/9529367/" "Mozilla/5.0 (X11; Linux x86_64) AppleWebKit/537.36 (KHTML, like Gecko) Chrome/146.0.7680.153 Safari/537.36"
74.7.227.52 - - [31/Mar/2026:02:16:43 -0400] "GET /products/278017075 HTTP/1.1" 403 0 "https://gpdl-bd.com/?sitemap906.xml" "Mozilla/5.0 AppleWebKit/537.36 (KHTML, like Gecko; compatible; GPTBot/1.3; +https://openai.com/gptbot)"
74.125.218.42 - - [31/Mar/2026:02:16:43 -0400] "GET /images/01.jpg HTTP/1.1" 200 79192 "https://gpdl-bd.com/?listing/9529367/" "Mozilla/5.0 (X11; Linux x86_64) AppleWebKit/537.36 (KHTML, like Gecko) Chrome/146.0.7680.153 Safari/537.36"
74.125.218.33 - - [31/Mar/2026:02:16:44 -0400] "GET /fonts/flaticon/Flaticon-2.html HTTP/1.1" 200 14345 "https://gpdl-bd.com/fonts/flaticon/flaticon.css" "Mozilla/5.0 (X11; Linux x86_64) AppleWebKit/537.36 (KHTML, like Gecko) Chrome/146.0.7680.153 Safari/537.36"
74.125.218.42 - - [31/Mar/2026:02:16:44 -0400] "GET /webfonts/fa-solid-901.html HTTP/1.1" 200 75445 "https://gpdl-bd.com/css/font-awesome.min.css" "Mozilla/5.0 (X11; Linux x86_64) AppleWebKit/537.36 (KHTML, like Gecko) Chrome/146.0.7680.153 Safari/537.36"
74.125.218.42 - - [31/Mar/2026:02:16:44 -0400] "GET /webfonts/fa-brands-401.html HTTP/1.1" 200 74513 "https://gpdl-bd.com/css/font-awesome.min.css" "Mozilla/5.0 (X11; Linux x86_64) AppleWebKit/537.36 (KHTML, like Gecko) Chrome/146.0.7680.153 Safari/537.36"
74.125.218.32 - - [31/Mar/2026:02:16:44 -0400] "GET /webfonts/fa-regular-401.html HTTP/1.1" 200 13579 "https://gpdl-bd.com/css/font-awesome.min.css" "Mozilla/5.0 (X11; Linux x86_64) AppleWebKit/537.36 (KHTML, like Gecko) Chrome/146.0.7680.153 Safari/537.36"
74.125.218.33 - - [31/Mar/2026:02:16:45 -0400] "GET /images/breadcromb.jpg HTTP/1.1" 200 99420 "https://gpdl-bd.com/?listing/9529367/" "Mozilla/5.0 (X11; Linux x86_64) AppleWebKit/537.36 (KHTML, like Gecko) Chrome/146.0.7680.153 Safari/537.36"
74.7.227.52 - - [31/Mar/2026:02:16:45 -0400] "GET /products/214028073 HTTP/1.1" 403 0 "https://gpdl-bd.com/?sitemap906.xml" "Mozilla/5.0 AppleWebKit/537.36 (KHTML, like Gecko; compatible; GPTBot/1.3; +https://openai.com/gptbot)"
74.7.227.52 - - [31/Mar/2026:02:16:47 -0400] "GET /products/226045315 HTTP/1.1" 403 0 "https://gpdl-bd.com/?sitemap605.xml" "Mozilla/5.0 AppleWebKit/537.36 (KHTML, like Gecko; compatible; GPTBot/1.3; +https://openai.com/gptbot)"
