74.125.218.42 - - [31/Mar/2026:04:49:43 -0400] "GET /fonts/flaticon/Flaticon-2.html HTTP/1.1" 200 14345 "https://gpdl-bd.com/fonts/flaticon/flaticon.css" "Mozilla/5.0 (X11; Linux x86_64) AppleWebKit/537.36 (KHTML, like Gecko) Chrome/146.0.7680.153 Safari/537.36"
74.125.218.42 - - [31/Mar/2026:04:49:46 -0400] "GET /webfonts/fa-brands-401.html HTTP/1.1" 200 74513 "https://gpdl-bd.com/css/font-awesome.min.css" "Mozilla/5.0 (X11; Linux x86_64) AppleWebKit/537.36 (KHTML, like Gecko) Chrome/146.0.7680.153 Safari/537.36"
74.7.227.52 - - [31/Mar/2026:04:49:46 -0400] "GET /products/174000027 HTTP/1.1" 403 0 "https://gpdl-bd.com/?sitemap906.xml" "Mozilla/5.0 AppleWebKit/537.36 (KHTML, like Gecko; compatible; GPTBot/1.3; +https://openai.com/gptbot)"
74.7.227.52 - - [31/Mar/2026:04:49:46 -0400] "GET /products/237038888 HTTP/1.1" 403 0 "https://gpdl-bd.com/?sitemap906.xml" "Mozilla/5.0 AppleWebKit/537.36 (KHTML, like Gecko; compatible; GPTBot/1.3; +https://openai.com/gptbot)"
74.7.227.52 - - [31/Mar/2026:04:49:49 -0400] "GET /products/282000017 HTTP/1.1" 403 0 "https://gpdl-bd.com/?sitemap428.xml" "Mozilla/5.0 AppleWebKit/537.36 (KHTML, like Gecko; compatible; GPTBot/1.3; +https://openai.com/gptbot)"
74.125.218.42 - - [31/Mar/2026:04:49:50 -0400] "GET /webfonts/fa-solid-901.html HTTP/1.1" 200 75445 "https://gpdl-bd.com/css/font-awesome.min.css" "Mozilla/5.0 (X11; Linux x86_64) AppleWebKit/537.36 (KHTML, like Gecko) Chrome/146.0.7680.153 Safari/537.36"
74.7.227.52 - - [31/Mar/2026:04:49:50 -0400] "GET /products/250000133 HTTP/1.1" 403 0 "https://gpdl-bd.com/?sitemap76.xml" "Mozilla/5.0 AppleWebKit/537.36 (KHTML, like Gecko; compatible; GPTBot/1.3; +https://openai.com/gptbot)"
74.7.227.52 - - [31/Mar/2026:04:49:52 -0400] "GET /products/200008987 HTTP/1.1" 403 0 "https://gpdl-bd.com/?sitemap906.xml" "Mozilla/5.0 AppleWebKit/537.36 (KHTML, like Gecko; compatible; GPTBot/1.3; +https://openai.com/gptbot)"
74.7.227.52 - - [31/Mar/2026:04:49:56 -0400] "GET /products/100002917 HTTP/1.1" 403 0 "https://gpdl-bd.com/?sitemap428.xml" "Mozilla/5.0 AppleWebKit/537.36 (KHTML, like Gecko; compatible; GPTBot/1.3; +https://openai.com/gptbot)"
74.7.227.52 - - [31/Mar/2026:04:49:56 -0400] "GET /products/228000095 HTTP/1.1" 403 0 "https://gpdl-bd.com/?sitemap76.xml" "Mozilla/5.0 AppleWebKit/537.36 (KHTML, like Gecko; compatible; GPTBot/1.3; +https://openai.com/gptbot)"
74.7.227.52 - - [31/Mar/2026:04:49:59 -0400] "GET /products/100009281 HTTP/1.1" 403 0 "https://gpdl-bd.com/?sitemap428.xml" "Mozilla/5.0 AppleWebKit/537.36 (KHTML, like Gecko; compatible; GPTBot/1.3; +https://openai.com/gptbot)"
66.249.77.42 - - [31/Mar/2026:04:49:59 -0400] "GET /?detail/02103697816345 HTTP/1.1" 200 22942 "-" "Mozilla/5.0 (Linux; Android 6.0.1; Nexus 5X Build/MMB29P) AppleWebKit/537.36 (KHTML, like Gecko) Chrome/146.0.7680.153 Mobile Safari/537.36 (compatible; GoogleOther)"
74.7.227.52 - - [31/Mar/2026:04:50:01 -0400] "GET /products/281000076 HTTP/1.1" 403 0 "https://gpdl-bd.com/?sitemap76.xml" "Mozilla/5.0 AppleWebKit/537.36 (KHTML, like Gecko; compatible; GPTBot/1.3; +https://openai.com/gptbot)"
74.7.227.52 - - [31/Mar/2026:04:50:03 -0400] "GET /products/210000279 HTTP/1.1" 403 0 "https://gpdl-bd.com/?sitemap76.xml" "Mozilla/5.0 AppleWebKit/537.36 (KHTML, like Gecko; compatible; GPTBot/1.3; +https://openai.com/gptbot)"
74.7.227.52 - - [31/Mar/2026:04:50:06 -0400] "GET /products/251000046 HTTP/1.1" 403 0 "https://gpdl-bd.com/?sitemap605.xml" "Mozilla/5.0 AppleWebKit/537.36 (KHTML, like Gecko; compatible; GPTBot/1.3; +https://openai.com/gptbot)"
74.7.227.52 - - [31/Mar/2026:04:50:08 -0400] "GET /products/191000036 HTTP/1.1" 403 0 "https://gpdl-bd.com/?sitemap428.xml" "Mozilla/5.0 AppleWebKit/537.36 (KHTML, like Gecko; compatible; GPTBot/1.3; +https://openai.com/gptbot)"
74.7.227.52 - - [31/Mar/2026:04:50:11 -0400] "GET /products/269000038 HTTP/1.1" 403 0 "https://gpdl-bd.com/?sitemap76.xml" "Mozilla/5.0 AppleWebKit/537.36 (KHTML, like Gecko; compatible; GPTBot/1.3; +https://openai.com/gptbot)"
74.7.227.52 - - [31/Mar/2026:04:50:13 -0400] "GET /products/255033334 HTTP/1.1" 403 0 "https://gpdl-bd.com/?sitemap76.xml" "Mozilla/5.0 AppleWebKit/537.36 (KHTML, like Gecko; compatible; GPTBot/1.3; +https://openai.com/gptbot)"
74.7.227.52 - - [31/Mar/2026:04:50:15 -0400] "GET /products/240000471 HTTP/1.1" 403 0 "https://gpdl-bd.com/?sitemap906.xml" "Mozilla/5.0 AppleWebKit/537.36 (KHTML, like Gecko; compatible; GPTBot/1.3; +https://openai.com/gptbot)"
74.7.227.52 - - [31/Mar/2026:04:50:17 -0400] "GET /products/300009981 HTTP/1.1" 403 0 "https://gpdl-bd.com/?sitemap76.xml" "Mozilla/5.0 AppleWebKit/537.36 (KHTML, like Gecko; compatible; GPTBot/1.3; +https://openai.com/gptbot)"
66.249.77.42 - - [31/Mar/2026:04:50:17 -0400] "GET /?goods/093021173 HTTP/1.1" 200 24604 "-" "Mozilla/5.0 (Linux; Android 6.0.1; Nexus 5X Build/MMB29P) AppleWebKit/537.36 (KHTML, like Gecko) Chrome/146.0.7680.153 Mobile Safari/537.36 (compatible; GoogleOther)"
74.7.227.52 - - [31/Mar/2026:04:50:21 -0400] "GET /products/200009433 HTTP/1.1" 403 0 "https://gpdl-bd.com/?sitemap76.xml" "Mozilla/5.0 AppleWebKit/537.36 (KHTML, like Gecko; compatible; GPTBot/1.3; +https://openai.com/gptbot)"
74.7.227.52 - - [31/Mar/2026:04:50:22 -0400] "GET /products/276045555 HTTP/1.1" 403 0 "https://gpdl-bd.com/?sitemap428.xml" "Mozilla/5.0 AppleWebKit/537.36 (KHTML, like Gecko; compatible; GPTBot/1.3; +https://openai.com/gptbot)"
74.7.227.52 - - [31/Mar/2026:04:50:25 -0400] "GET /products/100004599 HTTP/1.1" 403 0 "https://gpdl-bd.com/?sitemap428.xml" "Mozilla/5.0 AppleWebKit/537.36 (KHTML, like Gecko; compatible; GPTBot/1.3; +https://openai.com/gptbot)"
74.7.227.52 - - [31/Mar/2026:04:50:27 -0400] "GET /products/300001251 HTTP/1.1" 403 0 "https://gpdl-bd.com/?sitemap76.xml" "Mozilla/5.0 AppleWebKit/537.36 (KHTML, like Gecko; compatible; GPTBot/1.3; +https://openai.com/gptbot)"
74.7.227.52 - - [31/Mar/2026:04:50:31 -0400] "GET /products/069011112 HTTP/1.1" 403 0 "https://gpdl-bd.com/?sitemap428.xml" "Mozilla/5.0 AppleWebKit/537.36 (KHTML, like Gecko; compatible; GPTBot/1.3; +https://openai.com/gptbot)"
74.7.227.52 - - [31/Mar/2026:04:50:32 -0400] "GET /products/280000243 HTTP/1.1" 403 0 "https://gpdl-bd.com/?sitemap76.xml" "Mozilla/5.0 AppleWebKit/537.36 (KHTML, like Gecko; compatible; GPTBot/1.3; +https://openai.com/gptbot)"
74.7.227.52 - - [31/Mar/2026:04:50:36 -0400] "GET /products/300004921 HTTP/1.1" 403 0 "https://gpdl-bd.com/?sitemap605.xml" "Mozilla/5.0 AppleWebKit/537.36 (KHTML, like Gecko; compatible; GPTBot/1.3; +https://openai.com/gptbot)"
74.7.227.52 - - [31/Mar/2026:04:50:36 -0400] "GET /products/100003277 HTTP/1.1" 403 0 "https://gpdl-bd.com/?sitemap605.xml" "Mozilla/5.0 AppleWebKit/537.36 (KHTML, like Gecko; compatible; GPTBot/1.3; +https://openai.com/gptbot)"
74.7.227.52 - - [31/Mar/2026:04:50:39 -0400] "GET /commoditys/164016400 HTTP/1.1" 403 0 "https://gpdl-bd.com/?sitemap605.xml" "Mozilla/5.0 AppleWebKit/537.36 (KHTML, like Gecko; compatible; GPTBot/1.3; +https://openai.com/gptbot)"
74.7.227.52 - - [31/Mar/2026:04:50:41 -0400] "GET /commoditys/075031111 HTTP/1.1" 403 0 "https://gpdl-bd.com/?sitemap605.xml" "Mozilla/5.0 AppleWebKit/537.36 (KHTML, like Gecko; compatible; GPTBot/1.3; +https://openai.com/gptbot)"
74.7.227.52 - - [31/Mar/2026:04:50:43 -0400] "GET /commoditys/130000182 HTTP/1.1" 403 0 "https://gpdl-bd.com/?sitemap76.xml" "Mozilla/5.0 AppleWebKit/537.36 (KHTML, like Gecko; compatible; GPTBot/1.3; +https://openai.com/gptbot)"
74.7.227.52 - - [31/Mar/2026:04:50:46 -0400] "GET /commoditys/100009174 HTTP/1.1" 403 0 "https://gpdl-bd.com/?sitemap76.xml" "Mozilla/5.0 AppleWebKit/537.36 (KHTML, like Gecko; compatible; GPTBot/1.3; +https://openai.com/gptbot)"
169.224.18.250 - - [31/Mar/2026:04:50:46 -0400] "GET /products/095029564 HTTP/1.1" 200 7203 "https://gpdl-bd.com/?sitemap605.xml" "Mozilla/5.0 (Linux; Android 7.1.1; OPPO R9sk Build/NMF26F) AppleWebKit/537.36 (KHTML, like Gecko) Version/4.0 Chrome/86.0.3285.61 Mobile Safari/537.36 360 Alitephone Browser (1.5.0.90/1.0.100.1078) mso_sdk(1.0.0)"
74.7.227.52 - - [31/Mar/2026:04:50:50 -0400] "GET /commoditys/100008258 HTTP/1.1" 403 0 "https://gpdl-bd.com/?sitemap906.xml" "Mozilla/5.0 AppleWebKit/537.36 (KHTML, like Gecko; compatible; GPTBot/1.3; +https://openai.com/gptbot)"
74.7.227.52 - - [31/Mar/2026:04:50:51 -0400] "GET /commoditys/281000097 HTTP/1.1" 403 0 "https://gpdl-bd.com/?sitemap906.xml" "Mozilla/5.0 AppleWebKit/537.36 (KHTML, like Gecko; compatible; GPTBot/1.3; +https://openai.com/gptbot)"
216.244.66.234 - - [31/Mar/2026:04:50:53 -0400] "GET /sign-in/ HTTP/1.1" 403 0 "-" "Mozilla/5.0 (compatible; DotBot/1.2; +https://opensiteexplorer.org/dotbot; help@moz.com)"
74.7.227.52 - - [31/Mar/2026:04:50:54 -0400] "GET /commoditys/200003412 HTTP/1.1" 403 0 "https://gpdl-bd.com/?sitemap76.xml" "Mozilla/5.0 AppleWebKit/537.36 (KHTML, like Gecko; compatible; GPTBot/1.3; +https://openai.com/gptbot)"
74.7.227.52 - - [31/Mar/2026:04:50:55 -0400] "GET /commoditys/110000986 HTTP/1.1" 403 0 "https://gpdl-bd.com/?sitemap605.xml" "Mozilla/5.0 AppleWebKit/537.36 (KHTML, like Gecko; compatible; GPTBot/1.3; +https://openai.com/gptbot)"
74.7.227.52 - - [31/Mar/2026:04:50:58 -0400] "GET /commoditys/144000092 HTTP/1.1" 403 0 "https://gpdl-bd.com/?sitemap76.xml" "Mozilla/5.0 AppleWebKit/537.36 (KHTML, like Gecko; compatible; GPTBot/1.3; +https://openai.com/gptbot)"
74.7.227.52 - - [31/Mar/2026:04:50:59 -0400] "GET /commoditys/243000049 HTTP/1.1" 403 0 "https://gpdl-bd.com/?sitemap76.xml" "Mozilla/5.0 AppleWebKit/537.36 (KHTML, like Gecko; compatible; GPTBot/1.3; +https://openai.com/gptbot)"
74.7.227.52 - - [31/Mar/2026:04:51:03 -0400] "GET /commoditys/231000061 HTTP/1.1" 403 0 "https://gpdl-bd.com/?sitemap76.xml" "Mozilla/5.0 AppleWebKit/537.36 (KHTML, like Gecko; compatible; GPTBot/1.3; +https://openai.com/gptbot)"
74.7.227.52 - - [31/Mar/2026:04:51:04 -0400] "GET /commoditys/279033337 HTTP/1.1" 403 0 "https://gpdl-bd.com/?sitemap76.xml" "Mozilla/5.0 AppleWebKit/537.36 (KHTML, like Gecko; compatible; GPTBot/1.3; +https://openai.com/gptbot)"
74.7.227.52 - - [31/Mar/2026:04:51:05 -0400] "GET /commoditys/200006152 HTTP/1.1" 403 0 "https://gpdl-bd.com/?sitemap76.xml" "Mozilla/5.0 AppleWebKit/537.36 (KHTML, like Gecko; compatible; GPTBot/1.3; +https://openai.com/gptbot)"
74.7.227.52 - - [31/Mar/2026:04:51:07 -0400] "GET /commoditys/087022223 HTTP/1.1" 403 0 "https://gpdl-bd.com/?sitemap76.xml" "Mozilla/5.0 AppleWebKit/537.36 (KHTML, like Gecko; compatible; GPTBot/1.3; +https://openai.com/gptbot)"
74.7.227.52 - - [31/Mar/2026:04:51:09 -0400] "GET /commoditys/221000035 HTTP/1.1" 403 0 "https://gpdl-bd.com/?sitemap428.xml" "Mozilla/5.0 AppleWebKit/537.36 (KHTML, like Gecko; compatible; GPTBot/1.3; +https://openai.com/gptbot)"
74.7.227.52 - - [31/Mar/2026:04:51:11 -0400] "GET /commoditys/250000426 HTTP/1.1" 403 0 "https://gpdl-bd.com/?sitemap605.xml" "Mozilla/5.0 AppleWebKit/537.36 (KHTML, like Gecko; compatible; GPTBot/1.3; +https://openai.com/gptbot)"
74.7.227.52 - - [31/Mar/2026:04:51:13 -0400] "GET /commoditys/050000184 HTTP/1.1" 403 0 "https://gpdl-bd.com/?sitemap76.xml" "Mozilla/5.0 AppleWebKit/537.36 (KHTML, like Gecko; compatible; GPTBot/1.3; +https://openai.com/gptbot)"
74.7.227.52 - - [31/Mar/2026:04:51:16 -0400] "GET /commoditys/116000080 HTTP/1.1" 403 0 "https://gpdl-bd.com/?sitemap76.xml" "Mozilla/5.0 AppleWebKit/537.36 (KHTML, like Gecko; compatible; GPTBot/1.3; +https://openai.com/gptbot)"
74.7.227.52 - - [31/Mar/2026:04:51:19 -0400] "GET /commoditys/200001232 HTTP/1.1" 403 0 "https://gpdl-bd.com/?sitemap605.xml" "Mozilla/5.0 AppleWebKit/537.36 (KHTML, like Gecko; compatible; GPTBot/1.3; +https://openai.com/gptbot)"
74.7.227.52 - - [31/Mar/2026:04:51:20 -0400] "GET /commoditys/200006260 HTTP/1.1" 403 0 "https://gpdl-bd.com/?sitemap428.xml" "Mozilla/5.0 AppleWebKit/537.36 (KHTML, like Gecko; compatible; GPTBot/1.3; +https://openai.com/gptbot)"
74.7.227.52 - - [31/Mar/2026:04:51:24 -0400] "GET /commoditys/201021111 HTTP/1.1" 403 0 "https://gpdl-bd.com/?sitemap605.xml" "Mozilla/5.0 AppleWebKit/537.36 (KHTML, like Gecko; compatible; GPTBot/1.3; +https://openai.com/gptbot)"
74.7.227.52 - - [31/Mar/2026:04:51:26 -0400] "GET /commoditys/105041111 HTTP/1.1" 403 0 "https://gpdl-bd.com/?sitemap76.xml" "Mozilla/5.0 AppleWebKit/537.36 (KHTML, like Gecko; compatible; GPTBot/1.3; +https://openai.com/gptbot)"
74.7.227.52 - - [31/Mar/2026:04:51:28 -0400] "GET /commoditys/221000031 HTTP/1.1" 403 0 "https://gpdl-bd.com/?sitemap76.xml" "Mozilla/5.0 AppleWebKit/537.36 (KHTML, like Gecko; compatible; GPTBot/1.3; +https://openai.com/gptbot)"
66.249.77.33 - - [31/Mar/2026:04:51:28 -0400] "GET /?detail/077047575255 HTTP/1.1" 200 22785 "-" "Mozilla/5.0 (Linux; Android 6.0.1; Nexus 5X Build/MMB29P) AppleWebKit/537.36 (KHTML, like Gecko) Chrome/146.0.7680.153 Mobile Safari/537.36 (compatible; GoogleOther)"
74.7.227.52 - - [31/Mar/2026:04:51:31 -0400] "GET /commoditys/050000908 HTTP/1.1" 403 0 "https://gpdl-bd.com/?sitemap906.xml" "Mozilla/5.0 AppleWebKit/537.36 (KHTML, like Gecko; compatible; GPTBot/1.3; +https://openai.com/gptbot)"
74.7.227.52 - - [31/Mar/2026:04:51:32 -0400] "GET /commoditys/060006040 HTTP/1.1" 403 0 "https://gpdl-bd.com/?sitemap906.xml" "Mozilla/5.0 AppleWebKit/537.36 (KHTML, like Gecko; compatible; GPTBot/1.3; +https://openai.com/gptbot)"
74.7.227.52 - - [31/Mar/2026:04:51:36 -0400] "GET /commoditys/300021212 HTTP/1.1" 403 0 "https://gpdl-bd.com/?sitemap906.xml" "Mozilla/5.0 AppleWebKit/537.36 (KHTML, like Gecko; compatible; GPTBot/1.3; +https://openai.com/gptbot)"
74.7.227.52 - - [31/Mar/2026:04:51:37 -0400] "GET /commoditys/295005555 HTTP/1.1" 403 0 "https://gpdl-bd.com/?sitemap605.xml" "Mozilla/5.0 AppleWebKit/537.36 (KHTML, like Gecko; compatible; GPTBot/1.3; +https://openai.com/gptbot)"
74.7.227.52 - - [31/Mar/2026:04:51:39 -0400] "GET /commoditys/078000068 HTTP/1.1" 403 0 "https://gpdl-bd.com/?sitemap428.xml" "Mozilla/5.0 AppleWebKit/537.36 (KHTML, like Gecko; compatible; GPTBot/1.3; +https://openai.com/gptbot)"
74.7.227.52 - - [31/Mar/2026:04:51:41 -0400] "GET /commoditys/200006100 HTTP/1.1" 403 0 "https://gpdl-bd.com/?sitemap428.xml" "Mozilla/5.0 AppleWebKit/537.36 (KHTML, like Gecko; compatible; GPTBot/1.3; +https://openai.com/gptbot)"
74.7.227.52 - - [31/Mar/2026:04:51:44 -0400] "GET /commoditys/011000111 HTTP/1.1" 403 0 "https://gpdl-bd.com/?sitemap605.xml" "Mozilla/5.0 AppleWebKit/537.36 (KHTML, like Gecko; compatible; GPTBot/1.3; +https://openai.com/gptbot)"
66.249.77.42 - - [31/Mar/2026:04:51:44 -0400] "GET /?detail/244000510979 HTTP/1.1" 200 23905 "-" "Mozilla/5.0 (Linux; Android 6.0.1; Nexus 5X Build/MMB29P) AppleWebKit/537.36 (KHTML, like Gecko) Chrome/146.0.7680.153 Mobile Safari/537.36 (compatible; GoogleOther)"
74.7.227.52 - - [31/Mar/2026:04:51:47 -0400] "GET /commoditys/208000036 HTTP/1.1" 403 0 "https://gpdl-bd.com/?sitemap605.xml" "Mozilla/5.0 AppleWebKit/537.36 (KHTML, like Gecko; compatible; GPTBot/1.3; +https://openai.com/gptbot)"
74.7.227.52 - - [31/Mar/2026:04:51:48 -0400] "GET /commoditys/200001042 HTTP/1.1" 403 0 "https://gpdl-bd.com/?sitemap428.xml" "Mozilla/5.0 AppleWebKit/537.36 (KHTML, like Gecko; compatible; GPTBot/1.3; +https://openai.com/gptbot)"
74.7.227.52 - - [31/Mar/2026:04:51:50 -0400] "GET /commoditys/040000686 HTTP/1.1" 403 0 "https://gpdl-bd.com/?sitemap428.xml" "Mozilla/5.0 AppleWebKit/537.36 (KHTML, like Gecko; compatible; GPTBot/1.3; +https://openai.com/gptbot)"
74.7.227.52 - - [31/Mar/2026:04:51:53 -0400] "GET /commoditys/050000792 HTTP/1.1" 403 0 "https://gpdl-bd.com/?sitemap428.xml" "Mozilla/5.0 AppleWebKit/537.36 (KHTML, like Gecko; compatible; GPTBot/1.3; +https://openai.com/gptbot)"
74.7.227.52 - - [31/Mar/2026:04:51:54 -0400] "GET /commoditys/106046666 HTTP/1.1" 403 0 "https://gpdl-bd.com/?sitemap76.xml" "Mozilla/5.0 AppleWebKit/537.36 (KHTML, like Gecko; compatible; GPTBot/1.3; +https://openai.com/gptbot)"
74.7.227.52 - - [31/Mar/2026:04:51:56 -0400] "GET /commoditys/090016666 HTTP/1.1" 403 0 "https://gpdl-bd.com/?sitemap428.xml" "Mozilla/5.0 AppleWebKit/537.36 (KHTML, like Gecko; compatible; GPTBot/1.3; +https://openai.com/gptbot)"
74.7.227.52 - - [31/Mar/2026:04:51:59 -0400] "GET /commoditys/240000940 HTTP/1.1" 403 0 "https://gpdl-bd.com/?sitemap605.xml" "Mozilla/5.0 AppleWebKit/537.36 (KHTML, like Gecko; compatible; GPTBot/1.3; +https://openai.com/gptbot)"
74.7.227.52 - - [31/Mar/2026:04:52:00 -0400] "GET /commoditys/059000021 HTTP/1.1" 403 0 "https://gpdl-bd.com/?sitemap428.xml" "Mozilla/5.0 AppleWebKit/537.36 (KHTML, like Gecko; compatible; GPTBot/1.3; +https://openai.com/gptbot)"
74.7.227.52 - - [31/Mar/2026:04:52:02 -0400] "GET /commoditys/010000622 HTTP/1.1" 403 0 "https://gpdl-bd.com/?sitemap906.xml" "Mozilla/5.0 AppleWebKit/537.36 (KHTML, like Gecko; compatible; GPTBot/1.3; +https://openai.com/gptbot)"
74.7.227.52 - - [31/Mar/2026:04:52:04 -0400] "GET /commoditys/200004324 HTTP/1.1" 403 0 "https://gpdl-bd.com/?sitemap76.xml" "Mozilla/5.0 AppleWebKit/537.36 (KHTML, like Gecko; compatible; GPTBot/1.3; +https://openai.com/gptbot)"
74.7.227.52 - - [31/Mar/2026:04:52:08 -0400] "GET /commoditys/130000910 HTTP/1.1" 403 0 "https://gpdl-bd.com/?sitemap906.xml" "Mozilla/5.0 AppleWebKit/537.36 (KHTML, like Gecko; compatible; GPTBot/1.3; +https://openai.com/gptbot)"
66.249.77.33 - - [31/Mar/2026:04:52:08 -0400] "GET /?goods/063020252 HTTP/1.1" 200 23590 "-" "Mozilla/5.0 (Linux; Android 6.0.1; Nexus 5X Build/MMB29P) AppleWebKit/537.36 (KHTML, like Gecko) Chrome/146.0.7680.153 Mobile Safari/537.36 (compatible; GoogleOther)"
74.7.227.52 - - [31/Mar/2026:04:52:08 -0400] "GET /commoditys/020044440 HTTP/1.1" 403 0 "https://gpdl-bd.com/?sitemap428.xml" "Mozilla/5.0 AppleWebKit/537.36 (KHTML, like Gecko; compatible; GPTBot/1.3; +https://openai.com/gptbot)"
74.7.227.52 - - [31/Mar/2026:04:52:11 -0400] "GET /commoditys/236000040 HTTP/1.1" 403 0 "https://gpdl-bd.com/?sitemap428.xml" "Mozilla/5.0 AppleWebKit/537.36 (KHTML, like Gecko; compatible; GPTBot/1.3; +https://openai.com/gptbot)"
74.7.227.52 - - [31/Mar/2026:04:52:13 -0400] "GET /commoditys/028000044 HTTP/1.1" 403 0 "https://gpdl-bd.com/?sitemap605.xml" "Mozilla/5.0 AppleWebKit/537.36 (KHTML, like Gecko; compatible; GPTBot/1.3; +https://openai.com/gptbot)"
74.7.227.52 - - [31/Mar/2026:04:52:14 -0400] "GET /commoditys/200001530 HTTP/1.1" 403 0 "https://gpdl-bd.com/?sitemap76.xml" "Mozilla/5.0 AppleWebKit/537.36 (KHTML, like Gecko; compatible; GPTBot/1.3; +https://openai.com/gptbot)"
74.7.227.52 - - [31/Mar/2026:04:52:17 -0400] "GET /commoditys/030000734 HTTP/1.1" 403 0 "https://gpdl-bd.com/?sitemap605.xml" "Mozilla/5.0 AppleWebKit/537.36 (KHTML, like Gecko; compatible; GPTBot/1.3; +https://openai.com/gptbot)"
74.7.227.52 - - [31/Mar/2026:04:52:19 -0400] "GET /commoditys/040024444 HTTP/1.1" 403 0 "https://gpdl-bd.com/?sitemap428.xml" "Mozilla/5.0 AppleWebKit/537.36 (KHTML, like Gecko; compatible; GPTBot/1.3; +https://openai.com/gptbot)"
74.7.227.52 - - [31/Mar/2026:04:52:23 -0400] "GET /commoditys/298000070 HTTP/1.1" 403 0 "https://gpdl-bd.com/?sitemap428.xml" "Mozilla/5.0 AppleWebKit/537.36 (KHTML, like Gecko; compatible; GPTBot/1.3; +https://openai.com/gptbot)"
74.7.227.52 - - [31/Mar/2026:04:52:23 -0400] "GET /commoditys/244044406 HTTP/1.1" 403 0 "https://gpdl-bd.com/?sitemap605.xml" "Mozilla/5.0 AppleWebKit/537.36 (KHTML, like Gecko; compatible; GPTBot/1.3; +https://openai.com/gptbot)"
74.7.227.52 - - [31/Mar/2026:04:52:25 -0400] "GET /products/036011113 HTTP/1.1" 403 0 "https://gpdl-bd.com/?sitemap76.xml" "Mozilla/5.0 AppleWebKit/537.36 (KHTML, like Gecko; compatible; GPTBot/1.3; +https://openai.com/gptbot)"
74.7.227.52 - - [31/Mar/2026:04:52:27 -0400] "GET /products/040000327 HTTP/1.1" 403 0 "https://gpdl-bd.com/?sitemap76.xml" "Mozilla/5.0 AppleWebKit/537.36 (KHTML, like Gecko; compatible; GPTBot/1.3; +https://openai.com/gptbot)"
74.7.227.52 - - [31/Mar/2026:04:52:29 -0400] "GET /products/026022225 HTTP/1.1" 403 0 "https://gpdl-bd.com/?sitemap605.xml" "Mozilla/5.0 AppleWebKit/537.36 (KHTML, like Gecko; compatible; GPTBot/1.3; +https://openai.com/gptbot)"
74.7.227.52 - - [31/Mar/2026:04:52:31 -0400] "GET /products/050033331 HTTP/1.1" 403 0 "https://gpdl-bd.com/?sitemap76.xml" "Mozilla/5.0 AppleWebKit/537.36 (KHTML, like Gecko; compatible; GPTBot/1.3; +https://openai.com/gptbot)"
74.7.227.52 - - [31/Mar/2026:04:52:34 -0400] "GET /products/059000052 HTTP/1.1" 403 0 "https://gpdl-bd.com/?sitemap76.xml" "Mozilla/5.0 AppleWebKit/537.36 (KHTML, like Gecko; compatible; GPTBot/1.3; +https://openai.com/gptbot)"
66.249.77.32 - - [31/Mar/2026:04:52:34 -0400] "GET /?jp/083042416.html HTTP/1.1" 200 23417 "-" "Mozilla/5.0 (Linux; Android 6.0.1; Nexus 5X Build/MMB29P) AppleWebKit/537.36 (KHTML, like Gecko) Chrome/146.0.7680.153 Mobile Safari/537.36 (compatible; GoogleOther)"
74.7.227.52 - - [31/Mar/2026:04:52:35 -0400] "GET /products/166000091 HTTP/1.1" 403 0 "https://gpdl-bd.com/?sitemap428.xml" "Mozilla/5.0 AppleWebKit/537.36 (KHTML, like Gecko; compatible; GPTBot/1.3; +https://openai.com/gptbot)"
74.7.227.52 - - [31/Mar/2026:04:52:38 -0400] "GET /products/073000054 HTTP/1.1" 403 0 "https://gpdl-bd.com/?sitemap605.xml" "Mozilla/5.0 AppleWebKit/537.36 (KHTML, like Gecko; compatible; GPTBot/1.3; +https://openai.com/gptbot)"
74.7.227.52 - - [31/Mar/2026:04:52:40 -0400] "GET /products/094000065 HTTP/1.1" 403 0 "https://gpdl-bd.com/?sitemap428.xml" "Mozilla/5.0 AppleWebKit/537.36 (KHTML, like Gecko; compatible; GPTBot/1.3; +https://openai.com/gptbot)"
74.7.227.52 - - [31/Mar/2026:04:52:42 -0400] "GET /products/151000090 HTTP/1.1" 403 0 "https://gpdl-bd.com/?sitemap906.xml" "Mozilla/5.0 AppleWebKit/537.36 (KHTML, like Gecko; compatible; GPTBot/1.3; +https://openai.com/gptbot)"
74.7.227.52 - - [31/Mar/2026:04:52:44 -0400] "GET /products/206000079 HTTP/1.1" 403 0 "https://gpdl-bd.com/?sitemap906.xml" "Mozilla/5.0 AppleWebKit/537.36 (KHTML, like Gecko; compatible; GPTBot/1.3; +https://openai.com/gptbot)"
74.7.227.52 - - [31/Mar/2026:04:52:46 -0400] "GET /products/181022220 HTTP/1.1" 403 0 "https://gpdl-bd.com/?sitemap906.xml" "Mozilla/5.0 AppleWebKit/537.36 (KHTML, like Gecko; compatible; GPTBot/1.3; +https://openai.com/gptbot)"
74.7.227.52 - - [31/Mar/2026:04:52:48 -0400] "GET /products/197000080 HTTP/1.1" 403 0 "https://gpdl-bd.com/?sitemap906.xml" "Mozilla/5.0 AppleWebKit/537.36 (KHTML, like Gecko; compatible; GPTBot/1.3; +https://openai.com/gptbot)"
74.7.227.52 - - [31/Mar/2026:04:52:50 -0400] "GET /products/145020000 HTTP/1.1" 403 0 "https://gpdl-bd.com/?sitemap76.xml" "Mozilla/5.0 AppleWebKit/537.36 (KHTML, like Gecko; compatible; GPTBot/1.3; +https://openai.com/gptbot)"
74.7.227.52 - - [31/Mar/2026:04:52:52 -0400] "GET /products/300009633 HTTP/1.1" 403 0 "https://gpdl-bd.com/?sitemap428.xml" "Mozilla/5.0 AppleWebKit/537.36 (KHTML, like Gecko; compatible; GPTBot/1.3; +https://openai.com/gptbot)"
74.7.227.52 - - [31/Mar/2026:04:52:54 -0400] "GET /products/054000015 HTTP/1.1" 403 0 "https://gpdl-bd.com/?sitemap605.xml" "Mozilla/5.0 AppleWebKit/537.36 (KHTML, like Gecko; compatible; GPTBot/1.3; +https://openai.com/gptbot)"
74.7.227.52 - - [31/Mar/2026:04:52:57 -0400] "GET /products/010000733 HTTP/1.1" 403 0 "https://gpdl-bd.com/?sitemap605.xml" "Mozilla/5.0 AppleWebKit/537.36 (KHTML, like Gecko; compatible; GPTBot/1.3; +https://openai.com/gptbot)"
74.7.227.52 - - [31/Mar/2026:04:52:58 -0400] "GET /commoditys/085011881 HTTP/1.1" 403 0 "https://gpdl-bd.com/?sitemap906.xml" "Mozilla/5.0 AppleWebKit/537.36 (KHTML, like Gecko; compatible; GPTBot/1.3; +https://openai.com/gptbot)"
66.249.77.42 - - [31/Mar/2026:04:52:58 -0400] "GET /?jp/031025966.html HTTP/1.1" 200 22920 "-" "Mozilla/5.0 (Linux; Android 6.0.1; Nexus 5X Build/MMB29P) AppleWebKit/537.36 (KHTML, like Gecko) Chrome/146.0.7680.153 Mobile Safari/537.36 (compatible; GoogleOther)"
181.63.216.10 - - [31/Mar/2026:04:52:59 -0400] "GET /products/095017054 HTTP/1.1" 200 7203 "https://gpdl-bd.com/?sitemap605.xml" "Mozilla/5.0 (Linux; Android 9; MI 9 Build/PKQ1.181121.001; wv) AppleWebKit/537.36 (KHTML, like Gecko) Version/4.0 Chrome/61.0.4278.142 MQQBrowser/6.2 TBS/044704 Mobile Safari/537.36 V1_AND_SQ_8.0.8_1218_YYB_D QQ/8.0.8.4115 NetType/WIFI WebP/0.3.0 Pixel/1080 StatusBarHeight/110"
74.7.227.52 - - [31/Mar/2026:04:53:01 -0400] "GET /commoditys/034010340 HTTP/1.1" 403 0 "https://gpdl-bd.com/?sitemap76.xml" "Mozilla/5.0 AppleWebKit/537.36 (KHTML, like Gecko; compatible; GPTBot/1.3; +https://openai.com/gptbot)"
74.7.227.52 - - [31/Mar/2026:04:53:03 -0400] "GET /commoditys/041041003 HTTP/1.1" 403 0 "https://gpdl-bd.com/?sitemap906.xml" "Mozilla/5.0 AppleWebKit/537.36 (KHTML, like Gecko; compatible; GPTBot/1.3; +https://openai.com/gptbot)"
66.249.77.32 - - [31/Mar/2026:04:53:03 -0400] "GET /?jp/211012059.html HTTP/1.1" 200 23874 "-" "Mozilla/5.0 (Linux; Android 6.0.1; Nexus 5X Build/MMB29P) AppleWebKit/537.36 (KHTML, like Gecko) Chrome/146.0.7680.153 Mobile Safari/537.36 (compatible; GoogleOther)"
74.7.227.52 - - [31/Mar/2026:04:53:05 -0400] "GET /commoditys/140020202 HTTP/1.1" 403 0 "https://gpdl-bd.com/?sitemap428.xml" "Mozilla/5.0 AppleWebKit/537.36 (KHTML, like Gecko; compatible; GPTBot/1.3; +https://openai.com/gptbot)"
74.7.227.52 - - [31/Mar/2026:04:53:07 -0400] "GET /commoditys/173033033 HTTP/1.1" 403 0 "https://gpdl-bd.com/?sitemap76.xml" "Mozilla/5.0 AppleWebKit/537.36 (KHTML, like Gecko; compatible; GPTBot/1.3; +https://openai.com/gptbot)"
74.7.227.52 - - [31/Mar/2026:04:53:09 -0400] "GET /commoditys/004004052 HTTP/1.1" 403 0 "https://gpdl-bd.com/?sitemap605.xml" "Mozilla/5.0 AppleWebKit/537.36 (KHTML, like Gecko; compatible; GPTBot/1.3; +https://openai.com/gptbot)"
66.249.77.42 - - [31/Mar/2026:04:53:09 -0400] "GET /?detail/153019335159 HTTP/1.1" 200 23141 "-" "Mozilla/5.0 (Linux; Android 6.0.1; Nexus 5X Build/MMB29P) AppleWebKit/537.36 (KHTML, like Gecko) Chrome/146.0.7680.153 Mobile Safari/537.36 (compatible; GoogleOther)"
74.7.227.52 - - [31/Mar/2026:04:53:11 -0400] "GET /commoditys/123023035 HTTP/1.1" 403 0 "https://gpdl-bd.com/?sitemap76.xml" "Mozilla/5.0 AppleWebKit/537.36 (KHTML, like Gecko; compatible; GPTBot/1.3; +https://openai.com/gptbot)"
74.7.227.52 - - [31/Mar/2026:04:53:13 -0400] "GET /commoditys/264040410 HTTP/1.1" 403 0 "https://gpdl-bd.com/?sitemap906.xml" "Mozilla/5.0 AppleWebKit/537.36 (KHTML, like Gecko; compatible; GPTBot/1.3; +https://openai.com/gptbot)"
74.7.227.52 - - [31/Mar/2026:04:53:16 -0400] "GET /commoditys/179007905 HTTP/1.1" 403 0 "https://gpdl-bd.com/?sitemap605.xml" "Mozilla/5.0 AppleWebKit/537.36 (KHTML, like Gecko; compatible; GPTBot/1.3; +https://openai.com/gptbot)"
74.7.227.52 - - [31/Mar/2026:04:53:17 -0400] "GET /commoditys/202026132 HTTP/1.1" 403 0 "https://gpdl-bd.com/?sitemap605.xml" "Mozilla/5.0 AppleWebKit/537.36 (KHTML, like Gecko; compatible; GPTBot/1.3; +https://openai.com/gptbot)"
74.7.227.52 - - [31/Mar/2026:04:53:19 -0400] "GET /commoditys/093041093 HTTP/1.1" 403 0 "https://gpdl-bd.com/?sitemap605.xml" "Mozilla/5.0 AppleWebKit/537.36 (KHTML, like Gecko; compatible; GPTBot/1.3; +https://openai.com/gptbot)"
74.7.227.52 - - [31/Mar/2026:04:53:21 -0400] "GET /commoditys/201010917 HTTP/1.1" 403 0 "https://gpdl-bd.com/?sitemap76.xml" "Mozilla/5.0 AppleWebKit/537.36 (KHTML, like Gecko; compatible; GPTBot/1.3; +https://openai.com/gptbot)"
74.7.227.52 - - [31/Mar/2026:04:53:24 -0400] "GET /commoditys/104040678 HTTP/1.1" 403 0 "https://gpdl-bd.com/?sitemap906.xml" "Mozilla/5.0 AppleWebKit/537.36 (KHTML, like Gecko; compatible; GPTBot/1.3; +https://openai.com/gptbot)"
74.7.227.52 - - [31/Mar/2026:04:53:25 -0400] "GET /commoditys/202025576 HTTP/1.1" 403 0 "https://gpdl-bd.com/?sitemap428.xml" "Mozilla/5.0 AppleWebKit/537.36 (KHTML, like Gecko; compatible; GPTBot/1.3; +https://openai.com/gptbot)"
74.7.227.52 - - [31/Mar/2026:04:53:28 -0400] "GET /commoditys/104040278 HTTP/1.1" 403 0 "https://gpdl-bd.com/?sitemap605.xml" "Mozilla/5.0 AppleWebKit/537.36 (KHTML, like Gecko; compatible; GPTBot/1.3; +https://openai.com/gptbot)"
74.7.227.52 - - [31/Mar/2026:04:53:30 -0400] "GET /commoditys/269010269 HTTP/1.1" 403 0 "https://gpdl-bd.com/?sitemap906.xml" "Mozilla/5.0 AppleWebKit/537.36 (KHTML, like Gecko; compatible; GPTBot/1.3; +https://openai.com/gptbot)"
74.7.227.52 - - [31/Mar/2026:04:53:32 -0400] "GET /commoditys/226022634 HTTP/1.1" 403 0 "https://gpdl-bd.com/?sitemap428.xml" "Mozilla/5.0 AppleWebKit/537.36 (KHTML, like Gecko; compatible; GPTBot/1.3; +https://openai.com/gptbot)"
74.7.227.52 - - [31/Mar/2026:04:53:34 -0400] "GET /commoditys/034034602 HTTP/1.1" 403 0 "https://gpdl-bd.com/?sitemap605.xml" "Mozilla/5.0 AppleWebKit/537.36 (KHTML, like Gecko; compatible; GPTBot/1.3; +https://openai.com/gptbot)"
74.7.227.52 - - [31/Mar/2026:04:53:36 -0400] "GET /commoditys/202023128 HTTP/1.1" 403 0 "https://gpdl-bd.com/?sitemap76.xml" "Mozilla/5.0 AppleWebKit/537.36 (KHTML, like Gecko; compatible; GPTBot/1.3; +https://openai.com/gptbot)"
74.7.227.52 - - [31/Mar/2026:04:53:38 -0400] "GET /commoditys/192020268 HTTP/1.1" 403 0 "https://gpdl-bd.com/?sitemap428.xml" "Mozilla/5.0 AppleWebKit/537.36 (KHTML, like Gecko; compatible; GPTBot/1.3; +https://openai.com/gptbot)"
74.7.227.52 - - [31/Mar/2026:04:53:41 -0400] "GET /commoditys/170036036 HTTP/1.1" 403 0 "https://gpdl-bd.com/?sitemap428.xml" "Mozilla/5.0 AppleWebKit/537.36 (KHTML, like Gecko; compatible; GPTBot/1.3; +https://openai.com/gptbot)"
74.7.227.52 - - [31/Mar/2026:04:53:42 -0400] "GET /commoditys/149015901 HTTP/1.1" 403 0 "https://gpdl-bd.com/?sitemap76.xml" "Mozilla/5.0 AppleWebKit/537.36 (KHTML, like Gecko; compatible; GPTBot/1.3; +https://openai.com/gptbot)"
66.249.77.42 - - [31/Mar/2026:04:53:42 -0400] "GET /?detail/2330419962886 HTTP/1.1" 200 22535 "-" "Mozilla/5.0 (Linux; Android 6.0.1; Nexus 5X Build/MMB29P) AppleWebKit/537.36 (KHTML, like Gecko) Chrome/146.0.7680.153 Mobile Safari/537.36 (compatible; GoogleOther)"
74.7.227.52 - - [31/Mar/2026:04:53:44 -0400] "GET /commoditys/280016800 HTTP/1.1" 403 0 "https://gpdl-bd.com/?sitemap906.xml" "Mozilla/5.0 AppleWebKit/537.36 (KHTML, like Gecko; compatible; GPTBot/1.3; +https://openai.com/gptbot)"
74.7.227.52 - - [31/Mar/2026:04:53:46 -0400] "GET /commoditys/195013195 HTTP/1.1" 403 0 "https://gpdl-bd.com/?sitemap76.xml" "Mozilla/5.0 AppleWebKit/537.36 (KHTML, like Gecko; compatible; GPTBot/1.3; +https://openai.com/gptbot)"
74.7.227.52 - - [31/Mar/2026:04:53:48 -0400] "GET /commoditys/013013189 HTTP/1.1" 403 0 "https://gpdl-bd.com/?sitemap906.xml" "Mozilla/5.0 AppleWebKit/537.36 (KHTML, like Gecko; compatible; GPTBot/1.3; +https://openai.com/gptbot)"
74.7.227.52 - - [31/Mar/2026:04:53:50 -0400] "GET /commoditys/086008692 HTTP/1.1" 403 0 "https://gpdl-bd.com/?sitemap605.xml" "Mozilla/5.0 AppleWebKit/537.36 (KHTML, like Gecko; compatible; GPTBot/1.3; +https://openai.com/gptbot)"
74.7.227.52 - - [31/Mar/2026:04:53:53 -0400] "GET /commoditys/202023746 HTTP/1.1" 403 0 "https://gpdl-bd.com/?sitemap906.xml" "Mozilla/5.0 AppleWebKit/537.36 (KHTML, like Gecko; compatible; GPTBot/1.3; +https://openai.com/gptbot)"
74.7.227.52 - - [31/Mar/2026:04:53:54 -0400] "GET /commoditys/188023880 HTTP/1.1" 403 0 "https://gpdl-bd.com/?sitemap76.xml" "Mozilla/5.0 AppleWebKit/537.36 (KHTML, like Gecko; compatible; GPTBot/1.3; +https://openai.com/gptbot)"
74.7.227.52 - - [31/Mar/2026:04:53:57 -0400] "GET /commoditys/264024028 HTTP/1.1" 403 0 "https://gpdl-bd.com/?sitemap428.xml" "Mozilla/5.0 AppleWebKit/537.36 (KHTML, like Gecko; compatible; GPTBot/1.3; +https://openai.com/gptbot)"
74.7.227.52 - - [31/Mar/2026:04:53:58 -0400] "GET /commoditys/283016301 HTTP/1.1" 403 0 "https://gpdl-bd.com/?sitemap428.xml" "Mozilla/5.0 AppleWebKit/537.36 (KHTML, like Gecko; compatible; GPTBot/1.3; +https://openai.com/gptbot)"
74.7.227.52 - - [31/Mar/2026:04:54:00 -0400] "GET /commoditys/128028044 HTTP/1.1" 403 0 "https://gpdl-bd.com/?sitemap428.xml" "Mozilla/5.0 AppleWebKit/537.36 (KHTML, like Gecko; compatible; GPTBot/1.3; +https://openai.com/gptbot)"
74.7.227.52 - - [31/Mar/2026:04:54:02 -0400] "GET /commoditys/012012460 HTTP/1.1" 403 0 "https://gpdl-bd.com/?sitemap605.xml" "Mozilla/5.0 AppleWebKit/537.36 (KHTML, like Gecko; compatible; GPTBot/1.3; +https://openai.com/gptbot)"
74.7.227.52 - - [31/Mar/2026:04:54:04 -0400] "GET /commoditys/203030979 HTTP/1.1" 403 0 "https://gpdl-bd.com/?sitemap428.xml" "Mozilla/5.0 AppleWebKit/537.36 (KHTML, like Gecko; compatible; GPTBot/1.3; +https://openai.com/gptbot)"
74.7.227.52 - - [31/Mar/2026:04:54:07 -0400] "GET /commoditys/032020284 HTTP/1.1" 403 0 "https://gpdl-bd.com/?sitemap906.xml" "Mozilla/5.0 AppleWebKit/537.36 (KHTML, like Gecko; compatible; GPTBot/1.3; +https://openai.com/gptbot)"
74.7.227.52 - - [31/Mar/2026:04:54:09 -0400] "GET /commoditys/023023261 HTTP/1.1" 403 0 "https://gpdl-bd.com/?sitemap76.xml" "Mozilla/5.0 AppleWebKit/537.36 (KHTML, like Gecko; compatible; GPTBot/1.3; +https://openai.com/gptbot)"
74.7.227.52 - - [31/Mar/2026:04:54:11 -0400] "GET /commoditys/223015015 HTTP/1.1" 403 0 "https://gpdl-bd.com/?sitemap76.xml" "Mozilla/5.0 AppleWebKit/537.36 (KHTML, like Gecko; compatible; GPTBot/1.3; +https://openai.com/gptbot)"
74.7.227.52 - - [31/Mar/2026:04:54:14 -0400] "GET /commoditys/105020209 HTTP/1.1" 403 0 "https://gpdl-bd.com/?sitemap428.xml" "Mozilla/5.0 AppleWebKit/537.36 (KHTML, like Gecko; compatible; GPTBot/1.3; +https://openai.com/gptbot)"
74.7.227.52 - - [31/Mar/2026:04:54:15 -0400] "GET /commoditys/199035199 HTTP/1.1" 403 0 "https://gpdl-bd.com/?sitemap605.xml" "Mozilla/5.0 AppleWebKit/537.36 (KHTML, like Gecko; compatible; GPTBot/1.3; +https://openai.com/gptbot)"
74.7.227.52 - - [31/Mar/2026:04:54:17 -0400] "GET /commoditys/016016768 HTTP/1.1" 403 0 "https://gpdl-bd.com/?sitemap605.xml" "Mozilla/5.0 AppleWebKit/537.36 (KHTML, like Gecko; compatible; GPTBot/1.3; +https://openai.com/gptbot)"
74.7.227.52 - - [31/Mar/2026:04:54:19 -0400] "GET /commoditys/102020526 HTTP/1.1" 403 0 "https://gpdl-bd.com/?sitemap906.xml" "Mozilla/5.0 AppleWebKit/537.36 (KHTML, like Gecko; compatible; GPTBot/1.3; +https://openai.com/gptbot)"
74.7.227.52 - - [31/Mar/2026:04:54:21 -0400] "GET /commoditys/014014524 HTTP/1.1" 403 0 "https://gpdl-bd.com/?sitemap605.xml" "Mozilla/5.0 AppleWebKit/537.36 (KHTML, like Gecko; compatible; GPTBot/1.3; +https://openai.com/gptbot)"
74.7.227.52 - - [31/Mar/2026:04:54:23 -0400] "GET /commoditys/038049380 HTTP/1.1" 403 0 "https://gpdl-bd.com/?sitemap428.xml" "Mozilla/5.0 AppleWebKit/537.36 (KHTML, like Gecko; compatible; GPTBot/1.3; +https://openai.com/gptbot)"
66.249.77.32 - - [31/Mar/2026:04:54:24 -0400] "GET /?detail/251041403998 HTTP/1.1" 200 21855 "-" "Mozilla/5.0 (Linux; Android 6.0.1; Nexus 5X Build/MMB29P) AppleWebKit/537.36 (KHTML, like Gecko) Chrome/146.0.7680.153 Mobile Safari/537.36 (compatible; GoogleOther)"
74.7.227.52 - - [31/Mar/2026:04:54:25 -0400] "GET /commoditys/146032460 HTTP/1.1" 403 0 "https://gpdl-bd.com/?sitemap605.xml" "Mozilla/5.0 AppleWebKit/537.36 (KHTML, like Gecko; compatible; GPTBot/1.3; +https://openai.com/gptbot)"
74.7.227.52 - - [31/Mar/2026:04:54:27 -0400] "GET /commoditys/025025807 HTTP/1.1" 403 0 "https://gpdl-bd.com/?sitemap605.xml" "Mozilla/5.0 AppleWebKit/537.36 (KHTML, like Gecko; compatible; GPTBot/1.3; +https://openai.com/gptbot)"
74.7.227.52 - - [31/Mar/2026:04:54:30 -0400] "GET /commoditys/202021478 HTTP/1.1" 403 0 "https://gpdl-bd.com/?sitemap428.xml" "Mozilla/5.0 AppleWebKit/537.36 (KHTML, like Gecko; compatible; GPTBot/1.3; +https://openai.com/gptbot)"
74.7.227.52 - - [31/Mar/2026:04:54:32 -0400] "GET /commoditys/290034290 HTTP/1.1" 403 0 "https://gpdl-bd.com/?sitemap605.xml" "Mozilla/5.0 AppleWebKit/537.36 (KHTML, like Gecko; compatible; GPTBot/1.3; +https://openai.com/gptbot)"
74.7.227.52 - - [31/Mar/2026:04:54:34 -0400] "GET /commoditys/193030327 HTTP/1.1" 403 0 "https://gpdl-bd.com/?sitemap428.xml" "Mozilla/5.0 AppleWebKit/537.36 (KHTML, like Gecko; compatible; GPTBot/1.3; +https://openai.com/gptbot)"
66.249.77.42 - - [31/Mar/2026:04:54:34 -0400] "GET /?jp/160025732.html HTTP/1.1" 200 24870 "-" "Mozilla/5.0 (Linux; Android 6.0.1; Nexus 5X Build/MMB29P) AppleWebKit/537.36 (KHTML, like Gecko) Chrome/146.0.7680.153 Mobile Safari/537.36 (compatible; GoogleOther)"
74.7.227.52 - - [31/Mar/2026:04:54:36 -0400] "GET /commoditys/036036882 HTTP/1.1" 403 0 "https://gpdl-bd.com/?sitemap906.xml" "Mozilla/5.0 AppleWebKit/537.36 (KHTML, like Gecko; compatible; GPTBot/1.3; +https://openai.com/gptbot)"
74.7.227.52 - - [31/Mar/2026:04:54:38 -0400] "GET /commoditys/014014278 HTTP/1.1" 403 0 "https://gpdl-bd.com/?sitemap605.xml" "Mozilla/5.0 AppleWebKit/537.36 (KHTML, like Gecko; compatible; GPTBot/1.3; +https://openai.com/gptbot)"
74.7.227.52 - - [31/Mar/2026:04:54:40 -0400] "GET /commoditys/297013297 HTTP/1.1" 403 0 "https://gpdl-bd.com/?sitemap428.xml" "Mozilla/5.0 AppleWebKit/537.36 (KHTML, like Gecko; compatible; GPTBot/1.3; +https://openai.com/gptbot)"
74.7.228.183 - - [31/Mar/2026:04:54:41 -0400] "GET /agents/ HTTP/1.1" 200 6003 "-" "Mozilla/5.0 (Macintosh; Intel Mac OS X 10_15_7) AppleWebKit/537.36 (KHTML, like Gecko) Chrome/131.0.0.0 Safari/537.36; compatible; OAI-SearchBot/1.3; +https://openai.com/searchbot"
74.7.227.52 - - [31/Mar/2026:04:54:42 -0400] "GET /commoditys/062041062 HTTP/1.1" 403 0 "https://gpdl-bd.com/?sitemap76.xml" "Mozilla/5.0 AppleWebKit/537.36 (KHTML, like Gecko; compatible; GPTBot/1.3; +https://openai.com/gptbot)"
74.7.227.52 - - [31/Mar/2026:04:54:44 -0400] "GET /commoditys/101014229 HTTP/1.1" 403 0 "https://gpdl-bd.com/?sitemap605.xml" "Mozilla/5.0 AppleWebKit/537.36 (KHTML, like Gecko; compatible; GPTBot/1.3; +https://openai.com/gptbot)"
74.7.228.183 - - [31/Mar/2026:04:54:44 -0400] "GET /agents/fonts/flaticon/flaticon.css HTTP/1.1" 200 6003 "https://gpdl-bd.com/agents/" "Mozilla/5.0 (Macintosh; Intel Mac OS X 10_15_7) AppleWebKit/537.36 (KHTML, like Gecko) Chrome/131.0.0.0 Safari/537.36; compatible; OAI-SearchBot/1.3; +https://openai.com/searchbot"
74.7.227.52 - - [31/Mar/2026:04:54:46 -0400] "GET /commoditys/257034257 HTTP/1.1" 403 0 "https://gpdl-bd.com/?sitemap428.xml" "Mozilla/5.0 AppleWebKit/537.36 (KHTML, like Gecko; compatible; GPTBot/1.3; +https://openai.com/gptbot)"
74.7.229.227 - - [31/Mar/2026:04:54:47 -0400] "GET /agents/css/owl.carousel.min.css HTTP/1.1" 200 6003 "https://gpdl-bd.com/agents/" "Mozilla/5.0 (Macintosh; Intel Mac OS X 10_15_7) AppleWebKit/537.36 (KHTML, like Gecko) Chrome/131.0.0.0 Safari/537.36; compatible; OAI-SearchBot/1.3; +https://openai.com/searchbot"
74.7.227.52 - - [31/Mar/2026:04:54:48 -0400] "GET /commoditys/221021079 HTTP/1.1" 403 0 "https://gpdl-bd.com/?sitemap906.xml" "Mozilla/5.0 AppleWebKit/537.36 (KHTML, like Gecko; compatible; GPTBot/1.3; +https://openai.com/gptbot)"
74.7.229.43 - - [31/Mar/2026:04:54:50 -0400] "GET /agents/js/draggable-0.1.js HTTP/1.1" 200 6003 "https://gpdl-bd.com/agents/" "Mozilla/5.0 (Macintosh; Intel Mac OS X 10_15_7) AppleWebKit/537.36 (KHTML, like Gecko) Chrome/131.0.0.0 Safari/537.36; compatible; OAI-SearchBot/1.3; +https://openai.com/searchbot"
74.7.227.52 - - [31/Mar/2026:04:54:50 -0400] "GET /commoditys/202026998 HTTP/1.1" 403 0 "https://gpdl-bd.com/?sitemap605.xml" "Mozilla/5.0 AppleWebKit/537.36 (KHTML, like Gecko; compatible; GPTBot/1.3; +https://openai.com/gptbot)"
74.7.228.183 - - [31/Mar/2026:04:54:52 -0400] "GET /agents/js/greensock.js HTTP/1.1" 200 6003 "https://gpdl-bd.com/agents/" "Mozilla/5.0 (Macintosh; Intel Mac OS X 10_15_7) AppleWebKit/537.36 (KHTML, like Gecko) Chrome/131.0.0.0 Safari/537.36; compatible; OAI-SearchBot/1.3; +https://openai.com/searchbot"
74.7.227.52 - - [31/Mar/2026:04:54:52 -0400] "GET /commoditys/278027812 HTTP/1.1" 403 0 "https://gpdl-bd.com/?sitemap76.xml" "Mozilla/5.0 AppleWebKit/537.36 (KHTML, like Gecko; compatible; GPTBot/1.3; +https://openai.com/gptbot)"
74.7.229.227 - - [31/Mar/2026:04:54:54 -0400] "GET /agents/js/custom.js HTTP/1.1" 200 6003 "https://gpdl-bd.com/agents/" "Mozilla/5.0 (Macintosh; Intel Mac OS X 10_15_7) AppleWebKit/537.36 (KHTML, like Gecko) Chrome/131.0.0.0 Safari/537.36; compatible; OAI-SearchBot/1.3; +https://openai.com/searchbot"
74.7.227.52 - - [31/Mar/2026:04:54:54 -0400] "GET /commoditys/204040116 HTTP/1.1" 403 0 "https://gpdl-bd.com/?sitemap605.xml" "Mozilla/5.0 AppleWebKit/537.36 (KHTML, like Gecko; compatible; GPTBot/1.3; +https://openai.com/gptbot)"
74.7.229.237 - - [31/Mar/2026:04:54:56 -0400] "GET /agents/js/wow.js HTTP/1.1" 200 6003 "https://gpdl-bd.com/agents/" "Mozilla/5.0 (Macintosh; Intel Mac OS X 10_15_7) AppleWebKit/537.36 (KHTML, like Gecko) Chrome/131.0.0.0 Safari/537.36; compatible; OAI-SearchBot/1.3; +https://openai.com/searchbot"
74.7.227.52 - - [31/Mar/2026:04:54:57 -0400] "GET /commoditys/155034343 HTTP/1.1" 403 0 "https://gpdl-bd.com/?sitemap906.xml" "Mozilla/5.0 AppleWebKit/537.36 (KHTML, like Gecko; compatible; GPTBot/1.3; +https://openai.com/gptbot)"
74.7.229.237 - - [31/Mar/2026:04:54:58 -0400] "GET /agents/js/owl.carousel.min.js HTTP/1.1" 200 6003 "https://gpdl-bd.com/agents/" "Mozilla/5.0 (Macintosh; Intel Mac OS X 10_15_7) AppleWebKit/537.36 (KHTML, like Gecko) Chrome/131.0.0.0 Safari/537.36; compatible; OAI-SearchBot/1.3; +https://openai.com/searchbot"
74.7.227.52 - - [31/Mar/2026:04:54:59 -0400] "GET /commoditys/193029029 HTTP/1.1" 403 0 "https://gpdl-bd.com/?sitemap428.xml" "Mozilla/5.0 AppleWebKit/537.36 (KHTML, like Gecko; compatible; GPTBot/1.3; +https://openai.com/gptbot)"
74.7.229.227 - - [31/Mar/2026:04:54:59 -0400] "GET /agents/js/jquery.min.js HTTP/1.1" 200 6003 "https://gpdl-bd.com/agents/" "Mozilla/5.0 (Macintosh; Intel Mac OS X 10_15_7) AppleWebKit/537.36 (KHTML, like Gecko) Chrome/131.0.0.0 Safari/537.36; compatible; OAI-SearchBot/1.3; +https://openai.com/searchbot"
74.7.229.227 - - [31/Mar/2026:04:55:01 -0400] "GET /agents/images/logo/restatelg.png HTTP/1.1" 200 6003 "https://gpdl-bd.com/agents/" "Mozilla/5.0 (Macintosh; Intel Mac OS X 10_15_7) AppleWebKit/537.36 (KHTML, like Gecko) Chrome/131.0.0.0 Safari/537.36; compatible; OAI-SearchBot/1.3; +https://openai.com/searchbot"
74.7.227.52 - - [31/Mar/2026:04:55:01 -0400] "GET /commoditys/136005050 HTTP/1.1" 403 0 "https://gpdl-bd.com/?sitemap906.xml" "Mozilla/5.0 AppleWebKit/537.36 (KHTML, like Gecko; compatible; GPTBot/1.3; +https://openai.com/gptbot)"
74.7.228.183 - - [31/Mar/2026:04:55:02 -0400] "GET /agents/js/popper.min.js HTTP/1.1" 200 6003 "https://gpdl-bd.com/agents/" "Mozilla/5.0 (Macintosh; Intel Mac OS X 10_15_7) AppleWebKit/537.36 (KHTML, like Gecko) Chrome/131.0.0.0 Safari/537.36; compatible; OAI-SearchBot/1.3; +https://openai.com/searchbot"
74.7.227.52 - - [31/Mar/2026:04:55:03 -0400] "GET /commoditys/168048484 HTTP/1.1" 403 0 "https://gpdl-bd.com/?sitemap76.xml" "Mozilla/5.0 AppleWebKit/537.36 (KHTML, like Gecko; compatible; GPTBot/1.3; +https://openai.com/gptbot)"
74.7.229.43 - - [31/Mar/2026:04:55:03 -0400] "GET /agents/images/testimonial/amitava_shaha.png HTTP/1.1" 200 6003 "https://gpdl-bd.com/agents/" "Mozilla/5.0 (Macintosh; Intel Mac OS X 10_15_7) AppleWebKit/537.36 (KHTML, like Gecko) Chrome/131.0.0.0 Safari/537.36; compatible; OAI-SearchBot/1.3; +https://openai.com/searchbot"
74.7.229.69 - - [31/Mar/2026:04:55:04 -0400] "GET /agents/images/testimonial/Mohammad-Tanbir-Uddin.jpeg HTTP/1.1" 200 6003 "https://gpdl-bd.com/agents/" "Mozilla/5.0 (Macintosh; Intel Mac OS X 10_15_7) AppleWebKit/537.36 (KHTML, like Gecko) Chrome/131.0.0.0 Safari/537.36; compatible; OAI-SearchBot/1.3; +https://openai.com/searchbot"
66.249.77.42 - - [31/Mar/2026:04:55:03 -0400] "GET /?jp/292012901.html HTTP/1.1" 200 22723 "-" "Mozilla/5.0 (Linux; Android 6.0.1; Nexus 5X Build/MMB29P) AppleWebKit/537.36 (KHTML, like Gecko) Chrome/146.0.7680.153 Mobile Safari/537.36 (compatible; GoogleOther)"
74.7.227.52 - - [31/Mar/2026:04:55:05 -0400] "GET /commoditys/013013887 HTTP/1.1" 403 0 "https://gpdl-bd.com/?sitemap605.xml" "Mozilla/5.0 AppleWebKit/537.36 (KHTML, like Gecko; compatible; GPTBot/1.3; +https://openai.com/gptbot)"
74.7.242.143 - - [31/Mar/2026:04:55:06 -0400] "GET /agents/css/color.css HTTP/1.1" 200 6003 "https://gpdl-bd.com/agents/" "Mozilla/5.0 (Macintosh; Intel Mac OS X 10_15_7) AppleWebKit/537.36 (KHTML, like Gecko) Chrome/131.0.0.0 Safari/537.36; compatible; OAI-SearchBot/1.3; +https://openai.com/searchbot"
74.7.229.43 - - [31/Mar/2026:04:55:07 -0400] "GET /agents/images/favicon.ico HTTP/1.1" 200 6003 "https://gpdl-bd.com/agents/" "Mozilla/5.0 (Macintosh; Intel Mac OS X 10_15_7) AppleWebKit/537.36 (KHTML, like Gecko) Chrome/131.0.0.0 Safari/537.36; compatible; OAI-SearchBot/1.3; +https://openai.com/searchbot"
74.7.227.52 - - [31/Mar/2026:04:55:07 -0400] "GET /commoditys/298028980 HTTP/1.1" 403 0 "https://gpdl-bd.com/?sitemap76.xml" "Mozilla/5.0 AppleWebKit/537.36 (KHTML, like Gecko; compatible; GPTBot/1.3; +https://openai.com/gptbot)"
74.7.228.129 - - [31/Mar/2026:04:55:09 -0400] "GET /agents/contact.php HTTP/1.1" 200 6003 "https://gpdl-bd.com/agents/" "Mozilla/5.0 (Macintosh; Intel Mac OS X 10_15_7) AppleWebKit/537.36 (KHTML, like Gecko) Chrome/131.0.0.0 Safari/537.36; compatible; OAI-SearchBot/1.3; +https://openai.com/searchbot"
74.7.227.52 - - [31/Mar/2026:04:55:10 -0400] "GET /commoditys/201020133 HTTP/1.1" 403 0 "https://gpdl-bd.com/?sitemap76.xml" "Mozilla/5.0 AppleWebKit/537.36 (KHTML, like Gecko; compatible; GPTBot/1.3; +https://openai.com/gptbot)"
66.249.77.32 - - [31/Mar/2026:04:55:10 -0400] "GET /?detail/140009266452 HTTP/1.1" 200 23689 "-" "Mozilla/5.0 (Linux; Android 6.0.1; Nexus 5X Build/MMB29P) AppleWebKit/537.36 (KHTML, like Gecko) Chrome/146.0.7680.153 Mobile Safari/537.36 (compatible; GoogleOther)"
74.7.228.207 - - [31/Mar/2026:04:55:10 -0400] "GET /agents/js/validate.js HTTP/1.1" 200 6003 "https://gpdl-bd.com/agents/" "Mozilla/5.0 (Macintosh; Intel Mac OS X 10_15_7) AppleWebKit/537.36 (KHTML, like Gecko) Chrome/131.0.0.0 Safari/537.36; compatible; OAI-SearchBot/1.3; +https://openai.com/searchbot"
74.7.227.52 - - [31/Mar/2026:04:55:12 -0400] "GET /agents/js/admin/property/gsh1.jpg HTTP/1.1" 403 0 "https://gpdl-bd.com/agents/js/draggable-0.1.js" "Mozilla/5.0 AppleWebKit/537.36 (KHTML, like Gecko; compatible; GPTBot/1.3; +https://openai.com/gptbot)"
74.7.229.43 - - [31/Mar/2026:04:55:12 -0400] "GET /agents/js/jquery.cookie.js HTTP/1.1" 200 6003 "https://gpdl-bd.com/agents/" "Mozilla/5.0 (Macintosh; Intel Mac OS X 10_15_7) AppleWebKit/537.36 (KHTML, like Gecko) Chrome/131.0.0.0 Safari/537.36; compatible; OAI-SearchBot/1.3; +https://openai.com/searchbot"
74.7.229.237 - - [31/Mar/2026:04:55:12 -0400] "GET /agents/css/layerslider.css HTTP/1.1" 200 6003 "https://gpdl-bd.com/agents/" "Mozilla/5.0 (Macintosh; Intel Mac OS X 10_15_7) AppleWebKit/537.36 (KHTML, like Gecko) Chrome/131.0.0.0 Safari/537.36; compatible; OAI-SearchBot/1.3; +https://openai.com/searchbot"
74.7.229.227 - - [31/Mar/2026:04:55:13 -0400] "GET /agents/css/jquery-ui.css HTTP/1.1" 200 6003 "https://gpdl-bd.com/agents/" "Mozilla/5.0 (Macintosh; Intel Mac OS X 10_15_7) AppleWebKit/537.36 (KHTML, like Gecko) Chrome/131.0.0.0 Safari/537.36; compatible; OAI-SearchBot/1.3; +https://openai.com/searchbot"
74.7.227.52 - - [31/Mar/2026:04:55:13 -0400] "GET /commoditys/108010866 HTTP/1.1" 403 0 "https://gpdl-bd.com/?sitemap906.xml" "Mozilla/5.0 AppleWebKit/537.36 (KHTML, like Gecko; compatible; GPTBot/1.3; +https://openai.com/gptbot)"
74.7.229.43 - - [31/Mar/2026:04:55:14 -0400] "GET /agents/js/jquery.cookie.js HTTP/1.1" 200 6003 "https://gpdl-bd.com/agents/" "Mozilla/5.0 (Macintosh; Intel Mac OS X 10_15_7) AppleWebKit/537.36 (KHTML, like Gecko) Chrome/131.0.0.0 Safari/537.36; compatible; OAI-SearchBot/1.3; +https://openai.com/searchbot"
74.7.229.237 - - [31/Mar/2026:04:55:14 -0400] "GET /agents/css/layerslider.css HTTP/1.1" 200 6003 "https://gpdl-bd.com/agents/" "Mozilla/5.0 (Macintosh; Intel Mac OS X 10_15_7) AppleWebKit/537.36 (KHTML, like Gecko) Chrome/131.0.0.0 Safari/537.36; compatible; OAI-SearchBot/1.3; +https://openai.com/searchbot"
74.7.227.52 - - [31/Mar/2026:04:55:18 -0400] "GET /commoditys/124004124 HTTP/1.1" 403 0 "https://gpdl-bd.com/?sitemap605.xml" "Mozilla/5.0 AppleWebKit/537.36 (KHTML, like Gecko; compatible; GPTBot/1.3; +https://openai.com/gptbot)"
74.7.229.69 - - [31/Mar/2026:04:55:18 -0400] "GET /agents/images/01.jpg HTTP/1.1" 200 6003 "https://gpdl-bd.com/agents/" "Mozilla/5.0 (Macintosh; Intel Mac OS X 10_15_7) AppleWebKit/537.36 (KHTML, like Gecko) Chrome/131.0.0.0 Safari/537.36; compatible; OAI-SearchBot/1.3; +https://openai.com/searchbot"
74.7.227.52 - - [31/Mar/2026:04:55:19 -0400] "GET /commoditys/262006888 HTTP/1.1" 403 0 "https://gpdl-bd.com/?sitemap76.xml" "Mozilla/5.0 AppleWebKit/537.36 (KHTML, like Gecko; compatible; GPTBot/1.3; +https://openai.com/gptbot)"
74.7.228.207 - - [31/Mar/2026:04:55:20 -0400] "GET /agents/js/YouTubePopUp.jquery.js HTTP/1.1" 200 6003 "https://gpdl-bd.com/agents/" "Mozilla/5.0 (Macintosh; Intel Mac OS X 10_15_7) AppleWebKit/537.36 (KHTML, like Gecko) Chrome/131.0.0.0 Safari/537.36; compatible; OAI-SearchBot/1.3; +https://openai.com/searchbot"
74.7.227.52 - - [31/Mar/2026:04:55:22 -0400] "GET /commoditys/272000766 HTTP/1.1" 403 0 "https://gpdl-bd.com/?sitemap76.xml" "Mozilla/5.0 AppleWebKit/537.36 (KHTML, like Gecko; compatible; GPTBot/1.3; +https://openai.com/gptbot)"
46.159.247.206 - - [31/Mar/2026:04:55:22 -0400] "GET /products/095016790 HTTP/1.1" 200 7203 "https://gpdl-bd.com/?sitemap605.xml" "Mozilla/5.0 (Linux; Android 7.1.1; OPPO R9sk Build/NMF26F) AppleWebKit/537.36 (KHTML, like Gecko) Chrome/87.0.3748.30 Mobile Safari/537.36 OPR/53.0.2569.141117"
74.7.229.237 - - [31/Mar/2026:04:55:22 -0400] "GET /agents/images/popular/popular-1.jpeg HTTP/1.1" 200 6003 "https://gpdl-bd.com/agents/" "Mozilla/5.0 (Macintosh; Intel Mac OS X 10_15_7) AppleWebKit/537.36 (KHTML, like Gecko) Chrome/131.0.0.0 Safari/537.36; compatible; OAI-SearchBot/1.3; +https://openai.com/searchbot"
