74.7.227.52 - - [31/Mar/2026:04:55:23 -0400] "GET /commoditys/044044966 HTTP/1.1" 403 0 "https://gpdl-bd.com/?sitemap428.xml" "Mozilla/5.0 AppleWebKit/537.36 (KHTML, like Gecko; compatible; GPTBot/1.3; +https://openai.com/gptbot)"
74.7.242.143 - - [31/Mar/2026:04:55:23 -0400] "GET /agents/js/layerslider.transitions.js HTTP/1.1" 200 6003 "https://gpdl-bd.com/agents/" "Mozilla/5.0 (Macintosh; Intel Mac OS X 10_15_7) AppleWebKit/537.36 (KHTML, like Gecko) Chrome/131.0.0.0 Safari/537.36; compatible; OAI-SearchBot/1.3; +https://openai.com/searchbot"
74.7.228.207 - - [31/Mar/2026:04:55:24 -0400] "GET /agents/js/jquery.dependClass-0.1.js HTTP/1.1" 200 6003 "https://gpdl-bd.com/agents/" "Mozilla/5.0 (Macintosh; Intel Mac OS X 10_15_7) AppleWebKit/537.36 (KHTML, like Gecko) Chrome/131.0.0.0 Safari/537.36; compatible; OAI-SearchBot/1.3; +https://openai.com/searchbot"
74.7.229.69 - - [31/Mar/2026:04:55:24 -0400] "GET /agents/admin/property/Lake-View-Palace.jpeg HTTP/1.1" 200 6003 "https://gpdl-bd.com/agents/" "Mozilla/5.0 (Macintosh; Intel Mac OS X 10_15_7) AppleWebKit/537.36 (KHTML, like Gecko) Chrome/131.0.0.0 Safari/537.36; compatible; OAI-SearchBot/1.3; +https://openai.com/searchbot"
74.7.227.52 - - [31/Mar/2026:04:55:25 -0400] "GET /agents/images/logo/admin/property/gsh1.jpg HTTP/1.1" 403 0 "https://gpdl-bd.com/agents/images/logo/restatelg.png" "Mozilla/5.0 AppleWebKit/537.36 (KHTML, like Gecko; compatible; GPTBot/1.3; +https://openai.com/gptbot)"
74.7.228.207 - - [31/Mar/2026:04:55:25 -0400] "GET /agents/css/bootstrap-slider.css HTTP/1.1" 200 6003 "https://gpdl-bd.com/agents/" "Mozilla/5.0 (Macintosh; Intel Mac OS X 10_15_7) AppleWebKit/537.36 (KHTML, like Gecko) Chrome/131.0.0.0 Safari/537.36; compatible; OAI-SearchBot/1.3; +https://openai.com/searchbot"
74.7.228.207 - - [31/Mar/2026:04:55:26 -0400] "GET /agents/css/bootstrap.min.css HTTP/1.1" 200 6003 "https://gpdl-bd.com/agents/" "Mozilla/5.0 (Macintosh; Intel Mac OS X 10_15_7) AppleWebKit/537.36 (KHTML, like Gecko) Chrome/131.0.0.0 Safari/537.36; compatible; OAI-SearchBot/1.3; +https://openai.com/searchbot"
74.7.227.52 - - [31/Mar/2026:04:55:28 -0400] "GET /commoditys/010010848 HTTP/1.1" 403 0 "https://gpdl-bd.com/?sitemap906.xml" "Mozilla/5.0 AppleWebKit/537.36 (KHTML, like Gecko; compatible; GPTBot/1.3; +https://openai.com/gptbot)"
74.7.242.143 - - [31/Mar/2026:04:55:28 -0400] "GET /agents/css/font-awesome.min.css HTTP/1.1" 200 6003 "https://gpdl-bd.com/agents/" "Mozilla/5.0 (Macintosh; Intel Mac OS X 10_15_7) AppleWebKit/537.36 (KHTML, like Gecko) Chrome/131.0.0.0 Safari/537.36; compatible; OAI-SearchBot/1.3; +https://openai.com/searchbot"
74.7.229.43 - - [31/Mar/2026:04:55:28 -0400] "GET /agents/admin/property/gsh1.jpg HTTP/1.1" 200 6003 "https://gpdl-bd.com/agents/" "Mozilla/5.0 (Macintosh; Intel Mac OS X 10_15_7) AppleWebKit/537.36 (KHTML, like Gecko) Chrome/131.0.0.0 Safari/537.36; compatible; OAI-SearchBot/1.3; +https://openai.com/searchbot"
74.7.242.143 - - [31/Mar/2026:04:55:29 -0400] "GET /agents/images/banner/rshmpg.jpg HTTP/1.1" 200 6003 "https://gpdl-bd.com/agents/" "Mozilla/5.0 (Macintosh; Intel Mac OS X 10_15_7) AppleWebKit/537.36 (KHTML, like Gecko) Chrome/131.0.0.0 Safari/537.36; compatible; OAI-SearchBot/1.3; +https://openai.com/searchbot"
74.7.227.52 - - [31/Mar/2026:04:55:29 -0400] "GET /agents/images/admin/property/gsh1.jpg HTTP/1.1" 403 0 "https://gpdl-bd.com/agents/images/favicon.ico" "Mozilla/5.0 AppleWebKit/537.36 (KHTML, like Gecko; compatible; GPTBot/1.3; +https://openai.com/gptbot)"
74.7.242.143 - - [31/Mar/2026:04:55:29 -0400] "GET /agents/images/breadcromb.jpg HTTP/1.1" 200 6003 "https://gpdl-bd.com/agents/" "Mozilla/5.0 (Macintosh; Intel Mac OS X 10_15_7) AppleWebKit/537.36 (KHTML, like Gecko) Chrome/131.0.0.0 Safari/537.36; compatible; OAI-SearchBot/1.3; +https://openai.com/searchbot"
74.7.229.43 - - [31/Mar/2026:04:55:30 -0400] "GET /agents/agent.php HTTP/1.1" 200 6003 "https://gpdl-bd.com/agents/" "Mozilla/5.0 (Macintosh; Intel Mac OS X 10_15_7) AppleWebKit/537.36 (KHTML, like Gecko) Chrome/131.0.0.0 Safari/537.36; compatible; OAI-SearchBot/1.3; +https://openai.com/searchbot"
74.7.227.52 - - [31/Mar/2026:04:55:31 -0400] "GET /commoditys/202021422 HTTP/1.1" 403 0 "https://gpdl-bd.com/?sitemap906.xml" "Mozilla/5.0 AppleWebKit/537.36 (KHTML, like Gecko; compatible; GPTBot/1.3; +https://openai.com/gptbot)"
74.7.228.183 - - [31/Mar/2026:04:55:31 -0400] "GET /agents/js/layerslider.kreaturamedia.jquery.js HTTP/1.1" 200 6003 "https://gpdl-bd.com/agents/" "Mozilla/5.0 (Macintosh; Intel Mac OS X 10_15_7) AppleWebKit/537.36 (KHTML, like Gecko) Chrome/131.0.0.0 Safari/537.36; compatible; OAI-SearchBot/1.3; +https://openai.com/searchbot"
74.7.228.129 - - [31/Mar/2026:04:55:35 -0400] "GET /agents/about.php HTTP/1.1" 200 6003 "https://gpdl-bd.com/agents/" "Mozilla/5.0 (Macintosh; Intel Mac OS X 10_15_7) AppleWebKit/537.36 (KHTML, like Gecko) Chrome/131.0.0.0 Safari/537.36; compatible; OAI-SearchBot/1.3; +https://openai.com/searchbot"
74.7.227.52 - - [31/Mar/2026:04:55:37 -0400] "GET /commoditys/155009155 HTTP/1.1" 403 0 "https://gpdl-bd.com/?sitemap76.xml" "Mozilla/5.0 AppleWebKit/537.36 (KHTML, like Gecko; compatible; GPTBot/1.3; +https://openai.com/gptbot)"
74.7.228.183 - - [31/Mar/2026:04:55:37 -0400] "GET /agents/js/layerslider.kreaturamedia.jquery.js HTTP/1.1" 200 6003 "https://gpdl-bd.com/agents/" "Mozilla/5.0 (Macintosh; Intel Mac OS X 10_15_7) AppleWebKit/537.36 (KHTML, like Gecko) Chrome/131.0.0.0 Safari/537.36; compatible; OAI-SearchBot/1.3; +https://openai.com/searchbot"
74.7.227.52 - - [31/Mar/2026:04:55:37 -0400] "GET /commoditys/117017027 HTTP/1.1" 403 0 "https://gpdl-bd.com/?sitemap76.xml" "Mozilla/5.0 AppleWebKit/537.36 (KHTML, like Gecko; compatible; GPTBot/1.3; +https://openai.com/gptbot)"
74.7.229.69 - - [31/Mar/2026:04:55:42 -0400] "GET /agents/admin/property/07.jpeg HTTP/1.1" 200 6003 "https://gpdl-bd.com/agents/" "Mozilla/5.0 (Macintosh; Intel Mac OS X 10_15_7) AppleWebKit/537.36 (KHTML, like Gecko) Chrome/131.0.0.0 Safari/537.36; compatible; OAI-SearchBot/1.3; +https://openai.com/searchbot"
74.7.227.52 - - [31/Mar/2026:04:55:43 -0400] "GET /commoditys/031040401 HTTP/1.1" 403 0 "https://gpdl-bd.com/?sitemap605.xml" "Mozilla/5.0 AppleWebKit/537.36 (KHTML, like Gecko; compatible; GPTBot/1.3; +https://openai.com/gptbot)"
74.7.227.52 - - [31/Mar/2026:04:55:43 -0400] "GET /commoditys/112012024 HTTP/1.1" 403 0 "https://gpdl-bd.com/?sitemap76.xml" "Mozilla/5.0 AppleWebKit/537.36 (KHTML, like Gecko; compatible; GPTBot/1.3; +https://openai.com/gptbot)"
74.7.229.69 - - [31/Mar/2026:04:55:43 -0400] "GET /agents/css/style.css HTTP/1.1" 200 6003 "https://gpdl-bd.com/agents/" "Mozilla/5.0 (Macintosh; Intel Mac OS X 10_15_7) AppleWebKit/537.36 (KHTML, like Gecko) Chrome/131.0.0.0 Safari/537.36; compatible; OAI-SearchBot/1.3; +https://openai.com/searchbot"
74.7.242.143 - - [31/Mar/2026:04:55:44 -0400] "GET /agents/images/popular/popular-2.jpeg HTTP/1.1" 200 6003 "https://gpdl-bd.com/agents/" "Mozilla/5.0 (Macintosh; Intel Mac OS X 10_15_7) AppleWebKit/537.36 (KHTML, like Gecko) Chrome/131.0.0.0 Safari/537.36; compatible; OAI-SearchBot/1.3; +https://openai.com/searchbot"
74.7.227.52 - - [31/Mar/2026:04:55:46 -0400] "GET /commoditys/011011413 HTTP/1.1" 403 0 "https://gpdl-bd.com/?sitemap428.xml" "Mozilla/5.0 AppleWebKit/537.36 (KHTML, like Gecko; compatible; GPTBot/1.3; +https://openai.com/gptbot)"
74.7.228.207 - - [31/Mar/2026:04:55:46 -0400] "GET /agents/images/popular/popular-3.jpeg HTTP/1.1" 200 6003 "https://gpdl-bd.com/agents/" "Mozilla/5.0 (Macintosh; Intel Mac OS X 10_15_7) AppleWebKit/537.36 (KHTML, like Gecko) Chrome/131.0.0.0 Safari/537.36; compatible; OAI-SearchBot/1.3; +https://openai.com/searchbot"
74.7.227.52 - - [31/Mar/2026:04:55:48 -0400] "GET /agents/images/popular/admin/property/gsh1.jpg HTTP/1.1" 403 0 "https://gpdl-bd.com/agents/images/popular/popular-1.jpeg" "Mozilla/5.0 AppleWebKit/537.36 (KHTML, like Gecko; compatible; GPTBot/1.3; +https://openai.com/gptbot)"
74.7.229.237 - - [31/Mar/2026:04:55:48 -0400] "GET /agents/images/popular/popular-1.jpeg HTTP/1.1" 200 6003 "https://gpdl-bd.com/agents/" "Mozilla/5.0 (Macintosh; Intel Mac OS X 10_15_7) AppleWebKit/537.36 (KHTML, like Gecko) Chrome/131.0.0.0 Safari/537.36; compatible; OAI-SearchBot/1.3; +https://openai.com/searchbot"
74.7.227.52 - - [31/Mar/2026:04:55:50 -0400] "GET /commoditys/030023008 HTTP/1.1" 403 0 "https://gpdl-bd.com/?sitemap605.xml" "Mozilla/5.0 AppleWebKit/537.36 (KHTML, like Gecko; compatible; GPTBot/1.3; +https://openai.com/gptbot)"
74.7.229.69 - - [31/Mar/2026:04:55:50 -0400] "GET /agents/images/popular/popular-4.jpeg HTTP/1.1" 200 6003 "https://gpdl-bd.com/agents/" "Mozilla/5.0 (Macintosh; Intel Mac OS X 10_15_7) AppleWebKit/537.36 (KHTML, like Gecko) Chrome/131.0.0.0 Safari/537.36; compatible; OAI-SearchBot/1.3; +https://openai.com/searchbot"
74.7.228.207 - - [31/Mar/2026:04:55:51 -0400] "GET /agents/images/popular/popular-3.jpeg HTTP/1.1" 200 6003 "https://gpdl-bd.com/agents/" "Mozilla/5.0 (Macintosh; Intel Mac OS X 10_15_7) AppleWebKit/537.36 (KHTML, like Gecko) Chrome/131.0.0.0 Safari/537.36; compatible; OAI-SearchBot/1.3; +https://openai.com/searchbot"
74.7.229.237 - - [31/Mar/2026:04:55:51 -0400] "GET /agents/images/testimonial/Abdullah-Al-Razib.jpeg HTTP/1.1" 200 6003 "https://gpdl-bd.com/agents/" "Mozilla/5.0 (Macintosh; Intel Mac OS X 10_15_7) AppleWebKit/537.36 (KHTML, like Gecko) Chrome/131.0.0.0 Safari/537.36; compatible; OAI-SearchBot/1.3; +https://openai.com/searchbot"
74.7.229.237 - - [31/Mar/2026:04:55:51 -0400] "GET /agents/js/jquery.slider.js HTTP/1.1" 200 6003 "https://gpdl-bd.com/agents/" "Mozilla/5.0 (Macintosh; Intel Mac OS X 10_15_7) AppleWebKit/537.36 (KHTML, like Gecko) Chrome/131.0.0.0 Safari/537.36; compatible; OAI-SearchBot/1.3; +https://openai.com/searchbot"
74.7.227.52 - - [31/Mar/2026:04:55:52 -0400] "GET /agents/admin/property/images/01.jpg HTTP/1.1" 403 0 "https://gpdl-bd.com/agents/admin/property/Lake-View-Palace.jpeg" "Mozilla/5.0 AppleWebKit/537.36 (KHTML, like Gecko; compatible; GPTBot/1.3; +https://openai.com/gptbot)"
74.7.229.237 - - [31/Mar/2026:04:55:52 -0400] "GET /agents/js/jquery.slider.js HTTP/1.1" 200 6003 "https://gpdl-bd.com/agents/" "Mozilla/5.0 (Macintosh; Intel Mac OS X 10_15_7) AppleWebKit/537.36 (KHTML, like Gecko) Chrome/131.0.0.0 Safari/537.36; compatible; OAI-SearchBot/1.3; +https://openai.com/searchbot"
74.7.227.52 - - [31/Mar/2026:04:55:54 -0400] "GET /agents/admin/property/images/breadcromb.jpg HTTP/1.1" 403 0 "https://gpdl-bd.com/agents/admin/property/Lake-View-Palace.jpeg" "Mozilla/5.0 AppleWebKit/537.36 (KHTML, like Gecko; compatible; GPTBot/1.3; +https://openai.com/gptbot)"
74.7.228.183 - - [31/Mar/2026:04:55:54 -0400] "GET /agents/js/bootstrap.min.js HTTP/1.1" 200 6003 "https://gpdl-bd.com/agents/" "Mozilla/5.0 (Macintosh; Intel Mac OS X 10_15_7) AppleWebKit/537.36 (KHTML, like Gecko) Chrome/131.0.0.0 Safari/537.36; compatible; OAI-SearchBot/1.3; +https://openai.com/searchbot"
74.7.228.183 - - [31/Mar/2026:04:55:54 -0400] "GET /agents/js/tmpl.js HTTP/1.1" 200 6003 "https://gpdl-bd.com/agents/" "Mozilla/5.0 (Macintosh; Intel Mac OS X 10_15_7) AppleWebKit/537.36 (KHTML, like Gecko) Chrome/131.0.0.0 Safari/537.36; compatible; OAI-SearchBot/1.3; +https://openai.com/searchbot"
74.7.228.183 - - [31/Mar/2026:04:55:54 -0400] "GET /agents/js/bootstrap.min.js HTTP/1.1" 200 6003 "https://gpdl-bd.com/agents/" "Mozilla/5.0 (Macintosh; Intel Mac OS X 10_15_7) AppleWebKit/537.36 (KHTML, like Gecko) Chrome/131.0.0.0 Safari/537.36; compatible; OAI-SearchBot/1.3; +https://openai.com/searchbot"
74.7.228.183 - - [31/Mar/2026:04:55:55 -0400] "GET /agents/js/tmpl.js HTTP/1.1" 200 6003 "https://gpdl-bd.com/agents/" "Mozilla/5.0 (Macintosh; Intel Mac OS X 10_15_7) AppleWebKit/537.36 (KHTML, like Gecko) Chrome/131.0.0.0 Safari/537.36; compatible; OAI-SearchBot/1.3; +https://openai.com/searchbot"
74.7.228.183 - - [31/Mar/2026:04:55:55 -0400] "GET /agents/index.php HTTP/1.1" 200 6003 "https://gpdl-bd.com/agents/" "Mozilla/5.0 (Macintosh; Intel Mac OS X 10_15_7) AppleWebKit/537.36 (KHTML, like Gecko) Chrome/131.0.0.0 Safari/537.36; compatible; OAI-SearchBot/1.3; +https://openai.com/searchbot"
74.7.227.52 - - [31/Mar/2026:04:55:56 -0400] "GET /agents/images/banner/css/jquery-ui.css HTTP/1.1" 403 0 "https://gpdl-bd.com/agents/images/banner/rshmpg.jpg" "Mozilla/5.0 AppleWebKit/537.36 (KHTML, like Gecko; compatible; GPTBot/1.3; +https://openai.com/gptbot)"
74.7.228.129 - - [31/Mar/2026:04:55:56 -0400] "GET /agents/property.php?project_type=completed HTTP/1.1" 200 6003 "https://gpdl-bd.com/agents/" "Mozilla/5.0 (Macintosh; Intel Mac OS X 10_15_7) AppleWebKit/537.36 (KHTML, like Gecko) Chrome/131.0.0.0 Safari/537.36; compatible; OAI-SearchBot/1.3; +https://openai.com/searchbot"
74.7.229.43 - - [31/Mar/2026:04:55:57 -0400] "GET /agents/property.php?project_type=ongoing HTTP/1.1" 200 6003 "https://gpdl-bd.com/agents/" "Mozilla/5.0 (Macintosh; Intel Mac OS X 10_15_7) AppleWebKit/537.36 (KHTML, like Gecko) Chrome/131.0.0.0 Safari/537.36; compatible; OAI-SearchBot/1.3; +https://openai.com/searchbot"
74.7.242.143 - - [31/Mar/2026:04:55:57 -0400] "GET /agents/propertydetail.php?pid=30 HTTP/1.1" 200 6003 "https://gpdl-bd.com/agents/" "Mozilla/5.0 (Macintosh; Intel Mac OS X 10_15_7) AppleWebKit/537.36 (KHTML, like Gecko) Chrome/131.0.0.0 Safari/537.36; compatible; OAI-SearchBot/1.3; +https://openai.com/searchbot"
74.7.229.227 - - [31/Mar/2026:04:55:58 -0400] "GET /agents/propertydetail.php?pid=32 HTTP/1.1" 200 6003 "https://gpdl-bd.com/agents/" "Mozilla/5.0 (Macintosh; Intel Mac OS X 10_15_7) AppleWebKit/537.36 (KHTML, like Gecko) Chrome/131.0.0.0 Safari/537.36; compatible; OAI-SearchBot/1.3; +https://openai.com/searchbot"
74.7.227.52 - - [31/Mar/2026:04:55:58 -0400] "GET /agents/images/banner/admin/property/gsh1.jpg HTTP/1.1" 403 0 "https://gpdl-bd.com/agents/images/banner/rshmpg.jpg" "Mozilla/5.0 AppleWebKit/537.36 (KHTML, like Gecko; compatible; GPTBot/1.3; +https://openai.com/gptbot)"
74.7.228.207 - - [31/Mar/2026:04:55:58 -0400] "GET /agents/propertydetail.php?pid=31 HTTP/1.1" 200 6003 "https://gpdl-bd.com/agents/" "Mozilla/5.0 (Macintosh; Intel Mac OS X 10_15_7) AppleWebKit/537.36 (KHTML, like Gecko) Chrome/131.0.0.0 Safari/537.36; compatible; OAI-SearchBot/1.3; +https://openai.com/searchbot"
74.7.229.43 - - [31/Mar/2026:04:55:59 -0400] "GET /agents/login.php HTTP/1.1" 200 6003 "https://gpdl-bd.com/agents/" "Mozilla/5.0 (Macintosh; Intel Mac OS X 10_15_7) AppleWebKit/537.36 (KHTML, like Gecko) Chrome/131.0.0.0 Safari/537.36; compatible; OAI-SearchBot/1.3; +https://openai.com/searchbot"
74.7.229.69 - - [31/Mar/2026:04:55:59 -0400] "GET /agents/register.php HTTP/1.1" 200 6003 "https://gpdl-bd.com/agents/" "Mozilla/5.0 (Macintosh; Intel Mac OS X 10_15_7) AppleWebKit/537.36 (KHTML, like Gecko) Chrome/131.0.0.0 Safari/537.36; compatible; OAI-SearchBot/1.3; +https://openai.com/searchbot"
74.7.227.52 - - [31/Mar/2026:04:56:00 -0400] "GET /agents/admin/property/images/banner/rshmpg.jpg HTTP/1.1" 403 0 "https://gpdl-bd.com/agents/admin/property/Lake-View-Palace.jpeg" "Mozilla/5.0 AppleWebKit/537.36 (KHTML, like Gecko; compatible; GPTBot/1.3; +https://openai.com/gptbot)"
74.7.227.52 - - [31/Mar/2026:04:56:02 -0400] "GET /commoditys/003003601 HTTP/1.1" 403 0 "https://gpdl-bd.com/?sitemap906.xml" "Mozilla/5.0 AppleWebKit/537.36 (KHTML, like Gecko; compatible; GPTBot/1.3; +https://openai.com/gptbot)"
74.7.227.52 - - [31/Mar/2026:04:56:05 -0400] "GET /commoditys/171012121 HTTP/1.1" 403 0 "https://gpdl-bd.com/?sitemap906.xml" "Mozilla/5.0 AppleWebKit/537.36 (KHTML, like Gecko; compatible; GPTBot/1.3; +https://openai.com/gptbot)"
74.7.227.52 - - [31/Mar/2026:04:56:07 -0400] "GET /commoditys/232022326 HTTP/1.1" 403 0 "https://gpdl-bd.com/?sitemap605.xml" "Mozilla/5.0 AppleWebKit/537.36 (KHTML, like Gecko; compatible; GPTBot/1.3; +https://openai.com/gptbot)"
74.7.227.52 - - [31/Mar/2026:04:56:10 -0400] "GET /commoditys/006006580 HTTP/1.1" 403 0 "https://gpdl-bd.com/?sitemap76.xml" "Mozilla/5.0 AppleWebKit/537.36 (KHTML, like Gecko; compatible; GPTBot/1.3; +https://openai.com/gptbot)"
66.249.77.42 - - [31/Mar/2026:04:56:10 -0400] "GET /?jp/296040699.html HTTP/1.1" 200 24812 "-" "Mozilla/5.0 (Linux; Android 6.0.1; Nexus 5X Build/MMB29P) AppleWebKit/537.36 (KHTML, like Gecko) Chrome/146.0.7680.153 Mobile Safari/537.36 (compatible; GoogleOther)"
74.7.227.52 - - [31/Mar/2026:04:56:11 -0400] "GET /commoditys/053030331 HTTP/1.1" 403 0 "https://gpdl-bd.com/?sitemap605.xml" "Mozilla/5.0 AppleWebKit/537.36 (KHTML, like Gecko; compatible; GPTBot/1.3; +https://openai.com/gptbot)"
66.249.77.42 - - [31/Mar/2026:04:56:11 -0400] "GET /?jp/103011156.html HTTP/1.1" 200 22945 "-" "Mozilla/5.0 (Linux; Android 6.0.1; Nexus 5X Build/MMB29P) AppleWebKit/537.36 (KHTML, like Gecko) Chrome/146.0.7680.153 Mobile Safari/537.36 (compatible; GoogleOther)"
74.7.227.52 - - [31/Mar/2026:04:56:12 -0400] "GET /commoditys/024024272 HTTP/1.1" 403 0 "https://gpdl-bd.com/?sitemap76.xml" "Mozilla/5.0 AppleWebKit/537.36 (KHTML, like Gecko; compatible; GPTBot/1.3; +https://openai.com/gptbot)"
74.7.227.52 - - [31/Mar/2026:04:56:16 -0400] "GET /commoditys/055040055 HTTP/1.1" 403 0 "https://gpdl-bd.com/?sitemap76.xml" "Mozilla/5.0 AppleWebKit/537.36 (KHTML, like Gecko; compatible; GPTBot/1.3; +https://openai.com/gptbot)"
74.7.227.52 - - [31/Mar/2026:04:56:18 -0400] "GET /commoditys/089019191 HTTP/1.1" 403 0 "https://gpdl-bd.com/?sitemap428.xml" "Mozilla/5.0 AppleWebKit/537.36 (KHTML, like Gecko; compatible; GPTBot/1.3; +https://openai.com/gptbot)"
74.7.227.52 - - [31/Mar/2026:04:56:19 -0400] "GET /commoditys/140030140 HTTP/1.1" 403 0 "https://gpdl-bd.com/?sitemap76.xml" "Mozilla/5.0 AppleWebKit/537.36 (KHTML, like Gecko; compatible; GPTBot/1.3; +https://openai.com/gptbot)"
74.7.227.52 - - [31/Mar/2026:04:56:22 -0400] "GET /commoditys/086008638 HTTP/1.1" 403 0 "https://gpdl-bd.com/?sitemap428.xml" "Mozilla/5.0 AppleWebKit/537.36 (KHTML, like Gecko; compatible; GPTBot/1.3; +https://openai.com/gptbot)"
74.7.227.52 - - [31/Mar/2026:04:56:24 -0400] "GET /commoditys/004004438 HTTP/1.1" 403 0 "https://gpdl-bd.com/?sitemap76.xml" "Mozilla/5.0 AppleWebKit/537.36 (KHTML, like Gecko; compatible; GPTBot/1.3; +https://openai.com/gptbot)"
74.7.227.52 - - [31/Mar/2026:04:56:25 -0400] "GET /commoditys/006006840 HTTP/1.1" 403 0 "https://gpdl-bd.com/?sitemap605.xml" "Mozilla/5.0 AppleWebKit/537.36 (KHTML, like Gecko; compatible; GPTBot/1.3; +https://openai.com/gptbot)"
74.7.227.52 - - [31/Mar/2026:04:56:27 -0400] "GET /commoditys/048008006 HTTP/1.1" 403 0 "https://gpdl-bd.com/?sitemap428.xml" "Mozilla/5.0 AppleWebKit/537.36 (KHTML, like Gecko; compatible; GPTBot/1.3; +https://openai.com/gptbot)"
74.7.227.52 - - [31/Mar/2026:04:56:29 -0400] "GET /commoditys/022022686 HTTP/1.1" 403 0 "https://gpdl-bd.com/?sitemap76.xml" "Mozilla/5.0 AppleWebKit/537.36 (KHTML, like Gecko; compatible; GPTBot/1.3; +https://openai.com/gptbot)"
74.7.227.52 - - [31/Mar/2026:04:56:31 -0400] "GET /commoditys/038010100 HTTP/1.1" 403 0 "https://gpdl-bd.com/?sitemap76.xml" "Mozilla/5.0 AppleWebKit/537.36 (KHTML, like Gecko; compatible; GPTBot/1.3; +https://openai.com/gptbot)"
74.7.227.52 - - [31/Mar/2026:04:56:35 -0400] "GET /commoditys/046046484 HTTP/1.1" 403 0 "https://gpdl-bd.com/?sitemap605.xml" "Mozilla/5.0 AppleWebKit/537.36 (KHTML, like Gecko; compatible; GPTBot/1.3; +https://openai.com/gptbot)"
74.7.227.52 - - [31/Mar/2026:04:56:36 -0400] "GET /commoditys/224042246 HTTP/1.1" 403 0 "https://gpdl-bd.com/?sitemap605.xml" "Mozilla/5.0 AppleWebKit/537.36 (KHTML, like Gecko; compatible; GPTBot/1.3; +https://openai.com/gptbot)"
74.7.227.52 - - [31/Mar/2026:04:56:38 -0400] "GET /commoditys/036033600 HTTP/1.1" 403 0 "https://gpdl-bd.com/?sitemap76.xml" "Mozilla/5.0 AppleWebKit/537.36 (KHTML, like Gecko; compatible; GPTBot/1.3; +https://openai.com/gptbot)"
74.7.227.52 - - [31/Mar/2026:04:56:40 -0400] "GET /commoditys/017017103 HTTP/1.1" 403 0 "https://gpdl-bd.com/?sitemap76.xml" "Mozilla/5.0 AppleWebKit/537.36 (KHTML, like Gecko; compatible; GPTBot/1.3; +https://openai.com/gptbot)"
74.7.227.52 - - [31/Mar/2026:04:56:42 -0400] "GET /commoditys/232020270 HTTP/1.1" 403 0 "https://gpdl-bd.com/?sitemap906.xml" "Mozilla/5.0 AppleWebKit/537.36 (KHTML, like Gecko; compatible; GPTBot/1.3; +https://openai.com/gptbot)"
74.7.227.52 - - [31/Mar/2026:04:56:44 -0400] "GET /commoditys/128028128 HTTP/1.1" 403 0 "https://gpdl-bd.com/?sitemap428.xml" "Mozilla/5.0 AppleWebKit/537.36 (KHTML, like Gecko; compatible; GPTBot/1.3; +https://openai.com/gptbot)"
74.7.227.52 - - [31/Mar/2026:04:56:47 -0400] "GET /commoditys/016016164 HTTP/1.1" 403 0 "https://gpdl-bd.com/?sitemap428.xml" "Mozilla/5.0 AppleWebKit/537.36 (KHTML, like Gecko; compatible; GPTBot/1.3; +https://openai.com/gptbot)"
74.7.227.52 - - [31/Mar/2026:04:56:48 -0400] "GET /commoditys/130030018 HTTP/1.1" 403 0 "https://gpdl-bd.com/?sitemap428.xml" "Mozilla/5.0 AppleWebKit/537.36 (KHTML, like Gecko; compatible; GPTBot/1.3; +https://openai.com/gptbot)"
74.7.227.52 - - [31/Mar/2026:04:56:50 -0400] "GET /commoditys/016010016 HTTP/1.1" 403 0 "https://gpdl-bd.com/?sitemap906.xml" "Mozilla/5.0 AppleWebKit/537.36 (KHTML, like Gecko; compatible; GPTBot/1.3; +https://openai.com/gptbot)"
74.7.227.52 - - [31/Mar/2026:04:56:52 -0400] "GET /commoditys/112004004 HTTP/1.1" 403 0 "https://gpdl-bd.com/?sitemap428.xml" "Mozilla/5.0 AppleWebKit/537.36 (KHTML, like Gecko; compatible; GPTBot/1.3; +https://openai.com/gptbot)"
66.249.77.33 - - [31/Mar/2026:04:56:52 -0400] "GET /?detail/2750086168758 HTTP/1.1" 200 23327 "-" "Mozilla/5.0 (Linux; Android 6.0.1; Nexus 5X Build/MMB29P) AppleWebKit/537.36 (KHTML, like Gecko) Chrome/146.0.7680.153 Mobile Safari/537.36 (compatible; GoogleOther)"
74.7.227.52 - - [31/Mar/2026:04:56:54 -0400] "GET /commoditys/076026262 HTTP/1.1" 403 0 "https://gpdl-bd.com/?sitemap906.xml" "Mozilla/5.0 AppleWebKit/537.36 (KHTML, like Gecko; compatible; GPTBot/1.3; +https://openai.com/gptbot)"
74.7.227.52 - - [31/Mar/2026:04:56:57 -0400] "GET /commoditys/009009391 HTTP/1.1" 403 0 "https://gpdl-bd.com/?sitemap906.xml" "Mozilla/5.0 AppleWebKit/537.36 (KHTML, like Gecko; compatible; GPTBot/1.3; +https://openai.com/gptbot)"
74.7.227.52 - - [31/Mar/2026:04:56:59 -0400] "GET /commoditys/111002821 HTTP/1.1" 403 0 "https://gpdl-bd.com/?sitemap906.xml" "Mozilla/5.0 AppleWebKit/537.36 (KHTML, like Gecko; compatible; GPTBot/1.3; +https://openai.com/gptbot)"
74.7.227.52 - - [31/Mar/2026:04:57:01 -0400] "GET /commoditys/277007555 HTTP/1.1" 403 0 "https://gpdl-bd.com/?sitemap428.xml" "Mozilla/5.0 AppleWebKit/537.36 (KHTML, like Gecko; compatible; GPTBot/1.3; +https://openai.com/gptbot)"
74.7.227.52 - - [31/Mar/2026:04:57:02 -0400] "GET /commoditys/080004360 HTTP/1.1" 403 0 "https://gpdl-bd.com/?sitemap605.xml" "Mozilla/5.0 AppleWebKit/537.36 (KHTML, like Gecko; compatible; GPTBot/1.3; +https://openai.com/gptbot)"
74.7.227.52 - - [31/Mar/2026:04:57:04 -0400] "GET /commoditys/001030555 HTTP/1.1" 403 0 "https://gpdl-bd.com/?sitemap605.xml" "Mozilla/5.0 AppleWebKit/537.36 (KHTML, like Gecko; compatible; GPTBot/1.3; +https://openai.com/gptbot)"
74.7.227.52 - - [31/Mar/2026:04:57:07 -0400] "GET /commoditys/100046104 HTTP/1.1" 403 0 "https://gpdl-bd.com/?sitemap428.xml" "Mozilla/5.0 AppleWebKit/537.36 (KHTML, like Gecko; compatible; GPTBot/1.3; +https://openai.com/gptbot)"
74.7.227.52 - - [31/Mar/2026:04:57:08 -0400] "GET /commoditys/042001222 HTTP/1.1" 403 0 "https://gpdl-bd.com/?sitemap428.xml" "Mozilla/5.0 AppleWebKit/537.36 (KHTML, like Gecko; compatible; GPTBot/1.3; +https://openai.com/gptbot)"
66.249.77.42 - - [31/Mar/2026:04:57:09 -0400] "GET /?goods/167000230 HTTP/1.1" 200 23841 "-" "Mozilla/5.0 (Linux; Android 6.0.1; Nexus 5X Build/MMB29P) AppleWebKit/537.36 (KHTML, like Gecko) Chrome/146.0.7680.153 Mobile Safari/537.36 (compatible; GoogleOther)"
74.7.227.52 - - [31/Mar/2026:04:57:11 -0400] "GET /commoditys/033000935 HTTP/1.1" 403 0 "https://gpdl-bd.com/?sitemap428.xml" "Mozilla/5.0 AppleWebKit/537.36 (KHTML, like Gecko; compatible; GPTBot/1.3; +https://openai.com/gptbot)"
74.7.227.52 - - [31/Mar/2026:04:57:13 -0400] "GET /commoditys/050001770 HTTP/1.1" 403 0 "https://gpdl-bd.com/?sitemap428.xml" "Mozilla/5.0 AppleWebKit/537.36 (KHTML, like Gecko; compatible; GPTBot/1.3; +https://openai.com/gptbot)"
74.7.227.52 - - [31/Mar/2026:04:57:15 -0400] "GET /commoditys/300011130 HTTP/1.1" 403 0 "https://gpdl-bd.com/?sitemap428.xml" "Mozilla/5.0 AppleWebKit/537.36 (KHTML, like Gecko; compatible; GPTBot/1.3; +https://openai.com/gptbot)"
74.7.227.52 - - [31/Mar/2026:04:57:16 -0400] "GET /commoditys/010002570 HTTP/1.1" 403 0 "https://gpdl-bd.com/?sitemap428.xml" "Mozilla/5.0 AppleWebKit/537.36 (KHTML, like Gecko; compatible; GPTBot/1.3; +https://openai.com/gptbot)"
74.7.227.52 - - [31/Mar/2026:04:57:19 -0400] "GET /commoditys/043033345 HTTP/1.1" 403 0 "https://gpdl-bd.com/?sitemap906.xml" "Mozilla/5.0 AppleWebKit/537.36 (KHTML, like Gecko; compatible; GPTBot/1.3; +https://openai.com/gptbot)"
74.7.227.52 - - [31/Mar/2026:04:57:21 -0400] "GET /commoditys/060009390 HTTP/1.1" 403 0 "https://gpdl-bd.com/?sitemap76.xml" "Mozilla/5.0 AppleWebKit/537.36 (KHTML, like Gecko; compatible; GPTBot/1.3; +https://openai.com/gptbot)"
74.7.227.52 - - [31/Mar/2026:04:57:23 -0400] "GET /commoditys/010009144 HTTP/1.1" 403 0 "https://gpdl-bd.com/?sitemap428.xml" "Mozilla/5.0 AppleWebKit/537.36 (KHTML, like Gecko; compatible; GPTBot/1.3; +https://openai.com/gptbot)"
74.7.227.52 - - [31/Mar/2026:04:57:25 -0400] "GET /commoditys/040007724 HTTP/1.1" 403 0 "https://gpdl-bd.com/?sitemap906.xml" "Mozilla/5.0 AppleWebKit/537.36 (KHTML, like Gecko; compatible; GPTBot/1.3; +https://openai.com/gptbot)"
66.249.77.42 - - [31/Mar/2026:04:57:26 -0400] "GET /?detail/0540017288804 HTTP/1.1" 200 23738 "-" "Mozilla/5.0 (Linux; Android 6.0.1; Nexus 5X Build/MMB29P) AppleWebKit/537.36 (KHTML, like Gecko) Chrome/146.0.7680.153 Mobile Safari/537.36 (compatible; GoogleOther)"
74.7.227.52 - - [31/Mar/2026:04:57:27 -0400] "GET /commoditys/090004644 HTTP/1.1" 403 0 "https://gpdl-bd.com/?sitemap76.xml" "Mozilla/5.0 AppleWebKit/537.36 (KHTML, like Gecko; compatible; GPTBot/1.3; +https://openai.com/gptbot)"
74.7.227.52 - - [31/Mar/2026:04:57:30 -0400] "GET /commoditys/294022000 HTTP/1.1" 403 0 "https://gpdl-bd.com/?sitemap76.xml" "Mozilla/5.0 AppleWebKit/537.36 (KHTML, like Gecko; compatible; GPTBot/1.3; +https://openai.com/gptbot)"
74.7.227.52 - - [31/Mar/2026:04:57:31 -0400] "GET /commoditys/012021110 HTTP/1.1" 403 0 "https://gpdl-bd.com/?sitemap906.xml" "Mozilla/5.0 AppleWebKit/537.36 (KHTML, like Gecko; compatible; GPTBot/1.3; +https://openai.com/gptbot)"
74.7.227.52 - - [31/Mar/2026:04:57:36 -0400] "GET /commoditys/292006000 HTTP/1.1" 403 0 "https://gpdl-bd.com/?sitemap76.xml" "Mozilla/5.0 AppleWebKit/537.36 (KHTML, like Gecko; compatible; GPTBot/1.3; +https://openai.com/gptbot)"
74.7.227.52 - - [31/Mar/2026:04:57:36 -0400] "GET /commoditys/023020555 HTTP/1.1" 403 0 "https://gpdl-bd.com/?sitemap76.xml" "Mozilla/5.0 AppleWebKit/537.36 (KHTML, like Gecko; compatible; GPTBot/1.3; +https://openai.com/gptbot)"
74.7.227.52 - - [31/Mar/2026:04:57:38 -0400] "GET /commoditys/111031261 HTTP/1.1" 403 0 "https://gpdl-bd.com/?sitemap605.xml" "Mozilla/5.0 AppleWebKit/537.36 (KHTML, like Gecko; compatible; GPTBot/1.3; +https://openai.com/gptbot)"
74.7.227.52 - - [31/Mar/2026:04:57:41 -0400] "GET /commoditys/043000373 HTTP/1.1" 403 0 "https://gpdl-bd.com/?sitemap605.xml" "Mozilla/5.0 AppleWebKit/537.36 (KHTML, like Gecko; compatible; GPTBot/1.3; +https://openai.com/gptbot)"
74.7.227.52 - - [31/Mar/2026:04:57:43 -0400] "GET /commoditys/222023300 HTTP/1.1" 403 0 "https://gpdl-bd.com/?sitemap906.xml" "Mozilla/5.0 AppleWebKit/537.36 (KHTML, like Gecko; compatible; GPTBot/1.3; +https://openai.com/gptbot)"
66.249.77.42 - - [31/Mar/2026:04:57:44 -0400] "GET /?detail/1010372129636 HTTP/1.1" 200 22696 "-" "Mozilla/5.0 (Linux; Android 6.0.1; Nexus 5X Build/MMB29P) AppleWebKit/537.36 (KHTML, like Gecko) Chrome/146.0.7680.153 Mobile Safari/537.36 (compatible; GoogleOther)"
74.7.227.52 - - [31/Mar/2026:04:57:45 -0400] "GET /commoditys/030004114 HTTP/1.1" 403 0 "https://gpdl-bd.com/?sitemap906.xml" "Mozilla/5.0 AppleWebKit/537.36 (KHTML, like Gecko; compatible; GPTBot/1.3; +https://openai.com/gptbot)"
74.7.227.52 - - [31/Mar/2026:04:57:46 -0400] "GET /commoditys/036000346 HTTP/1.1" 403 0 "https://gpdl-bd.com/?sitemap428.xml" "Mozilla/5.0 AppleWebKit/537.36 (KHTML, like Gecko; compatible; GPTBot/1.3; +https://openai.com/gptbot)"
74.7.227.52 - - [31/Mar/2026:04:57:49 -0400] "GET /commoditys/126022666 HTTP/1.1" 403 0 "https://gpdl-bd.com/?sitemap76.xml" "Mozilla/5.0 AppleWebKit/537.36 (KHTML, like Gecko; compatible; GPTBot/1.3; +https://openai.com/gptbot)"
74.7.227.52 - - [31/Mar/2026:04:57:51 -0400] "GET /commoditys/272002224 HTTP/1.1" 403 0 "https://gpdl-bd.com/?sitemap605.xml" "Mozilla/5.0 AppleWebKit/537.36 (KHTML, like Gecko; compatible; GPTBot/1.3; +https://openai.com/gptbot)"
74.7.227.52 - - [31/Mar/2026:04:57:52 -0400] "GET /commoditys/001000589 HTTP/1.1" 403 0 "https://gpdl-bd.com/?sitemap428.xml" "Mozilla/5.0 AppleWebKit/537.36 (KHTML, like Gecko; compatible; GPTBot/1.3; +https://openai.com/gptbot)"
74.7.227.52 - - [31/Mar/2026:04:57:55 -0400] "GET /commoditys/050009420 HTTP/1.1" 403 0 "https://gpdl-bd.com/?sitemap76.xml" "Mozilla/5.0 AppleWebKit/537.36 (KHTML, like Gecko; compatible; GPTBot/1.3; +https://openai.com/gptbot)"
74.7.227.52 - - [31/Mar/2026:04:57:57 -0400] "GET /commoditys/084000750 HTTP/1.1" 403 0 "https://gpdl-bd.com/?sitemap906.xml" "Mozilla/5.0 AppleWebKit/537.36 (KHTML, like Gecko; compatible; GPTBot/1.3; +https://openai.com/gptbot)"
74.7.227.52 - - [31/Mar/2026:04:57:59 -0400] "GET /commoditys/220022258 HTTP/1.1" 403 0 "https://gpdl-bd.com/?sitemap605.xml" "Mozilla/5.0 AppleWebKit/537.36 (KHTML, like Gecko; compatible; GPTBot/1.3; +https://openai.com/gptbot)"
74.7.227.52 - - [31/Mar/2026:04:58:01 -0400] "GET /commoditys/222007244 HTTP/1.1" 403 0 "https://gpdl-bd.com/?sitemap605.xml" "Mozilla/5.0 AppleWebKit/537.36 (KHTML, like Gecko; compatible; GPTBot/1.3; +https://openai.com/gptbot)"
74.7.227.52 - - [31/Mar/2026:04:58:05 -0400] "GET /commoditys/044009994 HTTP/1.1" 403 0 "https://gpdl-bd.com/?sitemap906.xml" "Mozilla/5.0 AppleWebKit/537.36 (KHTML, like Gecko; compatible; GPTBot/1.3; +https://openai.com/gptbot)"
74.7.227.52 - - [31/Mar/2026:04:58:08 -0400] "GET /commoditys/222029256 HTTP/1.1" 403 0 "https://gpdl-bd.com/?sitemap605.xml" "Mozilla/5.0 AppleWebKit/537.36 (KHTML, like Gecko; compatible; GPTBot/1.3; +https://openai.com/gptbot)"
74.7.227.52 - - [31/Mar/2026:04:58:10 -0400] "GET /commoditys/240006402 HTTP/1.1" 403 0 "https://gpdl-bd.com/?sitemap605.xml" "Mozilla/5.0 AppleWebKit/537.36 (KHTML, like Gecko; compatible; GPTBot/1.3; +https://openai.com/gptbot)"
74.7.227.52 - - [31/Mar/2026:04:58:12 -0400] "GET /commoditys/099011191 HTTP/1.1" 403 0 "https://gpdl-bd.com/?sitemap428.xml" "Mozilla/5.0 AppleWebKit/537.36 (KHTML, like Gecko; compatible; GPTBot/1.3; +https://openai.com/gptbot)"
74.7.227.52 - - [31/Mar/2026:04:58:14 -0400] "GET /commoditys/207000779 HTTP/1.1" 403 0 "https://gpdl-bd.com/?sitemap605.xml" "Mozilla/5.0 AppleWebKit/537.36 (KHTML, like Gecko; compatible; GPTBot/1.3; +https://openai.com/gptbot)"
74.7.227.52 - - [31/Mar/2026:04:58:16 -0400] "GET /commoditys/111017173 HTTP/1.1" 403 0 "https://gpdl-bd.com/?sitemap76.xml" "Mozilla/5.0 AppleWebKit/537.36 (KHTML, like Gecko; compatible; GPTBot/1.3; +https://openai.com/gptbot)"
74.7.227.52 - - [31/Mar/2026:04:58:18 -0400] "GET /commoditys/111024221 HTTP/1.1" 403 0 "https://gpdl-bd.com/?sitemap906.xml" "Mozilla/5.0 AppleWebKit/537.36 (KHTML, like Gecko; compatible; GPTBot/1.3; +https://openai.com/gptbot)"
74.7.227.52 - - [31/Mar/2026:04:58:20 -0400] "GET /commoditys/222012828 HTTP/1.1" 403 0 "https://gpdl-bd.com/?sitemap906.xml" "Mozilla/5.0 AppleWebKit/537.36 (KHTML, like Gecko; compatible; GPTBot/1.3; +https://openai.com/gptbot)"
74.7.227.52 - - [31/Mar/2026:04:58:23 -0400] "GET /commoditys/200024122 HTTP/1.1" 403 0 "https://gpdl-bd.com/?sitemap906.xml" "Mozilla/5.0 AppleWebKit/537.36 (KHTML, like Gecko; compatible; GPTBot/1.3; +https://openai.com/gptbot)"
74.7.227.52 - - [31/Mar/2026:04:58:25 -0400] "GET /commoditys/153013111 HTTP/1.1" 403 0 "https://gpdl-bd.com/?sitemap76.xml" "Mozilla/5.0 AppleWebKit/537.36 (KHTML, like Gecko; compatible; GPTBot/1.3; +https://openai.com/gptbot)"
74.7.227.52 - - [31/Mar/2026:04:58:26 -0400] "GET /commoditys/040005994 HTTP/1.1" 403 0 "https://gpdl-bd.com/?sitemap76.xml" "Mozilla/5.0 AppleWebKit/537.36 (KHTML, like Gecko; compatible; GPTBot/1.3; +https://openai.com/gptbot)"
74.7.227.52 - - [31/Mar/2026:04:58:29 -0400] "GET /commoditys/110008144 HTTP/1.1" 403 0 "https://gpdl-bd.com/?sitemap906.xml" "Mozilla/5.0 AppleWebKit/537.36 (KHTML, like Gecko; compatible; GPTBot/1.3; +https://openai.com/gptbot)"
74.7.227.52 - - [31/Mar/2026:04:58:31 -0400] "GET /commoditys/033032999 HTTP/1.1" 403 0 "https://gpdl-bd.com/?sitemap605.xml" "Mozilla/5.0 AppleWebKit/537.36 (KHTML, like Gecko; compatible; GPTBot/1.3; +https://openai.com/gptbot)"
74.7.227.52 - - [31/Mar/2026:04:58:33 -0400] "GET /commoditys/110003090 HTTP/1.1" 403 0 "https://gpdl-bd.com/?sitemap605.xml" "Mozilla/5.0 AppleWebKit/537.36 (KHTML, like Gecko; compatible; GPTBot/1.3; +https://openai.com/gptbot)"
66.249.77.33 - - [31/Mar/2026:04:58:33 -0400] "GET /?jp/008015192.html HTTP/1.1" 200 23691 "-" "Mozilla/5.0 (Linux; Android 6.0.1; Nexus 5X Build/MMB29P) AppleWebKit/537.36 (KHTML, like Gecko) Chrome/146.0.7680.153 Mobile Safari/537.36 (compatible; GoogleOther)"
74.7.227.52 - - [31/Mar/2026:04:58:36 -0400] "GET /commoditys/016000866 HTTP/1.1" 403 0 "https://gpdl-bd.com/?sitemap605.xml" "Mozilla/5.0 AppleWebKit/537.36 (KHTML, like Gecko; compatible; GPTBot/1.3; +https://openai.com/gptbot)"
74.7.227.52 - - [31/Mar/2026:04:58:37 -0400] "GET /commoditys/020002430 HTTP/1.1" 403 0 "https://gpdl-bd.com/?sitemap76.xml" "Mozilla/5.0 AppleWebKit/537.36 (KHTML, like Gecko; compatible; GPTBot/1.3; +https://openai.com/gptbot)"
74.7.227.52 - - [31/Mar/2026:04:58:40 -0400] "GET /commoditys/028000298 HTTP/1.1" 403 0 "https://gpdl-bd.com/?sitemap76.xml" "Mozilla/5.0 AppleWebKit/537.36 (KHTML, like Gecko; compatible; GPTBot/1.3; +https://openai.com/gptbot)"
74.7.227.52 - - [31/Mar/2026:04:58:42 -0400] "GET /commoditys/200022322 HTTP/1.1" 403 0 "https://gpdl-bd.com/?sitemap605.xml" "Mozilla/5.0 AppleWebKit/537.36 (KHTML, like Gecko; compatible; GPTBot/1.3; +https://openai.com/gptbot)"
74.7.227.52 - - [31/Mar/2026:04:58:44 -0400] "GET /commoditys/207000527 HTTP/1.1" 403 0 "https://gpdl-bd.com/?sitemap906.xml" "Mozilla/5.0 AppleWebKit/537.36 (KHTML, like Gecko; compatible; GPTBot/1.3; +https://openai.com/gptbot)"
74.7.227.52 - - [31/Mar/2026:04:58:46 -0400] "GET /commoditys/020005260 HTTP/1.1" 403 0 "https://gpdl-bd.com/?sitemap76.xml" "Mozilla/5.0 AppleWebKit/537.36 (KHTML, like Gecko; compatible; GPTBot/1.3; +https://openai.com/gptbot)"
74.7.227.52 - - [31/Mar/2026:04:58:48 -0400] "GET /commoditys/003011143 HTTP/1.1" 403 0 "https://gpdl-bd.com/?sitemap76.xml" "Mozilla/5.0 AppleWebKit/537.36 (KHTML, like Gecko; compatible; GPTBot/1.3; +https://openai.com/gptbot)"
74.7.227.52 - - [31/Mar/2026:04:58:51 -0400] "GET /commoditys/110008780 HTTP/1.1" 403 0 "https://gpdl-bd.com/?sitemap605.xml" "Mozilla/5.0 AppleWebKit/537.36 (KHTML, like Gecko; compatible; GPTBot/1.3; +https://openai.com/gptbot)"
74.7.227.52 - - [31/Mar/2026:04:58:52 -0400] "GET /commoditys/100016366 HTTP/1.1" 403 0 "https://gpdl-bd.com/?sitemap605.xml" "Mozilla/5.0 AppleWebKit/537.36 (KHTML, like Gecko; compatible; GPTBot/1.3; +https://openai.com/gptbot)"
66.249.77.32 - - [31/Mar/2026:04:58:52 -0400] "GET /?detail/00601703893659 HTTP/1.1" 200 22837 "-" "Mozilla/5.0 (Linux; Android 6.0.1; Nexus 5X Build/MMB29P) AppleWebKit/537.36 (KHTML, like Gecko) Chrome/146.0.7680.153 Mobile Safari/537.36 (compatible; GoogleOther)"
74.7.227.52 - - [31/Mar/2026:04:58:55 -0400] "GET /commoditys/096020004 HTTP/1.1" 403 0 "https://gpdl-bd.com/?sitemap906.xml" "Mozilla/5.0 AppleWebKit/537.36 (KHTML, like Gecko; compatible; GPTBot/1.3; +https://openai.com/gptbot)"
74.7.227.52 - - [31/Mar/2026:04:58:56 -0400] "GET /commoditys/044038000 HTTP/1.1" 403 0 "https://gpdl-bd.com/?sitemap428.xml" "Mozilla/5.0 AppleWebKit/537.36 (KHTML, like Gecko; compatible; GPTBot/1.3; +https://openai.com/gptbot)"
74.7.227.52 - - [31/Mar/2026:04:59:00 -0400] "GET /commoditys/171000137 HTTP/1.1" 403 0 "https://gpdl-bd.com/?sitemap76.xml" "Mozilla/5.0 AppleWebKit/537.36 (KHTML, like Gecko; compatible; GPTBot/1.3; +https://openai.com/gptbot)"
51.36.227.208 - - [31/Mar/2026:04:59:00 -0400] "GET /products/094027695 HTTP/1.1" 200 33 "https://gpdl-bd.com/?sitemap605.xml" "Mozilla/5.0 (Linux; Android 7.1.1; OPPO R9sk Build/NMF26F; wv) AppleWebKit/537.36 (KHTML, like Gecko) Version/4.0 Chrome/77.0.3717.55 Mobile Safari/537.36 T7/9.1 baidubrowser/7.19.13.0 (Baidu; P1 7.1.1)"
74.7.227.52 - - [31/Mar/2026:04:59:01 -0400] "GET /commoditys/240004202 HTTP/1.1" 403 0 "https://gpdl-bd.com/?sitemap428.xml" "Mozilla/5.0 AppleWebKit/537.36 (KHTML, like Gecko; compatible; GPTBot/1.3; +https://openai.com/gptbot)"
74.7.227.52 - - [31/Mar/2026:04:59:03 -0400] "GET /commoditys/060007770 HTTP/1.1" 403 0 "https://gpdl-bd.com/?sitemap906.xml" "Mozilla/5.0 AppleWebKit/537.36 (KHTML, like Gecko; compatible; GPTBot/1.3; +https://openai.com/gptbot)"
74.7.227.52 - - [31/Mar/2026:04:59:06 -0400] "GET /commoditys/010003316 HTTP/1.1" 403 0 "https://gpdl-bd.com/?sitemap605.xml" "Mozilla/5.0 AppleWebKit/537.36 (KHTML, like Gecko; compatible; GPTBot/1.3; +https://openai.com/gptbot)"
74.7.227.52 - - [31/Mar/2026:04:59:07 -0400] "GET /commoditys/024000744 HTTP/1.1" 403 0 "https://gpdl-bd.com/?sitemap428.xml" "Mozilla/5.0 AppleWebKit/537.36 (KHTML, like Gecko; compatible; GPTBot/1.3; +https://openai.com/gptbot)"
74.7.227.52 - - [31/Mar/2026:04:59:10 -0400] "GET /commoditys/002000480 HTTP/1.1" 403 0 "https://gpdl-bd.com/?sitemap906.xml" "Mozilla/5.0 AppleWebKit/537.36 (KHTML, like Gecko; compatible; GPTBot/1.3; +https://openai.com/gptbot)"
74.7.227.52 - - [31/Mar/2026:04:59:11 -0400] "GET /commoditys/070002878 HTTP/1.1" 403 0 "https://gpdl-bd.com/?sitemap605.xml" "Mozilla/5.0 AppleWebKit/537.36 (KHTML, like Gecko; compatible; GPTBot/1.3; +https://openai.com/gptbot)"
74.7.227.52 - - [31/Mar/2026:04:59:14 -0400] "GET /commoditys/080003828 HTTP/1.1" 403 0 "https://gpdl-bd.com/?sitemap428.xml" "Mozilla/5.0 AppleWebKit/537.36 (KHTML, like Gecko; compatible; GPTBot/1.3; +https://openai.com/gptbot)"
74.7.227.52 - - [31/Mar/2026:04:59:16 -0400] "GET /commoditys/216001112 HTTP/1.1" 403 0 "https://gpdl-bd.com/?sitemap605.xml" "Mozilla/5.0 AppleWebKit/537.36 (KHTML, like Gecko; compatible; GPTBot/1.3; +https://openai.com/gptbot)"
74.7.227.52 - - [31/Mar/2026:04:59:18 -0400] "GET /commoditys/207000903 HTTP/1.1" 403 0 "https://gpdl-bd.com/?sitemap428.xml" "Mozilla/5.0 AppleWebKit/537.36 (KHTML, like Gecko; compatible; GPTBot/1.3; +https://openai.com/gptbot)"
74.7.227.52 - - [31/Mar/2026:04:59:23 -0400] "GET /commoditys/228007000 HTTP/1.1" 403 0 "https://gpdl-bd.com/?sitemap428.xml" "Mozilla/5.0 AppleWebKit/537.36 (KHTML, like Gecko; compatible; GPTBot/1.3; +https://openai.com/gptbot)"
74.7.227.52 - - [31/Mar/2026:04:59:25 -0400] "GET /commoditys/222033602 HTTP/1.1" 403 0 "https://gpdl-bd.com/?sitemap605.xml" "Mozilla/5.0 AppleWebKit/537.36 (KHTML, like Gecko; compatible; GPTBot/1.3; +https://openai.com/gptbot)"
74.7.227.52 - - [31/Mar/2026:04:59:26 -0400] "GET /commoditys/100038050 HTTP/1.1" 403 0 "https://gpdl-bd.com/?sitemap605.xml" "Mozilla/5.0 AppleWebKit/537.36 (KHTML, like Gecko; compatible; GPTBot/1.3; +https://openai.com/gptbot)"
74.7.227.52 - - [31/Mar/2026:04:59:30 -0400] "GET /commoditys/129010001 HTTP/1.1" 403 0 "https://gpdl-bd.com/?sitemap906.xml" "Mozilla/5.0 AppleWebKit/537.36 (KHTML, like Gecko; compatible; GPTBot/1.3; +https://openai.com/gptbot)"
74.7.227.52 - - [31/Mar/2026:04:59:31 -0400] "GET /commoditys/200013230 HTTP/1.1" 403 0 "https://gpdl-bd.com/?sitemap428.xml" "Mozilla/5.0 AppleWebKit/537.36 (KHTML, like Gecko; compatible; GPTBot/1.3; +https://openai.com/gptbot)"
74.7.227.52 - - [31/Mar/2026:04:59:34 -0400] "GET /commoditys/012000266 HTTP/1.1" 403 0 "https://gpdl-bd.com/?sitemap428.xml" "Mozilla/5.0 AppleWebKit/537.36 (KHTML, like Gecko; compatible; GPTBot/1.3; +https://openai.com/gptbot)"
74.7.227.52 - - [31/Mar/2026:04:59:36 -0400] "GET /commoditys/280004208 HTTP/1.1" 403 0 "https://gpdl-bd.com/?sitemap906.xml" "Mozilla/5.0 AppleWebKit/537.36 (KHTML, like Gecko; compatible; GPTBot/1.3; +https://openai.com/gptbot)"
74.7.227.52 - - [31/Mar/2026:04:59:38 -0400] "GET /commoditys/080002106 HTTP/1.1" 403 0 "https://gpdl-bd.com/?sitemap605.xml" "Mozilla/5.0 AppleWebKit/537.36 (KHTML, like Gecko; compatible; GPTBot/1.3; +https://openai.com/gptbot)"
74.7.227.52 - - [31/Mar/2026:04:59:40 -0400] "GET /commoditys/060003622 HTTP/1.1" 403 0 "https://gpdl-bd.com/?sitemap605.xml" "Mozilla/5.0 AppleWebKit/537.36 (KHTML, like Gecko; compatible; GPTBot/1.3; +https://openai.com/gptbot)"
74.7.227.52 - - [31/Mar/2026:04:59:42 -0400] "GET /commoditys/300027010 HTTP/1.1" 403 0 "https://gpdl-bd.com/?sitemap906.xml" "Mozilla/5.0 AppleWebKit/537.36 (KHTML, like Gecko; compatible; GPTBot/1.3; +https://openai.com/gptbot)"
74.7.227.52 - - [31/Mar/2026:04:59:44 -0400] "GET /commoditys/100034330 HTTP/1.1" 403 0 "https://gpdl-bd.com/?sitemap76.xml" "Mozilla/5.0 AppleWebKit/537.36 (KHTML, like Gecko; compatible; GPTBot/1.3; +https://openai.com/gptbot)"
74.7.227.52 - - [31/Mar/2026:04:59:46 -0400] "GET /commoditys/222041282 HTTP/1.1" 403 0 "https://gpdl-bd.com/?sitemap605.xml" "Mozilla/5.0 AppleWebKit/537.36 (KHTML, like Gecko; compatible; GPTBot/1.3; +https://openai.com/gptbot)"
74.7.227.52 - - [31/Mar/2026:04:59:49 -0400] "GET /commoditys/050005502 HTTP/1.1" 403 0 "https://gpdl-bd.com/?sitemap428.xml" "Mozilla/5.0 AppleWebKit/537.36 (KHTML, like Gecko; compatible; GPTBot/1.3; +https://openai.com/gptbot)"
74.7.227.52 - - [31/Mar/2026:04:59:50 -0400] "GET /commoditys/056000858 HTTP/1.1" 403 0 "https://gpdl-bd.com/?sitemap906.xml" "Mozilla/5.0 AppleWebKit/537.36 (KHTML, like Gecko; compatible; GPTBot/1.3; +https://openai.com/gptbot)"
74.7.227.52 - - [31/Mar/2026:04:59:53 -0400] "GET /commoditys/300032932 HTTP/1.1" 403 0 "https://gpdl-bd.com/?sitemap906.xml" "Mozilla/5.0 AppleWebKit/537.36 (KHTML, like Gecko; compatible; GPTBot/1.3; +https://openai.com/gptbot)"
74.7.227.52 - - [31/Mar/2026:04:59:55 -0400] "GET /commoditys/140009080 HTTP/1.1" 403 0 "https://gpdl-bd.com/?sitemap605.xml" "Mozilla/5.0 AppleWebKit/537.36 (KHTML, like Gecko; compatible; GPTBot/1.3; +https://openai.com/gptbot)"
74.7.227.52 - - [31/Mar/2026:04:59:56 -0400] "GET /commoditys/060023332 HTTP/1.1" 403 0 "https://gpdl-bd.com/?sitemap906.xml" "Mozilla/5.0 AppleWebKit/537.36 (KHTML, like Gecko; compatible; GPTBot/1.3; +https://openai.com/gptbot)"
74.7.227.52 - - [31/Mar/2026:04:59:58 -0400] "GET /commoditys/060009404 HTTP/1.1" 403 0 "https://gpdl-bd.com/?sitemap605.xml" "Mozilla/5.0 AppleWebKit/537.36 (KHTML, like Gecko; compatible; GPTBot/1.3; +https://openai.com/gptbot)"
74.7.227.52 - - [31/Mar/2026:05:00:04 -0400] "GET /commoditys/071000373 HTTP/1.1" 403 0 "https://gpdl-bd.com/?sitemap605.xml" "Mozilla/5.0 AppleWebKit/537.36 (KHTML, like Gecko; compatible; GPTBot/1.3; +https://openai.com/gptbot)"
74.7.227.52 - - [31/Mar/2026:05:00:08 -0400] "GET /commoditys/220005922 HTTP/1.1" 403 0 "https://gpdl-bd.com/?sitemap605.xml" "Mozilla/5.0 AppleWebKit/537.36 (KHTML, like Gecko; compatible; GPTBot/1.3; +https://openai.com/gptbot)"
5.102.238.228 - - [31/Mar/2026:05:00:12 -0400] "GET /products/094024333 HTTP/1.1" 200 7203 "https://gpdl-bd.com/?sitemap605.xml" "Mozilla/5.0 (Linux; Android 7.1.1; OPPO R9sk Build/NMF26F) AppleWebKit/537.36 (KHTML, like Gecko) Chrome/69.0.4078.119 Mobile Safari/537.36 OPR/53.0.2569.141117"
74.7.227.52 - - [31/Mar/2026:05:00:16 -0400] "GET /commoditys/102012220 HTTP/1.1" 403 0 "https://gpdl-bd.com/?sitemap76.xml" "Mozilla/5.0 AppleWebKit/537.36 (KHTML, like Gecko; compatible; GPTBot/1.3; +https://openai.com/gptbot)"
74.7.227.52 - - [31/Mar/2026:05:00:22 -0400] "GET /commoditys/152003000 HTTP/1.1" 403 0 "https://gpdl-bd.com/?sitemap428.xml" "Mozilla/5.0 AppleWebKit/537.36 (KHTML, like Gecko; compatible; GPTBot/1.3; +https://openai.com/gptbot)"
74.7.227.52 - - [31/Mar/2026:05:00:22 -0400] "GET /commoditys/007039333 HTTP/1.1" 403 0 "https://gpdl-bd.com/?sitemap605.xml" "Mozilla/5.0 AppleWebKit/537.36 (KHTML, like Gecko; compatible; GPTBot/1.3; +https://openai.com/gptbot)"
74.7.227.52 - - [31/Mar/2026:05:00:31 -0400] "GET /commoditys/076037776 HTTP/1.1" 403 0 "https://gpdl-bd.com/?sitemap76.xml" "Mozilla/5.0 AppleWebKit/537.36 (KHTML, like Gecko; compatible; GPTBot/1.3; +https://openai.com/gptbot)"
74.7.227.52 - - [31/Mar/2026:05:00:42 -0400] "GET /commoditys/009025559 HTTP/1.1" 403 0 "https://gpdl-bd.com/?sitemap428.xml" "Mozilla/5.0 AppleWebKit/537.36 (KHTML, like Gecko; compatible; GPTBot/1.3; +https://openai.com/gptbot)"
74.7.227.52 - - [31/Mar/2026:05:00:46 -0400] "GET /commoditys/023022277 HTTP/1.1" 403 0 "https://gpdl-bd.com/?sitemap76.xml" "Mozilla/5.0 AppleWebKit/537.36 (KHTML, like Gecko; compatible; GPTBot/1.3; +https://openai.com/gptbot)"
74.7.227.52 - - [31/Mar/2026:05:00:52 -0400] "GET /commoditys/113037111 HTTP/1.1" 403 0 "https://gpdl-bd.com/?sitemap428.xml" "Mozilla/5.0 AppleWebKit/537.36 (KHTML, like Gecko; compatible; GPTBot/1.3; +https://openai.com/gptbot)"
74.7.227.52 - - [31/Mar/2026:05:00:57 -0400] "GET /commoditys/112000770 HTTP/1.1" 403 0 "https://gpdl-bd.com/?sitemap76.xml" "Mozilla/5.0 AppleWebKit/537.36 (KHTML, like Gecko; compatible; GPTBot/1.3; +https://openai.com/gptbot)"
74.7.227.52 - - [31/Mar/2026:05:01:03 -0400] "GET /commoditys/121000219 HTTP/1.1" 403 0 "https://gpdl-bd.com/?sitemap605.xml" "Mozilla/5.0 AppleWebKit/537.36 (KHTML, like Gecko; compatible; GPTBot/1.3; +https://openai.com/gptbot)"
74.7.227.52 - - [31/Mar/2026:05:01:08 -0400] "GET /commoditys/100024122 HTTP/1.1" 403 0 "https://gpdl-bd.com/?sitemap906.xml" "Mozilla/5.0 AppleWebKit/537.36 (KHTML, like Gecko; compatible; GPTBot/1.3; +https://openai.com/gptbot)"
74.7.227.52 - - [31/Mar/2026:05:01:11 -0400] "GET /commoditys/300013032 HTTP/1.1" 403 0 "https://gpdl-bd.com/?sitemap428.xml" "Mozilla/5.0 AppleWebKit/537.36 (KHTML, like Gecko; compatible; GPTBot/1.3; +https://openai.com/gptbot)"
66.249.77.42 - - [31/Mar/2026:05:01:11 -0400] "GET /?jp/165000661.html HTTP/1.1" 200 23098 "-" "Mozilla/5.0 (Linux; Android 6.0.1; Nexus 5X Build/MMB29P) AppleWebKit/537.36 (KHTML, like Gecko) Chrome/146.0.7680.153 Mobile Safari/537.36 (compatible; GoogleOther)"
74.7.227.52 - - [31/Mar/2026:05:01:13 -0400] "GET /commoditys/211000207 HTTP/1.1" 403 0 "https://gpdl-bd.com/?sitemap428.xml" "Mozilla/5.0 AppleWebKit/537.36 (KHTML, like Gecko; compatible; GPTBot/1.3; +https://openai.com/gptbot)"
74.7.227.52 - - [31/Mar/2026:05:02:06 -0400] "GET /commoditys/203044463 HTTP/1.1" 403 0 "https://gpdl-bd.com/?sitemap605.xml" "Mozilla/5.0 AppleWebKit/537.36 (KHTML, like Gecko; compatible; GPTBot/1.3; +https://openai.com/gptbot)"
74.7.227.52 - - [31/Mar/2026:05:02:12 -0400] "GET /commoditys/247044411 HTTP/1.1" 403 0 "https://gpdl-bd.com/?sitemap76.xml" "Mozilla/5.0 AppleWebKit/537.36 (KHTML, like Gecko; compatible; GPTBot/1.3; +https://openai.com/gptbot)"
74.7.227.52 - - [31/Mar/2026:05:02:15 -0400] "GET /commoditys/014037222 HTTP/1.1" 403 0 "https://gpdl-bd.com/?sitemap605.xml" "Mozilla/5.0 AppleWebKit/537.36 (KHTML, like Gecko; compatible; GPTBot/1.3; +https://openai.com/gptbot)"
74.7.227.52 - - [31/Mar/2026:05:02:21 -0400] "GET /commoditys/300048094 HTTP/1.1" 403 0 "https://gpdl-bd.com/?sitemap605.xml" "Mozilla/5.0 AppleWebKit/537.36 (KHTML, like Gecko; compatible; GPTBot/1.3; +https://openai.com/gptbot)"
74.7.227.52 - - [31/Mar/2026:05:02:27 -0400] "GET /commoditys/141000627 HTTP/1.1" 403 0 "https://gpdl-bd.com/?sitemap428.xml" "Mozilla/5.0 AppleWebKit/537.36 (KHTML, like Gecko; compatible; GPTBot/1.3; +https://openai.com/gptbot)"
74.7.227.52 - - [31/Mar/2026:05:02:34 -0400] "GET /commoditys/253034445 HTTP/1.1" 403 0 "https://gpdl-bd.com/?sitemap76.xml" "Mozilla/5.0 AppleWebKit/537.36 (KHTML, like Gecko; compatible; GPTBot/1.3; +https://openai.com/gptbot)"
74.7.227.52 - - [31/Mar/2026:05:02:40 -0400] "GET /commoditys/075027999 HTTP/1.1" 403 0 "https://gpdl-bd.com/?sitemap76.xml" "Mozilla/5.0 AppleWebKit/537.36 (KHTML, like Gecko; compatible; GPTBot/1.3; +https://openai.com/gptbot)"
38.248.176.18 - - [31/Mar/2026:05:02:46 -0400] "GET /products/094020805 HTTP/1.1" 200 7203 "https://gpdl-bd.com/?sitemap605.xml" "Mozilla/5.0 (Linux; U; Android 9; zh-CN; MI 9 Build/PKQ1.181121.001) AppleWebKit/537.36 (KHTML, like Gecko) Version/4.0 Chrome/67.0.3631.96 UCBrowser/12.5.5.1035 Mobile Safari/537.36"
74.7.227.52 - - [31/Mar/2026:05:02:46 -0400] "GET /commoditys/222018236 HTTP/1.1" 403 0 "https://gpdl-bd.com/?sitemap605.xml" "Mozilla/5.0 AppleWebKit/537.36 (KHTML, like Gecko; compatible; GPTBot/1.3; +https://openai.com/gptbot)"
74.7.227.52 - - [31/Mar/2026:05:02:52 -0400] "GET /commoditys/222048724 HTTP/1.1" 403 0 "https://gpdl-bd.com/?sitemap76.xml" "Mozilla/5.0 AppleWebKit/537.36 (KHTML, like Gecko; compatible; GPTBot/1.3; +https://openai.com/gptbot)"
74.7.227.52 - - [31/Mar/2026:05:02:59 -0400] "GET /commoditys/230004272 HTTP/1.1" 403 0 "https://gpdl-bd.com/?sitemap428.xml" "Mozilla/5.0 AppleWebKit/537.36 (KHTML, like Gecko; compatible; GPTBot/1.3; +https://openai.com/gptbot)"
74.7.227.52 - - [31/Mar/2026:05:03:08 -0400] "GET /commoditys/029022271 HTTP/1.1" 403 0 "https://gpdl-bd.com/?sitemap906.xml" "Mozilla/5.0 AppleWebKit/537.36 (KHTML, like Gecko; compatible; GPTBot/1.3; +https://openai.com/gptbot)"
