66.249.77.33 - - [30/Mar/2026:23:07:47 -0400] "GET /?jp/192013053.html HTTP/1.1" 200 24329 "-" "Mozilla/5.0 (Linux; Android 6.0.1; Nexus 5X Build/MMB29P) AppleWebKit/537.36 (KHTML, like Gecko) Chrome/146.0.7680.153 Mobile Safari/537.36 (compatible; Googlebot/2.1; +http://www.google.com/bot.html)"
93.92.203.249 - - [30/Mar/2026:23:09:44 -0400] "GET /products/187036274 HTTP/1.1" 200 7203 "-" "Mozilla/5.0 (Linux; Android 7.1.1; OPPO R9sk) AppleWebKit/537.36 (KHTML, like Gecko) Chrome/74.0.2596.84 Mobile Safari/537.36 EdgA/42.0.2.3819"
195.123.216.134 - - [30/Mar/2026:23:10:19 -0400] "GET /wp-login.php HTTP/1.1" 200 6003 "-" "Mozilla/5.0 (Windows NT 10.0; Win64; x64) AppleWebKit/537.36 (KHTML, like Gecko) Chrome/124.0.6367.207 Safari/537.36"
66.249.77.42 - - [30/Mar/2026:23:11:02 -0400] "GET /?detail/021002733132 HTTP/1.1" 200 22997 "-" "Mozilla/5.0 (Linux; Android 6.0.1; Nexus 5X Build/MMB29P) AppleWebKit/537.36 (KHTML, like Gecko) Chrome/146.0.7680.153 Mobile Safari/537.36 (compatible; Googlebot/2.1; +http://www.google.com/bot.html)"
195.123.216.134 - - [30/Mar/2026:23:11:10 -0400] "GET /wp-login.php HTTP/1.1" 200 6003 "-" "Mozilla/5.0 (Windows NT 10.0; Win64; x64) AppleWebKit/537.36 (KHTML, like Gecko) Chrome/124.0.6367.207 Safari/537.36"
146.70.10.5 - - [30/Mar/2026:23:11:11 -0400] "GET /wp-login.php HTTP/1.1" 200 6003 "-" "Mozilla/5.0 (Windows NT 10.0; Win64; x64) AppleWebKit/537.36 (KHTML, like Gecko) Chrome/124.0.6367.207 Safari/537.36"
195.78.54.18 - - [30/Mar/2026:23:11:12 -0400] "GET /wp-login.php HTTP/1.1" 200 6003 "-" "Mozilla/5.0 (Windows NT 10.0; Win64; x64) AppleWebKit/537.36 (KHTML, like Gecko) Chrome/124.0.6367.207 Safari/537.36"
51.210.104.134 - - [30/Mar/2026:23:11:13 -0400] "GET /wp-login.php HTTP/1.1" 200 6003 "-" "Mozilla/5.0 (Windows NT 10.0; Win64; x64) AppleWebKit/537.36 (KHTML, like Gecko) Chrome/124.0.6367.207 Safari/537.36"
128.90.135.15 - - [30/Mar/2026:23:11:25 -0400] "GET / HTTP/1.1" 403 0 "http://gpdl-bd.com" "Go-http-client/1.1"
128.90.135.15 - - [30/Mar/2026:23:11:25 -0400] "GET /wordpress/wp-admin/setup-config.php?step=1&language=en_GB HTTP/1.1" 200 33 "http://gpdl-bd.com/wordpress/wp-admin/setup-config.php?step=1&language=en_GB" "Mozilla/5.0 (compatible; Bingbot/2.0; +http://www.bing.com/bingbot.htm)"
128.90.135.15 - - [30/Mar/2026:23:11:26 -0400] "GET /wordpress/wp-admin/install.php?step=1&language=en_GB HTTP/1.1" 200 7203 "http://gpdl-bd.com/wordpress/wp-admin/install.php?step=1&language=en_GB" "Mozilla/5.0 (Windows NT 10.0; Win64; x64) AppleWebKit/537.36 (KHTML, like Gecko) Edge/115.0.0.0"
128.90.135.15 - - [30/Mar/2026:23:11:27 -0400] "GET /wp/wp-admin/setup-config.php?step=1&language=en_GB HTTP/1.1" 200 7203 "http://gpdl-bd.com/wp/wp-admin/setup-config.php?step=1&language=en_GB" "Mozilla/5.0 (Windows NT 10.0; Win64; x64) AppleWebKit/537.36 (KHTML, like Gecko) Edge/115.0.0.0"
128.90.135.15 - - [30/Mar/2026:23:11:28 -0400] "GET /wp/wp-admin/install.php?step=1&language=en_GB HTTP/1.1" 200 7203 "http://gpdl-bd.com/wp/wp-admin/install.php?step=1&language=en_GB" "Mozilla/5.0 (Windows NT 10.0; Win64; x64) AppleWebKit/537.36 (KHTML, like Gecko) Chrome/115.0.0.0 Safari/537.36"
128.90.135.15 - - [30/Mar/2026:23:11:29 -0400] "GET /new/wp-admin/setup-config.php?step=1&language=en_GB HTTP/1.1" 200 7203 "http://gpdl-bd.com/new/wp-admin/setup-config.php?step=1&language=en_GB" "Mozilla/5.0 (Windows NT 10.0; Win64; x64) AppleWebKit/537.36 (KHTML, like Gecko) Edge/115.0.0.0"
128.90.135.15 - - [30/Mar/2026:23:11:30 -0400] "GET /new/wp-admin/install.php?step=1&language=en_GB HTTP/1.1" 200 28095 "http://gpdl-bd.com/new/wp-admin/install.php?step=1&language=en_GB" "Mozilla/5.0 (compatible; Yahoo! Slurp; http://help.yahoo.com/help/us/ysearch/slurp)"
193.26.115.43 - - [30/Mar/2026:23:11:31 -0400] "GET /wp-login.php HTTP/1.1" 200 6003 "-" "Mozilla/5.0 (Windows NT 10.0; Win64; x64) AppleWebKit/537.36 (KHTML, like Gecko) Chrome/124.0.6367.207 Safari/537.36"
128.90.135.15 - - [30/Mar/2026:23:11:31 -0400] "GET /old/wp-admin/setup-config.php?step=1&language=en_GB HTTP/1.1" 200 7203 "http://gpdl-bd.com/old/wp-admin/setup-config.php?step=1&language=en_GB" "Mozilla/5.0 (iPad; CPU OS 16_4 like Mac OS X) AppleWebKit/605.1.15 (KHTML, like Gecko) Version/16.4 Mobile/15E148 Safari/604.1"
128.90.135.15 - - [30/Mar/2026:23:11:31 -0400] "GET /old/wp-admin/install.php?step=1&language=en_GB HTTP/1.1" 200 29154 "http://gpdl-bd.com/old/wp-admin/install.php?step=1&language=en_GB" "Mozilla/5.0 (compatible; Googlebot/2.1; +http://www.google.com/bot.html)"
109.70.100.2 - - [30/Mar/2026:23:11:32 -0400] "GET /wp-login.php HTTP/1.1" 200 6003 "-" "Mozilla/5.0 (Windows NT 10.0; Win64; x64) AppleWebKit/537.36 (KHTML, like Gecko) Chrome/124.0.6367.207 Safari/537.36"
128.90.135.15 - - [30/Mar/2026:23:11:33 -0400] "GET /blog/wp-admin/setup-config.php?step=1&language=en_GB HTTP/1.1" 200 26954 "http://gpdl-bd.com/blog/wp-admin/setup-config.php?step=1&language=en_GB" "Mozilla/5.0 (compatible; Yahoo! Slurp; http://help.yahoo.com/help/us/ysearch/slurp)"
128.90.135.15 - - [30/Mar/2026:23:11:34 -0400] "GET /blog/wp-admin/install.php?step=1&language=en_GB HTTP/1.1" 200 33 "http://gpdl-bd.com/blog/wp-admin/install.php?step=1&language=en_GB" "Mozilla/5.0 (compatible; Bingbot/2.0; +http://www.bing.com/bingbot.htm)"
128.90.135.15 - - [30/Mar/2026:23:11:34 -0400] "GET /test/wp-admin/setup-config.php?step=1&language=en_GB HTTP/1.1" 200 7203 "http://gpdl-bd.com/test/wp-admin/setup-config.php?step=1&language=en_GB" "Mozilla/5.0 (Macintosh; Intel Mac OS X 10_15_7) AppleWebKit/605.1.15 (KHTML, like Gecko) Version/15.1 Safari/605.1.15"
45.161.32.233 - - [30/Mar/2026:23:11:34 -0400] "GET /products/187011212 HTTP/1.1" 200 7203 "-" "Mozilla/5.0 (iPhone; CPU iPhone OS 12_3_1 like Mac OS X) AppleWebKit/606.2.35 (KHTML, like Gecko) Mobile/15E148 QQ/8.0.8.458 V1_IPH_SQ_8.0.8_1_APP_A Pixel/1242 Core/WKWebView Device/Apple(iPhone XS) NetType/WIFI QBWebViewType/1 WKType/1"
128.90.135.15 - - [30/Mar/2026:23:11:35 -0400] "GET /test/wp-admin/install.php?step=1&language=en_GB HTTP/1.1" 200 7203 "http://gpdl-bd.com/test/wp-admin/install.php?step=1&language=en_GB" "Mozilla/5.0 (X11; Linux x86_64) AppleWebKit/537.36 (KHTML, like Gecko) Chrome/115.0.0.0 Safari/537.36"
128.90.135.15 - - [30/Mar/2026:23:11:35 -0400] "GET /shop/wp-admin/setup-config.php?step=1&language=en_GB HTTP/1.1" 200 7203 "http://gpdl-bd.com/shop/wp-admin/setup-config.php?step=1&language=en_GB" "Mozilla/5.0 (X11; Linux x86_64) AppleWebKit/537.36 (KHTML, like Gecko) Chrome/115.0.0.0 Safari/537.36"
128.90.135.15 - - [30/Mar/2026:23:11:36 -0400] "GET /shop/wp-admin/install.php?step=1&language=en_GB HTTP/1.1" 200 7203 "http://gpdl-bd.com/shop/wp-admin/install.php?step=1&language=en_GB" "Mozilla/5.0 (X11; Linux x86_64) AppleWebKit/537.36 (KHTML, like Gecko) Chrome/115.0.0.0 Safari/537.36"
192.42.116.17 - - [30/Mar/2026:23:11:51 -0400] "GET /wp-login.php HTTP/1.1" 200 6003 "-" "Mozilla/5.0 (Windows NT 10.0; Win64; x64) AppleWebKit/537.36 (KHTML, like Gecko) Chrome/124.0.6367.207 Safari/537.36"
158.173.152.244 - - [30/Mar/2026:23:12:11 -0400] "GET /wp-login.php HTTP/1.1" 200 6003 "-" "Mozilla/5.0 (Windows NT 10.0; Win64; x64) AppleWebKit/537.36 (KHTML, like Gecko) Chrome/124.0.6367.207 Safari/537.36"
51.210.111.7 - - [30/Mar/2026:23:12:13 -0400] "GET /wp-login.php HTTP/1.1" 200 6003 "-" "Mozilla/5.0 (Windows NT 10.0; Win64; x64) AppleWebKit/537.36 (KHTML, like Gecko) Chrome/124.0.6367.207 Safari/537.36"
66.249.77.32 - - [30/Mar/2026:23:12:14 -0400] "GET /?jp/297037713.html HTTP/1.1" 200 22278 "-" "Mozilla/5.0 (Linux; Android 6.0.1; Nexus 5X Build/MMB29P) AppleWebKit/537.36 (KHTML, like Gecko) Chrome/146.0.7680.153 Mobile Safari/537.36 (compatible; Googlebot/2.1; +http://www.google.com/bot.html)"
149.40.57.240 - - [30/Mar/2026:23:12:15 -0400] "GET /wp-login.php HTTP/1.1" 200 6003 "-" "Mozilla/5.0 (Windows NT 10.0; Win64; x64) AppleWebKit/537.36 (KHTML, like Gecko) Chrome/124.0.6367.207 Safari/537.36"
185.253.162.161 - - [30/Mar/2026:23:13:00 -0400] "GET /wp-login.php HTTP/1.1" 200 6003 "-" "Mozilla/5.0 (Windows NT 10.0; Win64; x64) AppleWebKit/537.36 (KHTML, like Gecko) Chrome/124.0.6367.207 Safari/537.36"
103.166.215.57 - - [30/Mar/2026:23:13:05 -0400] "GET /products/186027851 HTTP/1.1" 200 7203 "-" "Mozilla/5.0 (Linux; Android 7.1.1; OPPO R9sk Build/NMF26F; wv) AppleWebKit/537.36 (KHTML, like Gecko) Version/4.0 Chrome/82.0.3692.30 Mobile Safari/537.36 LieBaoFast/5.12.3"
185.220.101.109 - - [30/Mar/2026:23:13:19 -0400] "GET /wp-login.php HTTP/1.1" 200 6003 "-" "Mozilla/5.0 (Windows NT 10.0; Win64; x64) AppleWebKit/537.36 (KHTML, like Gecko) Chrome/124.0.6367.207 Safari/537.36"
192.42.116.99 - - [30/Mar/2026:23:13:38 -0400] "GET /wp-login.php HTTP/1.1" 200 6003 "-" "Mozilla/5.0 (Windows NT 10.0; Win64; x64) AppleWebKit/537.36 (KHTML, like Gecko) Chrome/124.0.6367.207 Safari/537.36"
149.102.239.166 - - [30/Mar/2026:23:14:00 -0400] "GET /wp-login.php HTTP/1.1" 200 6003 "-" "Mozilla/5.0 (Windows NT 10.0; Win64; x64) AppleWebKit/537.36 (KHTML, like Gecko) Chrome/124.0.6367.207 Safari/537.36"
66.249.77.33 - - [30/Mar/2026:23:14:20 -0400] "GET /?detail/0740369991815 HTTP/1.1" 200 24403 "-" "Mozilla/5.0 (Linux; Android 6.0.1; Nexus 5X Build/MMB29P) AppleWebKit/537.36 (KHTML, like Gecko) Chrome/146.0.7680.153 Mobile Safari/537.36 (compatible; Googlebot/2.1; +http://www.google.com/bot.html)"
89.149.52.88 - - [30/Mar/2026:23:14:25 -0400] "GET /wp-login.php HTTP/1.1" 200 6003 "-" "Mozilla/5.0 (Windows NT 10.0; Win64; x64) AppleWebKit/537.36 (KHTML, like Gecko) Chrome/124.0.6367.207 Safari/537.36"
143.244.48.12 - - [30/Mar/2026:23:14:27 -0400] "GET /wp-login.php HTTP/1.1" 200 6003 "-" "Mozilla/5.0 (Windows NT 10.0; Win64; x64) AppleWebKit/537.36 (KHTML, like Gecko) Chrome/124.0.6367.207 Safari/537.36"
45.66.35.32 - - [30/Mar/2026:23:14:30 -0400] "GET /wp-login.php HTTP/1.1" 200 6003 "-" "Mozilla/5.0 (Windows NT 10.0; Win64; x64) AppleWebKit/537.36 (KHTML, like Gecko) Chrome/124.0.6367.207 Safari/537.36"
192.42.116.46 - - [30/Mar/2026:23:14:32 -0400] "GET /wp-login.php HTTP/1.1" 200 6003 "-" "Mozilla/5.0 (Windows NT 10.0; Win64; x64) AppleWebKit/537.36 (KHTML, like Gecko) Chrome/124.0.6367.207 Safari/537.36"
171.25.193.81 - - [30/Mar/2026:23:14:33 -0400] "GET /wp-login.php HTTP/1.1" 200 6003 "-" "Mozilla/5.0 (Windows NT 10.0; Win64; x64) AppleWebKit/537.36 (KHTML, like Gecko) Chrome/124.0.6367.207 Safari/537.36"
190.113.182.210 - - [30/Mar/2026:23:15:48 -0400] "GET /products/186009561 HTTP/1.1" 200 7203 "-" "Mozilla/5.0 (iPhone; CPU iPhone OS 12_3_1 like Mac OS X) AppleWebKit/606.2.35 (KHTML, like Gecko) Mobile/15E148 QQ/8.0.8.458 V1_IPH_SQ_8.0.8_1_APP_A Pixel/1242 Core/WKWebView Device/Apple(iPhone XS) NetType/WIFI QBWebViewType/1 WKType/1"
66.249.77.42 - - [30/Mar/2026:23:17:20 -0400] "GET /?jp/005023303.html HTTP/1.1" 200 23439 "-" "Mozilla/5.0 (Linux; Android 6.0.1; Nexus 5X Build/MMB29P) AppleWebKit/537.36 (KHTML, like Gecko) Chrome/146.0.7680.153 Mobile Safari/537.36 (compatible; Googlebot/2.1; +http://www.google.com/bot.html)"
102.115.25.135 - - [30/Mar/2026:23:18:08 -0400] "GET /products/186007039 HTTP/1.1" 200 7203 "-" "Mozilla/5.0 (Linux; Android 9; MI 9 Build/PKQ1.181121.001) AppleWebKit/537.36 (KHTML, like Gecko) Version/4.0 Chrome/57.0.4153.129 Mobile Safari/537.36 Maxthon/3248"
216.73.216.163 - - [30/Mar/2026:23:19:48 -0400] "GET / HTTP/1.1" 403 0 "-" "Mozilla/5.0 AppleWebKit/537.36 (KHTML, like Gecko; compatible; ClaudeBot/1.0; +claudebot@anthropic.com)"
66.249.77.32 - - [30/Mar/2026:23:19:55 -0400] "GET /?jp/103000877.html HTTP/1.1" 200 22813 "-" "Mozilla/5.0 (Linux; Android 6.0.1; Nexus 5X Build/MMB29P) AppleWebKit/537.36 (KHTML, like Gecko) Chrome/146.0.7680.153 Mobile Safari/537.36 (compatible; GoogleOther)"
185.30.69.92 - - [30/Mar/2026:23:20:31 -0400] "GET /products/186006403 HTTP/1.1" 200 7203 "-" "Mozilla/5.0 (Linux; Android 9; MI 9 Build/PKQ1.181121.001; wv) AppleWebKit/537.36 (KHTML, like Gecko) Version/4.0 Chrome/60.0.4484.96 Mobile Safari/537.36 LieBaoFast/5.10.1"
66.249.77.32 - - [30/Mar/2026:23:20:45 -0400] "GET /?jp/237007576.html HTTP/1.1" 200 24449 "-" "Mozilla/5.0 (Linux; Android 6.0.1; Nexus 5X Build/MMB29P) AppleWebKit/537.36 (KHTML, like Gecko) Chrome/146.0.7680.153 Mobile Safari/537.36 (compatible; Googlebot/2.1; +http://www.google.com/bot.html)"
190.120.248.224 - - [30/Mar/2026:23:22:38 -0400] "GET /products/185034216 HTTP/1.1" 200 7203 "-" "Mozilla/5.0 (Linux; Android 9; MI 9 Build/PKQ1.181121.001; wv) AppleWebKit/537.36 (KHTML, like Gecko) Version/4.0 Chrome/60.0.2732.88 Mobile Safari/537.36"
209.141.44.76 - - [30/Mar/2026:23:23:35 -0400] "GET /wp-login.php HTTP/1.1" 200 6003 "-" "Mozilla/5.0 (Windows NT 10.0; Win64; x64) AppleWebKit/537.36 (KHTML, like Gecko) Chrome/134.0.0.0 Safari/537.36"
170.246.208.110 - - [30/Mar/2026:23:23:42 -0400] "GET /products/184042627 HTTP/1.1" 200 7203 "-" "Mozilla/5.0 (iPhone; CPU iPhone OS 12_3_1 like Mac OS X) AppleWebKit/606.2.35 (KHTML, like Gecko) Mobile/15E148 QQ/8.0.8.458 V1_IPH_SQ_8.0.8_1_APP_A Pixel/1242 Core/WKWebView Device/Apple(iPhone XS) NetType/WIFI QBWebViewType/1 WKType/1"
66.249.77.42 - - [30/Mar/2026:23:23:46 -0400] "GET /?jp/035023667.html HTTP/1.1" 200 23168 "-" "Mozilla/5.0 (Linux; Android 6.0.1; Nexus 5X Build/MMB29P) AppleWebKit/537.36 (KHTML, like Gecko) Chrome/146.0.7680.153 Mobile Safari/537.36 (compatible; Googlebot/2.1; +http://www.google.com/bot.html)"
216.73.216.163 - - [30/Mar/2026:23:24:08 -0400] "GET /goods.php HTTP/1.1" 403 0 "-" "Mozilla/5.0 AppleWebKit/537.36 (KHTML, like Gecko; compatible; ClaudeBot/1.0; +claudebot@anthropic.com)"
52.231.49.61 - - [30/Mar/2026:23:24:56 -0400] "GET /?goods/119022453= HTTP/1.1" 200 6003 "-" "Mozilla/5.0 AppleWebKit/537.36 (KHTML, like Gecko); compatible; ChatGPT-User/1.0; +https://openai.com/bot"
124.13.194.185 - - [30/Mar/2026:23:25:44 -0400] "GET /products/184040503 HTTP/1.1" 200 7203 "-" "Mozilla/5.0 (iPhone; CPU iPhone OS 12_4 like Mac OS X) AppleWebKit/606.2.34 (KHTML, like Gecko) Mobile/15E148 MicroMessenger/7.0.5(0x17000523) NetType/WIFI Language/zh_CN"
188.52.154.126 - - [30/Mar/2026:23:28:34 -0400] "GET /products/184020257 HTTP/1.1" 200 7203 "-" "Mozilla/5.0 (Linux; Android 9; V1924A Build/PKQ1.190714.001; wv) AppleWebKit/537.36 (KHTML, like Gecko) Chrome/53.0.3388.58 Mobile Safari/537.36 VivoBrowser/6.7.12.0"
104.244.73.186 - - [30/Mar/2026:23:28:34 -0400] "GET /wp-login.php HTTP/1.1" 200 6003 "-" "Mozilla/5.0 (Windows NT 10.0; Win64; x64) AppleWebKit/537.36 (KHTML, like Gecko) Chrome/134.0.0.0 Safari/537.36"
66.249.77.42 - - [30/Mar/2026:23:30:27 -0400] "GET /?detail/2260018413882 HTTP/1.1" 200 23214 "-" "Mozilla/5.0 (Linux; Android 6.0.1; Nexus 5X Build/MMB29P) AppleWebKit/537.36 (KHTML, like Gecko) Chrome/146.0.7680.153 Mobile Safari/537.36 (compatible; Googlebot/2.1; +http://www.google.com/bot.html)"
66.249.77.32 - - [30/Mar/2026:23:31:59 -0400] "GET /?goods/281037689 HTTP/1.1" 200 23885 "-" "Mozilla/5.0 (Linux; Android 6.0.1; Nexus 5X Build/MMB29P) AppleWebKit/537.36 (KHTML, like Gecko) Chrome/146.0.7680.153 Mobile Safari/537.36 (compatible; Googlebot/2.1; +http://www.google.com/bot.html)"
66.249.77.42 - - [30/Mar/2026:23:32:04 -0400] "GET /?jp/202049749.html HTTP/1.1" 200 23357 "-" "Mozilla/5.0 (Linux; Android 6.0.1; Nexus 5X Build/MMB29P) AppleWebKit/537.36 (KHTML, like Gecko) Chrome/146.0.7680.153 Mobile Safari/537.36 (compatible; Googlebot/2.1; +http://www.google.com/bot.html)"
66.249.77.42 - - [30/Mar/2026:23:32:16 -0400] "GET /?jp/118048829.html HTTP/1.1" 200 22464 "-" "Mozilla/5.0 (Linux; Android 6.0.1; Nexus 5X Build/MMB29P) AppleWebKit/537.36 (KHTML, like Gecko) Chrome/146.0.7680.153 Mobile Safari/537.36 (compatible; Googlebot/2.1; +http://www.google.com/bot.html)"
66.249.77.42 - - [30/Mar/2026:23:32:23 -0400] "GET /?detail/1340054353017 HTTP/1.1" 200 23538 "-" "Mozilla/5.0 (Linux; Android 6.0.1; Nexus 5X Build/MMB29P) AppleWebKit/537.36 (KHTML, like Gecko) Chrome/146.0.7680.153 Mobile Safari/537.36 (compatible; Googlebot/2.1; +http://www.google.com/bot.html)"
66.249.77.42 - - [30/Mar/2026:23:32:32 -0400] "GET /?detail/0520456902407 HTTP/1.1" 200 22136 "-" "Mozilla/5.0 (Linux; Android 6.0.1; Nexus 5X Build/MMB29P) AppleWebKit/537.36 (KHTML, like Gecko) Chrome/146.0.7680.153 Mobile Safari/537.36 (compatible; Googlebot/2.1; +http://www.google.com/bot.html)"
66.249.77.42 - - [30/Mar/2026:23:32:33 -0400] "GET /?jp/218037837.html HTTP/1.1" 200 22875 "-" "Mozilla/5.0 (Linux; Android 6.0.1; Nexus 5X Build/MMB29P) AppleWebKit/537.36 (KHTML, like Gecko) Chrome/146.0.7680.153 Mobile Safari/537.36 (compatible; Googlebot/2.1; +http://www.google.com/bot.html)"
66.249.77.42 - - [30/Mar/2026:23:32:34 -0400] "GET /?jp/122020979.html HTTP/1.1" 200 23506 "-" "Mozilla/5.0 (Linux; Android 6.0.1; Nexus 5X Build/MMB29P) AppleWebKit/537.36 (KHTML, like Gecko) Chrome/146.0.7680.153 Mobile Safari/537.36 (compatible; Googlebot/2.1; +http://www.google.com/bot.html)"
66.249.77.42 - - [30/Mar/2026:23:32:59 -0400] "GET /?jp/073008238.html HTTP/1.1" 200 23045 "-" "Mozilla/5.0 (Linux; Android 6.0.1; Nexus 5X Build/MMB29P) AppleWebKit/537.36 (KHTML, like Gecko) Chrome/146.0.7680.153 Mobile Safari/537.36 (compatible; Googlebot/2.1; +http://www.google.com/bot.html)"
66.249.77.42 - - [30/Mar/2026:23:33:08 -0400] "GET /?jp/217025781.html HTTP/1.1" 200 25093 "-" "Mozilla/5.0 (Linux; Android 6.0.1; Nexus 5X Build/MMB29P) AppleWebKit/537.36 (KHTML, like Gecko) Chrome/146.0.7680.153 Mobile Safari/537.36 (compatible; Googlebot/2.1; +http://www.google.com/bot.html)"
66.249.77.42 - - [30/Mar/2026:23:33:18 -0400] "GET /?jp/172029958.html HTTP/1.1" 200 23061 "-" "Mozilla/5.0 (Linux; Android 6.0.1; Nexus 5X Build/MMB29P) AppleWebKit/537.36 (KHTML, like Gecko) Chrome/146.0.7680.153 Mobile Safari/537.36 (compatible; Googlebot/2.1; +http://www.google.com/bot.html)"
74.7.244.7 - - [30/Mar/2026:23:33:38 -0400] "GET /robots.txt HTTP/1.1" 200 106 "-" "Mozilla/5.0 (Macintosh; Intel Mac OS X 10_15_7) AppleWebKit/537.36 (KHTML, like Gecko) Chrome/131.0.0.0 Safari/537.36; compatible; OAI-SearchBot/1.3; robots.txt; +https://openai.com/searchbot"
74.7.228.183 - - [30/Mar/2026:23:33:39 -0400] "GET /?goods%2F119022453 HTTP/1.1" 200 6003 "-" "Mozilla/5.0 (Macintosh; Intel Mac OS X 10_15_7) AppleWebKit/537.36 (KHTML, like Gecko) Chrome/131.0.0.0 Safari/537.36; compatible; OAI-SearchBot/1.3; +https://openai.com/searchbot"
66.249.77.42 - - [30/Mar/2026:23:33:40 -0400] "GET /?jp/258031134.html HTTP/1.1" 200 23543 "-" "Mozilla/5.0 (Linux; Android 6.0.1; Nexus 5X Build/MMB29P) AppleWebKit/537.36 (KHTML, like Gecko) Chrome/146.0.7680.153 Mobile Safari/537.36 (compatible; Googlebot/2.1; +http://www.google.com/bot.html)"
66.249.77.42 - - [30/Mar/2026:23:33:53 -0400] "GET /?detail/01901801372827 HTTP/1.1" 200 23916 "-" "Mozilla/5.0 (Linux; Android 6.0.1; Nexus 5X Build/MMB29P) AppleWebKit/537.36 (KHTML, like Gecko) Chrome/146.0.7680.153 Mobile Safari/537.36 (compatible; Googlebot/2.1; +http://www.google.com/bot.html)"
213.230.87.179 - - [30/Mar/2026:23:34:15 -0400] "GET /products/182027727 HTTP/1.1" 200 7203 "-" "Mozilla/5.0 (Linux; Android 9; MI 9 Build/PKQ1.181121.001; wv) AppleWebKit/537.36 (KHTML, like Gecko) Version/4.0 Chrome/60.0.4129.63 MQQBrowser/6.2 TBS/044704 Mobile Safari/537.36 V1_AND_SQ_8.0.8_1218_YYB_D QQ/8.0.8.4115 NetType/WIFI WebP/0.3.0 Pixel/1080 StatusBarHeight/110"
216.73.216.163 - - [30/Mar/2026:23:36:01 -0400] "GET /robots.txt HTTP/1.1" 200 106 "-" "Mozilla/5.0 AppleWebKit/537.36 (KHTML, like Gecko; compatible; ClaudeBot/1.0; +claudebot@anthropic.com)"
216.73.216.163 - - [30/Mar/2026:23:36:01 -0400] "GET / HTTP/1.1" 403 0 "-" "Mozilla/5.0 AppleWebKit/537.36 (KHTML, like Gecko; compatible; ClaudeBot/1.0; +claudebot@anthropic.com)"
66.249.77.42 - - [30/Mar/2026:23:36:10 -0400] "GET /?jp/082009110.html HTTP/1.1" 200 21989 "-" "Mozilla/5.0 (Linux; Android 6.0.1; Nexus 5X Build/MMB29P) AppleWebKit/537.36 (KHTML, like Gecko) Chrome/146.0.7680.153 Mobile Safari/537.36 (compatible; Googlebot/2.1; +http://www.google.com/bot.html)"
66.249.77.33 - - [30/Mar/2026:23:37:07 -0400] "GET /?detail/039040022948 HTTP/1.1" 200 23217 "-" "Mozilla/5.0 (Linux; Android 6.0.1; Nexus 5X Build/MMB29P) AppleWebKit/537.36 (KHTML, like Gecko) Chrome/146.0.7680.153 Mobile Safari/537.36 (compatible; Googlebot/2.1; +http://www.google.com/bot.html)"
66.249.77.42 - - [30/Mar/2026:23:38:12 -0400] "GET /?detail/1580116231560 HTTP/1.1" 200 24310 "-" "Mozilla/5.0 (Linux; Android 6.0.1; Nexus 5X Build/MMB29P) AppleWebKit/537.36 (KHTML, like Gecko) Chrome/146.0.7680.153 Mobile Safari/537.36 (compatible; Googlebot/2.1; +http://www.google.com/bot.html)"
66.249.77.32 - - [30/Mar/2026:23:39:09 -0400] "GET /?jp/044009065.html HTTP/1.1" 200 24250 "-" "Mozilla/5.0 (Linux; Android 6.0.1; Nexus 5X Build/MMB29P) AppleWebKit/537.36 (KHTML, like Gecko) Chrome/146.0.7680.153 Mobile Safari/537.36 (compatible; Googlebot/2.1; +http://www.google.com/bot.html)"
66.249.77.42 - - [30/Mar/2026:23:39:10 -0400] "GET /?jp/217004181.html HTTP/1.1" 200 23907 "-" "Mozilla/5.0 (Linux; Android 6.0.1; Nexus 5X Build/MMB29P) AppleWebKit/537.36 (KHTML, like Gecko) Chrome/146.0.7680.153 Mobile Safari/537.36 (compatible; Googlebot/2.1; +http://www.google.com/bot.html)"
66.249.77.42 - - [30/Mar/2026:23:40:07 -0400] "GET /?jp/013003921.html HTTP/1.1" 200 23495 "-" "Mozilla/5.0 (Linux; Android 6.0.1; Nexus 5X Build/MMB29P) AppleWebKit/537.36 (KHTML, like Gecko) Chrome/146.0.7680.153 Mobile Safari/537.36 (compatible; Googlebot/2.1; +http://www.google.com/bot.html)"
198.163.194.44 - - [30/Mar/2026:23:40:33 -0400] "GET /products/182008555 HTTP/1.1" 200 7203 "-" "Mozilla/5.0 (Linux; Android 9; MI 9 Build/PKQ1.181121.001; wv) AppleWebKit/537.36 (KHTML, like Gecko) Version/4.0 Chrome/82.0.4430.123 Mobile Safari/537.36"
66.249.77.42 - - [30/Mar/2026:23:40:46 -0400] "GET /?detail/0150184867486 HTTP/1.1" 200 23115 "-" "Mozilla/5.0 (Linux; Android 6.0.1; Nexus 5X Build/MMB29P) AppleWebKit/537.36 (KHTML, like Gecko) Chrome/146.0.7680.153 Mobile Safari/537.36 (compatible; Googlebot/2.1; +http://www.google.com/bot.html)"
66.249.77.32 - - [30/Mar/2026:23:40:46 -0400] "GET /?detail/2560200322786 HTTP/1.1" 200 22973 "-" "Mozilla/5.0 (Linux; Android 6.0.1; Nexus 5X Build/MMB29P) AppleWebKit/537.36 (KHTML, like Gecko) Chrome/146.0.7680.153 Mobile Safari/537.36 (compatible; Googlebot/2.1; +http://www.google.com/bot.html)"
180.75.232.113 - - [30/Mar/2026:23:41:05 -0400] "GET /products/181049340 HTTP/1.1" 200 7203 "-" "Mozilla/5.0 (Linux; Android 10; SM-G981B) AppleWebKit/537.36 (KHTML, like Gecko) Chrome/69.0.4355.116 Mobile Safari/537.36"
66.249.77.33 - - [30/Mar/2026:23:41:43 -0400] "GET /?detail/2850219961278 HTTP/1.1" 200 23914 "-" "Mozilla/5.0 (Linux; Android 6.0.1; Nexus 5X Build/MMB29P) AppleWebKit/537.36 (KHTML, like Gecko) Chrome/146.0.7680.153 Mobile Safari/537.36 (compatible; Googlebot/2.1; +http://www.google.com/bot.html)"
95.87.68.229 - - [30/Mar/2026:23:42:01 -0400] "GET /products/181016712 HTTP/1.1" 200 7203 "-" "Mozilla/5.0 (Linux; U; Android 9; zh-CN; MI 9 Build/PKQ1.181121.001) AppleWebKit/537.36 (KHTML, like Gecko) Version/4.0 Chrome/93.0.3213.79 Quark/3.4.0.113 Mobile Safari/537.36"
66.249.77.33 - - [30/Mar/2026:23:42:45 -0400] "GET /?detail/15100990054414 HTTP/1.1" 200 23643 "-" "Mozilla/5.0 (Linux; Android 6.0.1; Nexus 5X Build/MMB29P) AppleWebKit/537.36 (KHTML, like Gecko) Chrome/146.0.7680.153 Mobile Safari/537.36 (compatible; Googlebot/2.1; +http://www.google.com/bot.html)"
66.249.77.42 - - [30/Mar/2026:23:43:43 -0400] "GET /?jp/184030249.html HTTP/1.1" 200 23809 "-" "Mozilla/5.0 (Linux; Android 6.0.1; Nexus 5X Build/MMB29P) AppleWebKit/537.36 (KHTML, like Gecko) Chrome/146.0.7680.153 Mobile Safari/537.36 (compatible; Googlebot/2.1; +http://www.google.com/bot.html)"
66.249.77.32 - - [30/Mar/2026:23:43:55 -0400] "GET /?detail/141004801945 HTTP/1.1" 200 24045 "-" "Mozilla/5.0 (Linux; Android 6.0.1; Nexus 5X Build/MMB29P) AppleWebKit/537.36 (KHTML, like Gecko) Chrome/146.0.7680.153 Mobile Safari/537.36 (compatible; Googlebot/2.1; +http://www.google.com/bot.html)"
66.249.77.33 - - [30/Mar/2026:23:44:06 -0400] "GET /?jp/287048888.html HTTP/1.1" 200 23283 "-" "Mozilla/5.0 (Linux; Android 6.0.1; Nexus 5X Build/MMB29P) AppleWebKit/537.36 (KHTML, like Gecko) Chrome/146.0.7680.153 Mobile Safari/537.36 (compatible; Googlebot/2.1; +http://www.google.com/bot.html)"
66.249.77.42 - - [30/Mar/2026:23:44:14 -0400] "GET /?jp/156041589.html HTTP/1.1" 200 23789 "-" "Mozilla/5.0 (Linux; Android 6.0.1; Nexus 5X Build/MMB29P) AppleWebKit/537.36 (KHTML, like Gecko) Chrome/146.0.7680.153 Mobile Safari/537.36 (compatible; Googlebot/2.1; +http://www.google.com/bot.html)"
136.158.26.72 - - [30/Mar/2026:23:44:20 -0400] "GET /products/180025339 HTTP/1.1" 200 33 "-" "Mozilla/5.0 (Linux; Android 7.1.1; OPPO R9sk Build/NMF26F; wv) AppleWebKit/537.36 (KHTML, like Gecko) Version/4.0 Chrome/81.0.2592.29 Mobile Safari/537.36 T7/9.1 baidubrowser/7.19.13.0 (Baidu; P1 7.1.1)"
66.249.77.42 - - [30/Mar/2026:23:44:44 -0400] "GET /?goods/185039133 HTTP/1.1" 200 22213 "-" "Mozilla/5.0 (Linux; Android 6.0.1; Nexus 5X Build/MMB29P) AppleWebKit/537.36 (KHTML, like Gecko) Chrome/146.0.7680.153 Mobile Safari/537.36 (compatible; Googlebot/2.1; +http://www.google.com/bot.html)"
66.249.77.42 - - [30/Mar/2026:23:44:55 -0400] "GET /?jp/266037921.html HTTP/1.1" 200 23660 "-" "Mozilla/5.0 (Linux; Android 6.0.1; Nexus 5X Build/MMB29P) AppleWebKit/537.36 (KHTML, like Gecko) Chrome/146.0.7680.153 Mobile Safari/537.36 (compatible; Googlebot/2.1; +http://www.google.com/bot.html)"
66.249.77.33 - - [30/Mar/2026:23:45:13 -0400] "GET /?jp/135007115.html HTTP/1.1" 200 24528 "-" "Mozilla/5.0 (Linux; Android 6.0.1; Nexus 5X Build/MMB29P) AppleWebKit/537.36 (KHTML, like Gecko) Chrome/146.0.7680.153 Mobile Safari/537.36 (compatible; Googlebot/2.1; +http://www.google.com/bot.html)"
66.249.77.33 - - [30/Mar/2026:23:45:16 -0400] "GET /?jp/174008107.html HTTP/1.1" 200 23042 "-" "Mozilla/5.0 (Linux; Android 6.0.1; Nexus 5X Build/MMB29P) AppleWebKit/537.36 (KHTML, like Gecko) Chrome/146.0.7680.153 Mobile Safari/537.36 (compatible; Googlebot/2.1; +http://www.google.com/bot.html)"
66.249.77.32 - - [30/Mar/2026:23:45:27 -0400] "GET /?detail/16000229743412 HTTP/1.1" 200 24343 "-" "Mozilla/5.0 (Linux; Android 6.0.1; Nexus 5X Build/MMB29P) AppleWebKit/537.36 (KHTML, like Gecko) Chrome/146.0.7680.153 Mobile Safari/537.36 (compatible; Googlebot/2.1; +http://www.google.com/bot.html)"
66.249.77.42 - - [30/Mar/2026:23:45:31 -0400] "GET /?jp/079023579.html HTTP/1.1" 200 24317 "-" "Mozilla/5.0 (Linux; Android 6.0.1; Nexus 5X Build/MMB29P) AppleWebKit/537.36 (KHTML, like Gecko) Chrome/146.0.7680.153 Mobile Safari/537.36 (compatible; Googlebot/2.1; +http://www.google.com/bot.html)"
66.249.77.42 - - [30/Mar/2026:23:45:34 -0400] "GET /products/002000263 HTTP/1.1" 200 24122 "-" "Mozilla/5.0 (Linux; Android 6.0.1; Nexus 5X Build/MMB29P) AppleWebKit/537.36 (KHTML, like Gecko) Chrome/146.0.7680.153 Mobile Safari/537.36 (compatible; Googlebot/2.1; +http://www.google.com/bot.html)"
138.84.100.135 - - [30/Mar/2026:23:45:53 -0400] "GET /products/184000137 HTTP/1.1" 200 7203 "-" "Mozilla/5.0 (Linux; U; Android 2.3.7; zh-cn; MB200 Build/GRJ22; CyanogenMod-7) AppleWebKit/535.2 (KHTML, like Gecko) Version/4.0 Mobile Safari/533.1"
66.249.77.32 - - [30/Mar/2026:23:46:12 -0400] "GET /commoditys/001000315 HTTP/1.1" 200 23781 "-" "Mozilla/5.0 (Linux; Android 6.0.1; Nexus 5X Build/MMB29P) AppleWebKit/537.36 (KHTML, like Gecko) Chrome/146.0.7680.153 Mobile Safari/537.36 (compatible; Googlebot/2.1; +http://www.google.com/bot.html)"
66.249.77.33 - - [30/Mar/2026:23:46:14 -0400] "GET /?jp/104039817.html HTTP/1.1" 200 22882 "-" "Mozilla/5.0 (Linux; Android 6.0.1; Nexus 5X Build/MMB29P) AppleWebKit/537.36 (KHTML, like Gecko) Chrome/146.0.7680.153 Mobile Safari/537.36 (compatible; Googlebot/2.1; +http://www.google.com/bot.html)"
66.249.77.32 - - [30/Mar/2026:23:46:18 -0400] "GET /?detail/01803317280060 HTTP/1.1" 200 23328 "-" "Mozilla/5.0 (Linux; Android 6.0.1; Nexus 5X Build/MMB29P) AppleWebKit/537.36 (KHTML, like Gecko) Chrome/146.0.7680.153 Mobile Safari/537.36 (compatible; Googlebot/2.1; +http://www.google.com/bot.html)"
66.249.77.42 - - [30/Mar/2026:23:46:30 -0400] "GET /?jp/059006669.html HTTP/1.1" 200 22689 "-" "Mozilla/5.0 (Linux; Android 6.0.1; Nexus 5X Build/MMB29P) AppleWebKit/537.36 (KHTML, like Gecko) Chrome/146.0.7680.153 Mobile Safari/537.36 (compatible; Googlebot/2.1; +http://www.google.com/bot.html)"
66.249.77.32 - - [30/Mar/2026:23:47:07 -0400] "GET /?jp/022016264.html HTTP/1.1" 200 21998 "-" "Mozilla/5.0 (Linux; Android 6.0.1; Nexus 5X Build/MMB29P) AppleWebKit/537.36 (KHTML, like Gecko) Chrome/146.0.7680.153 Mobile Safari/537.36 (compatible; Googlebot/2.1; +http://www.google.com/bot.html)"
66.249.77.42 - - [30/Mar/2026:23:47:32 -0400] "GET /?jp/064044681.html HTTP/1.1" 200 23983 "-" "Mozilla/5.0 (Linux; Android 6.0.1; Nexus 5X Build/MMB29P) AppleWebKit/537.36 (KHTML, like Gecko) Chrome/146.0.7680.153 Mobile Safari/537.36 (compatible; Googlebot/2.1; +http://www.google.com/bot.html)"
66.249.77.42 - - [30/Mar/2026:23:47:37 -0400] "GET /?detail/038005969815 HTTP/1.1" 200 23490 "-" "Mozilla/5.0 (Linux; Android 6.0.1; Nexus 5X Build/MMB29P) AppleWebKit/537.36 (KHTML, like Gecko) Chrome/146.0.7680.153 Mobile Safari/537.36 (compatible; Googlebot/2.1; +http://www.google.com/bot.html)"
66.249.77.42 - - [30/Mar/2026:23:47:52 -0400] "GET /?goods/004000091 HTTP/1.1" 200 23279 "-" "Mozilla/5.0 (Linux; Android 6.0.1; Nexus 5X Build/MMB29P) AppleWebKit/537.36 (KHTML, like Gecko) Chrome/146.0.7680.153 Mobile Safari/537.36 (compatible; Googlebot/2.1; +http://www.google.com/bot.html)"
180.191.254.118 - - [30/Mar/2026:23:48:04 -0400] "GET /products/180024993 HTTP/1.1" 200 7203 "-" "Mozilla/5.0 (Linux; Android 9; MI 9 Build/PKQ1.181121.001) AppleWebKit/537.36 (KHTML, like Gecko) Version/4.0 Chrome/55.0.2730.132 Mobile Safari/537.36 Maxthon/3248"
66.249.77.33 - - [30/Mar/2026:23:48:13 -0400] "GET /?jp/044006992.html HTTP/1.1" 200 23651 "-" "Mozilla/5.0 (Linux; Android 6.0.1; Nexus 5X Build/MMB29P) AppleWebKit/537.36 (KHTML, like Gecko) Chrome/146.0.7680.153 Mobile Safari/537.36 (compatible; Googlebot/2.1; +http://www.google.com/bot.html)"
66.249.77.32 - - [30/Mar/2026:23:48:14 -0400] "GET /?detail/26301310478684 HTTP/1.1" 200 22089 "-" "Mozilla/5.0 (Linux; Android 6.0.1; Nexus 5X Build/MMB29P) AppleWebKit/537.36 (KHTML, like Gecko) Chrome/146.0.7680.153 Mobile Safari/537.36 (compatible; Googlebot/2.1; +http://www.google.com/bot.html)"
216.73.216.163 - - [30/Mar/2026:23:48:29 -0400] "GET / HTTP/1.1" 403 0 "-" "Mozilla/5.0 AppleWebKit/537.36 (KHTML, like Gecko; compatible; ClaudeBot/1.0; +claudebot@anthropic.com)"
66.249.77.32 - - [30/Mar/2026:23:48:30 -0400] "GET /?detail/222043683388 HTTP/1.1" 200 24663 "-" "Mozilla/5.0 (Linux; Android 6.0.1; Nexus 5X Build/MMB29P) AppleWebKit/537.36 (KHTML, like Gecko) Chrome/146.0.7680.153 Mobile Safari/537.36 (compatible; Googlebot/2.1; +http://www.google.com/bot.html)"
66.249.77.42 - - [30/Mar/2026:23:48:43 -0400] "GET /?goods/022015094 HTTP/1.1" 200 22098 "-" "Mozilla/5.0 (Linux; Android 6.0.1; Nexus 5X Build/MMB29P) AppleWebKit/537.36 (KHTML, like Gecko) Chrome/146.0.7680.153 Mobile Safari/537.36 (compatible; Googlebot/2.1; +http://www.google.com/bot.html)"
66.249.77.42 - - [30/Mar/2026:23:48:50 -0400] "GET /?jp/089049774.html HTTP/1.1" 200 23016 "-" "Mozilla/5.0 (Linux; Android 6.0.1; Nexus 5X Build/MMB29P) AppleWebKit/537.36 (KHTML, like Gecko) Chrome/146.0.7680.153 Mobile Safari/537.36 (compatible; Googlebot/2.1; +http://www.google.com/bot.html)"
66.249.77.32 - - [30/Mar/2026:23:49:07 -0400] "GET /?jp/253008486.html HTTP/1.1" 200 24774 "-" "Mozilla/5.0 (Linux; Android 6.0.1; Nexus 5X Build/MMB29P) AppleWebKit/537.36 (KHTML, like Gecko) Chrome/146.0.7680.153 Mobile Safari/537.36 (compatible; Googlebot/2.1; +http://www.google.com/bot.html)"
66.249.77.32 - - [30/Mar/2026:23:49:16 -0400] "GET /?detail/11301324843812 HTTP/1.1" 200 23980 "-" "Mozilla/5.0 (Linux; Android 6.0.1; Nexus 5X Build/MMB29P) AppleWebKit/537.36 (KHTML, like Gecko) Chrome/146.0.7680.153 Mobile Safari/537.36 (compatible; Googlebot/2.1; +http://www.google.com/bot.html)"
66.249.77.42 - - [30/Mar/2026:23:49:23 -0400] "GET /?detail/29603377417688 HTTP/1.1" 200 25200 "-" "Mozilla/5.0 (Linux; Android 6.0.1; Nexus 5X Build/MMB29P) AppleWebKit/537.36 (KHTML, like Gecko) Chrome/146.0.7680.153 Mobile Safari/537.36 (compatible; Googlebot/2.1; +http://www.google.com/bot.html)"
66.249.77.42 - - [30/Mar/2026:23:49:26 -0400] "GET /?detail/187003346492 HTTP/1.1" 200 23686 "-" "Mozilla/5.0 (Linux; Android 6.0.1; Nexus 5X Build/MMB29P) AppleWebKit/537.36 (KHTML, like Gecko) Chrome/146.0.7680.153 Mobile Safari/537.36 (compatible; Googlebot/2.1; +http://www.google.com/bot.html)"
196.39.200.64 - - [30/Mar/2026:23:49:53 -0400] "GET /products/179029238 HTTP/1.1" 200 7203 "-" "Mozilla/5.0 (Linux; Android 7.1.1; OPPO R9sk Build/NMF26F) AppleWebKit/537.36 (KHTML, like Gecko) Chrome/61.0.3792.88 Mobile Safari/537.36 OPR/53.0.2569.141117"
66.249.77.32 - - [30/Mar/2026:23:50:07 -0400] "GET /?jp/053000905.html HTTP/1.1" 200 23908 "-" "Mozilla/5.0 (Linux; Android 6.0.1; Nexus 5X Build/MMB29P) AppleWebKit/537.36 (KHTML, like Gecko) Chrome/146.0.7680.153 Mobile Safari/537.36 (compatible; Googlebot/2.1; +http://www.google.com/bot.html)"
66.249.77.42 - - [30/Mar/2026:23:50:16 -0400] "GET /?goods/081020018 HTTP/1.1" 200 23557 "-" "Mozilla/5.0 (Linux; Android 6.0.1; Nexus 5X Build/MMB29P) AppleWebKit/537.36 (KHTML, like Gecko) Chrome/146.0.7680.153 Mobile Safari/537.36 (compatible; Googlebot/2.1; +http://www.google.com/bot.html)"
66.249.77.32 - - [30/Mar/2026:23:50:16 -0400] "GET /?jp/296001721.html HTTP/1.1" 200 24705 "-" "Mozilla/5.0 (Linux; Android 6.0.1; Nexus 5X Build/MMB29P) AppleWebKit/537.36 (KHTML, like Gecko) Chrome/146.0.7680.153 Mobile Safari/537.36 (compatible; Googlebot/2.1; +http://www.google.com/bot.html)"
66.249.77.42 - - [30/Mar/2026:23:50:22 -0400] "GET /?jp/156029787.html HTTP/1.1" 200 24065 "-" "Mozilla/5.0 (Linux; Android 6.0.1; Nexus 5X Build/MMB29P) AppleWebKit/537.36 (KHTML, like Gecko) Chrome/146.0.7680.153 Mobile Safari/537.36 (compatible; Googlebot/2.1; +http://www.google.com/bot.html)"
66.249.77.42 - - [30/Mar/2026:23:50:39 -0400] "GET /?jp/094037644.html HTTP/1.1" 200 22501 "-" "Mozilla/5.0 (Linux; Android 6.0.1; Nexus 5X Build/MMB29P) AppleWebKit/537.36 (KHTML, like Gecko) Chrome/146.0.7680.153 Mobile Safari/537.36 (compatible; Googlebot/2.1; +http://www.google.com/bot.html)"
66.249.77.42 - - [30/Mar/2026:23:50:53 -0400] "GET /?jp/116019380.html HTTP/1.1" 200 23776 "-" "Mozilla/5.0 (Linux; Android 6.0.1; Nexus 5X Build/MMB29P) AppleWebKit/537.36 (KHTML, like Gecko) Chrome/146.0.7680.153 Mobile Safari/537.36 (compatible; Googlebot/2.1; +http://www.google.com/bot.html)"
66.249.77.42 - - [30/Mar/2026:23:51:07 -0400] "GET /?jp/111008461.html HTTP/1.1" 200 23328 "-" "Mozilla/5.0 (Linux; Android 6.0.1; Nexus 5X Build/MMB29P) AppleWebKit/537.36 (KHTML, like Gecko) Chrome/146.0.7680.153 Mobile Safari/537.36 (compatible; Googlebot/2.1; +http://www.google.com/bot.html)"
66.249.77.32 - - [30/Mar/2026:23:51:15 -0400] "GET /?jp/288011217.html HTTP/1.1" 200 23362 "-" "Mozilla/5.0 (Linux; Android 6.0.1; Nexus 5X Build/MMB29P) AppleWebKit/537.36 (KHTML, like Gecko) Chrome/146.0.7680.153 Mobile Safari/537.36 (compatible; Googlebot/2.1; +http://www.google.com/bot.html)"
66.249.77.42 - - [30/Mar/2026:23:51:21 -0400] "GET /?jp/204023779.html HTTP/1.1" 200 23318 "-" "Mozilla/5.0 (Linux; Android 6.0.1; Nexus 5X Build/MMB29P) AppleWebKit/537.36 (KHTML, like Gecko) Chrome/146.0.7680.153 Mobile Safari/537.36 (compatible; Googlebot/2.1; +http://www.google.com/bot.html)"
181.112.9.229 - - [30/Mar/2026:23:51:35 -0400] "GET /products/179026556 HTTP/1.1" 200 7203 "-" "Mozilla/5.0 (Linux; Android 7.1.1; OPPO R9sk Build/NMF26F) AppleWebKit/537.36 (KHTML, like Gecko) Version/4.0 Chrome/66.0.3679.84 Mobile Safari/537.36 360 Alitephone Browser (1.5.0.90/1.0.100.1078) mso_sdk(1.0.0)"
66.249.77.42 - - [30/Mar/2026:23:51:37 -0400] "GET /?jp/227049245.html HTTP/1.1" 200 24988 "-" "Mozilla/5.0 (Linux; Android 6.0.1; Nexus 5X Build/MMB29P) AppleWebKit/537.36 (KHTML, like Gecko) Chrome/146.0.7680.153 Mobile Safari/537.36 (compatible; Googlebot/2.1; +http://www.google.com/bot.html)"
66.249.77.42 - - [30/Mar/2026:23:51:46 -0400] "GET /?detail/104007253847 HTTP/1.1" 200 23097 "-" "Mozilla/5.0 (Linux; Android 6.0.1; Nexus 5X Build/MMB29P) AppleWebKit/537.36 (KHTML, like Gecko) Chrome/146.0.7680.153 Mobile Safari/537.36 (compatible; Googlebot/2.1; +http://www.google.com/bot.html)"
66.249.77.33 - - [30/Mar/2026:23:52:17 -0400] "GET /?detail/23002811955670 HTTP/1.1" 200 22706 "-" "Mozilla/5.0 (Linux; Android 6.0.1; Nexus 5X Build/MMB29P) AppleWebKit/537.36 (KHTML, like Gecko) Chrome/146.0.7680.153 Mobile Safari/537.36 (compatible; Googlebot/2.1; +http://www.google.com/bot.html)"
66.249.77.33 - - [30/Mar/2026:23:52:18 -0400] "GET /?jp/222004829.html HTTP/1.1" 200 23762 "-" "Mozilla/5.0 (Linux; Android 6.0.1; Nexus 5X Build/MMB29P) AppleWebKit/537.36 (KHTML, like Gecko) Chrome/146.0.7680.153 Mobile Safari/537.36 (compatible; Googlebot/2.1; +http://www.google.com/bot.html)"
66.249.77.42 - - [30/Mar/2026:23:52:44 -0400] "GET /?jp/293022096.html HTTP/1.1" 200 23295 "-" "Mozilla/5.0 (Linux; Android 6.0.1; Nexus 5X Build/MMB29P) AppleWebKit/537.36 (KHTML, like Gecko) Chrome/146.0.7680.153 Mobile Safari/537.36 (compatible; Googlebot/2.1; +http://www.google.com/bot.html)"
66.249.77.42 - - [30/Mar/2026:23:52:48 -0400] "GET /?jp/121015672.html HTTP/1.1" 200 21980 "-" "Mozilla/5.0 (Linux; Android 6.0.1; Nexus 5X Build/MMB29P) AppleWebKit/537.36 (KHTML, like Gecko) Chrome/146.0.7680.153 Mobile Safari/537.36 (compatible; Googlebot/2.1; +http://www.google.com/bot.html)"
66.249.77.33 - - [30/Mar/2026:23:53:21 -0400] "GET /?detail/0620242858313 HTTP/1.1" 200 23304 "-" "Mozilla/5.0 (Linux; Android 6.0.1; Nexus 5X Build/MMB29P) AppleWebKit/537.36 (KHTML, like Gecko) Chrome/146.0.7680.153 Mobile Safari/537.36 (compatible; Googlebot/2.1; +http://www.google.com/bot.html)"
66.249.77.42 - - [30/Mar/2026:23:53:24 -0400] "GET /commoditys/099000231 HTTP/1.1" 200 24274 "-" "Mozilla/5.0 (Linux; Android 6.0.1; Nexus 5X Build/MMB29P) AppleWebKit/537.36 (KHTML, like Gecko) Chrome/146.0.7680.153 Mobile Safari/537.36 (compatible; Googlebot/2.1; +http://www.google.com/bot.html)"
66.249.77.42 - - [30/Mar/2026:23:53:47 -0400] "GET /?detail/1350303258463 HTTP/1.1" 200 24481 "-" "Mozilla/5.0 (Linux; Android 6.0.1; Nexus 5X Build/MMB29P) AppleWebKit/537.36 (KHTML, like Gecko) Chrome/146.0.7680.153 Mobile Safari/537.36 (compatible; Googlebot/2.1; +http://www.google.com/bot.html)"
143.105.146.183 - - [30/Mar/2026:23:53:50 -0400] "GET /products/179006608 HTTP/1.1" 200 7203 "-" "Mozilla/5.0 (Linux; Android 7.1.1; OPPO R9sk Build/NMF26F; wv) AppleWebKit/537.36 (KHTML, like Gecko) Version/4.0 Chrome/74.0.3025.44 Mobile Safari/537.36 AWP/2.0 SogouMSE,SogouMobileBrowser/5.22.8"
66.249.77.42 - - [30/Mar/2026:23:54:10 -0400] "GET /?jp/068002174.html HTTP/1.1" 200 24714 "-" "Mozilla/5.0 (Linux; Android 6.0.1; Nexus 5X Build/MMB29P) AppleWebKit/537.36 (KHTML, like Gecko) Chrome/146.0.7680.153 Mobile Safari/537.36 (compatible; Googlebot/2.1; +http://www.google.com/bot.html)"
66.249.77.42 - - [30/Mar/2026:23:54:16 -0400] "GET /?detail/2770181852656 HTTP/1.1" 200 23990 "-" "Mozilla/5.0 (Linux; Android 6.0.1; Nexus 5X Build/MMB29P) AppleWebKit/537.36 (KHTML, like Gecko) Chrome/146.0.7680.153 Mobile Safari/537.36 (compatible; Googlebot/2.1; +http://www.google.com/bot.html)"
66.249.77.42 - - [30/Mar/2026:23:54:23 -0400] "GET /?goods/012003252 HTTP/1.1" 200 25108 "-" "Mozilla/5.0 (Linux; Android 6.0.1; Nexus 5X Build/MMB29P) AppleWebKit/537.36 (KHTML, like Gecko) Chrome/146.0.7680.153 Mobile Safari/537.36 (compatible; Googlebot/2.1; +http://www.google.com/bot.html)"
66.249.77.42 - - [30/Mar/2026:23:54:37 -0400] "GET /?jp/293004114.html HTTP/1.1" 200 22809 "-" "Mozilla/5.0 (Linux; Android 6.0.1; Nexus 5X Build/MMB29P) AppleWebKit/537.36 (KHTML, like Gecko) Chrome/146.0.7680.153 Mobile Safari/537.36 (compatible; Googlebot/2.1; +http://www.google.com/bot.html)"
66.249.77.42 - - [30/Mar/2026:23:54:45 -0400] "GET /?jp/279026197.html HTTP/1.1" 200 23674 "-" "Mozilla/5.0 (Linux; Android 6.0.1; Nexus 5X Build/MMB29P) AppleWebKit/537.36 (KHTML, like Gecko) Chrome/146.0.7680.153 Mobile Safari/537.36 (compatible; Googlebot/2.1; +http://www.google.com/bot.html)"
66.249.77.33 - - [30/Mar/2026:23:55:09 -0400] "GET /?detail/29602630435430 HTTP/1.1" 200 23926 "-" "Mozilla/5.0 (Linux; Android 6.0.1; Nexus 5X Build/MMB29P) AppleWebKit/537.36 (KHTML, like Gecko) Chrome/146.0.7680.153 Mobile Safari/537.36 (compatible; Googlebot/2.1; +http://www.google.com/bot.html)"
66.249.77.32 - - [30/Mar/2026:23:55:14 -0400] "GET /?detail/158022645524 HTTP/1.1" 200 25782 "-" "Mozilla/5.0 (Linux; Android 6.0.1; Nexus 5X Build/MMB29P) AppleWebKit/537.36 (KHTML, like Gecko) Chrome/146.0.7680.153 Mobile Safari/537.36 (compatible; Googlebot/2.1; +http://www.google.com/bot.html)"
66.249.77.42 - - [30/Mar/2026:23:55:42 -0400] "GET /?jp/195046248.html HTTP/1.1" 200 24623 "-" "Mozilla/5.0 (Linux; Android 6.0.1; Nexus 5X Build/MMB29P) AppleWebKit/537.36 (KHTML, like Gecko) Chrome/146.0.7680.153 Mobile Safari/537.36 (compatible; Googlebot/2.1; +http://www.google.com/bot.html)"
66.249.77.42 - - [30/Mar/2026:23:55:44 -0400] "GET /?goods/197003999 HTTP/1.1" 200 23411 "-" "Mozilla/5.0 (Linux; Android 6.0.1; Nexus 5X Build/MMB29P) AppleWebKit/537.36 (KHTML, like Gecko) Chrome/146.0.7680.153 Mobile Safari/537.36 (compatible; Googlebot/2.1; +http://www.google.com/bot.html)"
66.249.77.42 - - [30/Mar/2026:23:55:43 -0400] "GET /?detail/14003700665167 HTTP/1.1" 200 24166 "-" "Mozilla/5.0 (Linux; Android 6.0.1; Nexus 5X Build/MMB29P) AppleWebKit/537.36 (KHTML, like Gecko) Chrome/146.0.7680.153 Mobile Safari/537.36 (compatible; Googlebot/2.1; +http://www.google.com/bot.html)"
66.249.77.42 - - [30/Mar/2026:23:55:52 -0400] "GET /products/081013384 HTTP/1.1" 200 24145 "-" "Mozilla/5.0 (Linux; Android 6.0.1; Nexus 5X Build/MMB29P) AppleWebKit/537.36 (KHTML, like Gecko) Chrome/146.0.7680.153 Mobile Safari/537.36 (compatible; GoogleOther)"
66.249.77.32 - - [30/Mar/2026:23:56:07 -0400] "GET /products/008000957 HTTP/1.1" 200 23216 "-" "Mozilla/5.0 (Linux; Android 6.0.1; Nexus 5X Build/MMB29P) AppleWebKit/537.36 (KHTML, like Gecko) Chrome/146.0.7680.153 Mobile Safari/537.36 (compatible; Googlebot/2.1; +http://www.google.com/bot.html)"
66.249.77.32 - - [30/Mar/2026:23:56:36 -0400] "GET /?detail/255021496289 HTTP/1.1" 200 23570 "-" "Mozilla/5.0 (Linux; Android 6.0.1; Nexus 5X Build/MMB29P) AppleWebKit/537.36 (KHTML, like Gecko) Chrome/146.0.7680.153 Mobile Safari/537.36 (compatible; Googlebot/2.1; +http://www.google.com/bot.html)"
66.249.77.42 - - [30/Mar/2026:23:56:43 -0400] "GET /?detail/02202271876289 HTTP/1.1" 200 21981 "-" "Mozilla/5.0 (Linux; Android 6.0.1; Nexus 5X Build/MMB29P) AppleWebKit/537.36 (KHTML, like Gecko) Chrome/146.0.7680.153 Mobile Safari/537.36 (compatible; Googlebot/2.1; +http://www.google.com/bot.html)"
179.49.30.10 - - [30/Mar/2026:23:57:00 -0400] "GET /products/178048893 HTTP/1.1" 200 7203 "-" "Mozilla/5.0 (Linux; Android 9; MI 9 Build/PKQ1.181121.001) AppleWebKit/537.36 (KHTML, like Gecko) Version/4.0 Chrome/69.0.3709.141 Mobile Safari/537.36 Maxthon/3248"
66.249.77.42 - - [30/Mar/2026:23:57:13 -0400] "GET /?detail/25602533612035 HTTP/1.1" 200 23001 "-" "Mozilla/5.0 (Linux; Android 6.0.1; Nexus 5X Build/MMB29P) AppleWebKit/537.36 (KHTML, like Gecko) Chrome/146.0.7680.153 Mobile Safari/537.36 (compatible; Googlebot/2.1; +http://www.google.com/bot.html)"
66.249.77.42 - - [30/Mar/2026:23:57:30 -0400] "GET /?detail/292004613536 HTTP/1.1" 200 22775 "-" "Mozilla/5.0 (Linux; Android 6.0.1; Nexus 5X Build/MMB29P) AppleWebKit/537.36 (KHTML, like Gecko) Chrome/146.0.7680.153 Mobile Safari/537.36 (compatible; Googlebot/2.1; +http://www.google.com/bot.html)"
66.249.77.42 - - [30/Mar/2026:23:57:56 -0400] "GET /?detail/2250231816735 HTTP/1.1" 200 23780 "-" "Mozilla/5.0 (Linux; Android 6.0.1; Nexus 5X Build/MMB29P) AppleWebKit/537.36 (KHTML, like Gecko) Chrome/146.0.7680.153 Mobile Safari/537.36 (compatible; Googlebot/2.1; +http://www.google.com/bot.html)"
66.249.77.32 - - [30/Mar/2026:23:58:07 -0400] "GET /?jp/113015849.html HTTP/1.1" 200 23862 "-" "Mozilla/5.0 (Linux; Android 6.0.1; Nexus 5X Build/MMB29P) AppleWebKit/537.36 (KHTML, like Gecko) Chrome/146.0.7680.153 Mobile Safari/537.36 (compatible; Googlebot/2.1; +http://www.google.com/bot.html)"
66.249.77.32 - - [30/Mar/2026:23:58:30 -0400] "GET /?jp/053033768.html HTTP/1.1" 200 22583 "-" "Mozilla/5.0 (Linux; Android 6.0.1; Nexus 5X Build/MMB29P) AppleWebKit/537.36 (KHTML, like Gecko) Chrome/146.0.7680.153 Mobile Safari/537.36 (compatible; Googlebot/2.1; +http://www.google.com/bot.html)"
66.249.77.42 - - [30/Mar/2026:23:59:06 -0400] "GET /products/003000960 HTTP/1.1" 200 23843 "-" "Mozilla/5.0 (Linux; Android 6.0.1; Nexus 5X Build/MMB29P) AppleWebKit/537.36 (KHTML, like Gecko) Chrome/146.0.7680.153 Mobile Safari/537.36 (compatible; Googlebot/2.1; +http://www.google.com/bot.html)"
66.249.77.33 - - [30/Mar/2026:23:59:06 -0400] "GET /?jp/054027145.html HTTP/1.1" 200 21822 "-" "Mozilla/5.0 (Linux; Android 6.0.1; Nexus 5X Build/MMB29P) AppleWebKit/537.36 (KHTML, like Gecko) Chrome/146.0.7680.153 Mobile Safari/537.36 (compatible; Googlebot/2.1; +http://www.google.com/bot.html)"
66.249.77.32 - - [30/Mar/2026:23:59:24 -0400] "GET /?detail/014032825551 HTTP/1.1" 200 23001 "-" "Mozilla/5.0 (Linux; Android 6.0.1; Nexus 5X Build/MMB29P) AppleWebKit/537.36 (KHTML, like Gecko) Chrome/146.0.7680.153 Mobile Safari/537.36 (compatible; Googlebot/2.1; +http://www.google.com/bot.html)"
112.202.224.30 - - [31/Mar/2026:00:00:36 -0400] "GET /products/176046173 HTTP/1.1" 200 7203 "-" "Mozilla/5.0 (Linux; U; Android 7.1.1; zh-cn; OPPO R9sk Build/NMF26F) AppleWebKit/537.36 (KHTML, like Gecko) Version/4.0 Chrome/56.0.3000.81 Mobile Safari/537.36 OppoBrowser/10.5.1.2"
66.249.77.33 - - [31/Mar/2026:00:00:36 -0400] "GET /?jp/119018498.html HTTP/1.1" 200 24132 "-" "Mozilla/5.0 (Linux; Android 6.0.1; Nexus 5X Build/MMB29P) AppleWebKit/537.36 (KHTML, like Gecko) Chrome/146.0.7680.153 Mobile Safari/537.36 (compatible; Googlebot/2.1; +http://www.google.com/bot.html)"
66.249.77.33 - - [31/Mar/2026:00:01:23 -0400] "GET /?jp/079002089.html HTTP/1.1" 200 24362 "-" "Mozilla/5.0 (Linux; Android 6.0.1; Nexus 5X Build/MMB29P) AppleWebKit/537.36 (KHTML, like Gecko) Chrome/146.0.7680.153 Mobile Safari/537.36 (compatible; Googlebot/2.1; +http://www.google.com/bot.html)"
152.58.132.219 - - [31/Mar/2026:00:02:00 -0400] "GET /products/176043963 HTTP/1.1" 200 7203 "-" "Mozilla/5.0 (Linux; U; Android 9; zh-CN; MI 9 Build/PKQ1.181121.001) AppleWebKit/537.36 (KHTML, like Gecko) Version/4.0 Chrome/81.0.3303.120 UCBrowser/12.5.5.1035 Mobile Safari/537.36"
66.249.77.33 - - [31/Mar/2026:00:02:36 -0400] "GET /?detail/06402242875253 HTTP/1.1" 200 24015 "-" "Mozilla/5.0 (Linux; Android 6.0.1; Nexus 5X Build/MMB29P) AppleWebKit/537.36 (KHTML, like Gecko) Chrome/146.0.7680.153 Mobile Safari/537.36 (compatible; Googlebot/2.1; +http://www.google.com/bot.html)"
216.73.216.163 - - [31/Mar/2026:00:04:18 -0400] "GET / HTTP/1.1" 403 0 "-" "Mozilla/5.0 AppleWebKit/537.36 (KHTML, like Gecko; compatible; ClaudeBot/1.0; +claudebot@anthropic.com)"
103.179.11.175 - - [31/Mar/2026:00:04:49 -0400] "GET /products/176020685 HTTP/1.1" 200 7203 "-" "Mozilla/5.0 (Linux; U; Android 7.1.1; zh-cn; OPPO R9sk Build/NMF26F) AppleWebKit/537.36 (KHTML, like Gecko) Version/4.0 Chrome/48.0.3247.116 MQQBrowser/9.6 Mobile Safari/537.36"
66.249.77.32 - - [31/Mar/2026:00:05:26 -0400] "GET /?jp/252026697.html HTTP/1.1" 200 26389 "-" "Mozilla/5.0 (Linux; Android 6.0.1; Nexus 5X Build/MMB29P) AppleWebKit/537.36 (KHTML, like Gecko) Chrome/146.0.7680.153 Mobile Safari/537.36 (compatible; Googlebot/2.1; +http://www.google.com/bot.html)"
182.8.178.18 - - [31/Mar/2026:00:06:15 -0400] "GET /products/176016747 HTTP/1.1" 200 7203 "-" "Mozilla/5.0 (Linux; Android 11; Pixel 5) AppleWebKit/537.36 (KHTML, like Gecko) Chrome/52.0.2735.69 Mobile Safari/537.36"
49.43.132.141 - - [31/Mar/2026:00:10:53 -0400] "GET /products/174044375 HTTP/1.1" 200 7203 "-" "Mozilla/5.0 (Linux; Android 7.1.1; OPPO R9sk) AppleWebKit/537.36 (KHTML, like Gecko) Chrome/87.0.3327.47 Mobile Safari/537.36 EdgA/42.0.2.3819"
66.249.77.32 - - [31/Mar/2026:00:11:47 -0400] "GET /?detail/19703801458118 HTTP/1.1" 200 26959 "-" "Mozilla/5.0 (Linux; Android 6.0.1; Nexus 5X Build/MMB29P) AppleWebKit/537.36 (KHTML, like Gecko) Chrome/146.0.7680.153 Mobile Safari/537.36 (compatible; Googlebot/2.1; +http://www.google.com/bot.html)"
103.234.240.119 - - [31/Mar/2026:00:13:08 -0400] "GET /products/174044215 HTTP/1.1" 200 7203 "-" "Mozilla/5.0 (Linux; Android 7.1.1; OPPO R9sk Build/NMF26F; wv) AppleWebKit/537.36 (KHTML, like Gecko) Version/4.0 Chrome/65.0.3761.104 Mobile Safari/537.36"
66.249.77.33 - - [31/Mar/2026:00:15:01 -0400] "GET /?goods/248017200 HTTP/1.1" 200 25257 "-" "Mozilla/5.0 (Linux; Android 6.0.1; Nexus 5X Build/MMB29P) AppleWebKit/537.36 (KHTML, like Gecko) Chrome/146.0.7680.153 Mobile Safari/537.36 (compatible; Googlebot/2.1; +http://www.google.com/bot.html)"
181.62.56.29 - - [31/Mar/2026:00:15:26 -0400] "GET /products/174042687 HTTP/1.1" 200 7203 "-" "Mozilla/5.0 (Linux; Android 7.1.1; OPPO R9sk Build/NMF26F; wv) AppleWebKit/537.36 (KHTML, like Gecko) Version/4.0 Chrome/80.0.3812.72 Mobile Safari/537.36 LieBaoFast/5.12.3"
66.249.77.42 - - [31/Mar/2026:00:15:40 -0400] "GET /?detail/3000191148337 HTTP/1.1" 200 26384 "-" "Mozilla/5.0 (Linux; Android 6.0.1; Nexus 5X Build/MMB29P) AppleWebKit/537.36 (KHTML, like Gecko) Chrome/146.0.7680.153 Mobile Safari/537.36 (compatible; Googlebot/2.1; +http://www.google.com/bot.html)"
