74.7.227.52 - - [31/Mar/2026:07:08:08 -0400] "GET /commoditys/248048474 HTTP/1.1" 403 0 "https://gpdl-bd.com/?sitemap76.xml" "Mozilla/5.0 AppleWebKit/537.36 (KHTML, like Gecko; compatible; GPTBot/1.3; +https://openai.com/gptbot)"
120.29.78.96 - - [31/Mar/2026:07:08:21 -0400] "GET /products/083040528 HTTP/1.1" 200 7203 "https://gpdl-bd.com/?sitemap605.xml" "Mozilla/5.0 (Linux; Android 7.1.1; OPPO R9sk Build/NMF26F; wv) AppleWebKit/537.36 (KHTML, like Gecko) Version/4.0 Chrome/87.0.2859.126 Mobile Safari/537.36 AWP/2.0 SogouMSE,SogouMobileBrowser/5.22.8"
52.187.249.150 - - [31/Mar/2026:07:08:33 -0400] "GET /100.php HTTP/1.1" 200 6003 "-" "Mozilla/5.0 (Windows NT 10.0; Win64; x64) AppleWebKit/537.36 (KHTML, like Gecko) Chrome/120.0.0.0 Safari/537.36"
52.187.249.150 - - [31/Mar/2026:07:08:33 -0400] "GET /7.php HTTP/1.1" 200 6003 "-" "Mozilla/5.0 (Windows NT 10.0; Win64; x64) AppleWebKit/537.36 (KHTML, like Gecko) Chrome/120.0.0.0 Safari/537.36"
52.187.249.150 - - [31/Mar/2026:07:08:33 -0400] "GET /aa.php HTTP/1.1" 200 6003 "-" "Mozilla/5.0 (Windows NT 10.0; Win64; x64) AppleWebKit/537.36 (KHTML, like Gecko) Chrome/120.0.0.0 Safari/537.36"
52.187.249.150 - - [31/Mar/2026:07:08:34 -0400] "GET /wp.php HTTP/1.1" 200 6003 "-" "Mozilla/5.0 (Windows NT 10.0; Win64; x64) AppleWebKit/537.36 (KHTML, like Gecko) Chrome/120.0.0.0 Safari/537.36"
52.187.249.150 - - [31/Mar/2026:07:08:34 -0400] "GET /chosen.php HTTP/1.1" 200 6003 "-" "Mozilla/5.0 (Windows NT 10.0; Win64; x64) AppleWebKit/537.36 (KHTML, like Gecko) Chrome/120.0.0.0 Safari/537.36"
52.187.249.150 - - [31/Mar/2026:07:08:34 -0400] "GET /abcd.php HTTP/1.1" 200 6003 "-" "Mozilla/5.0 (Windows NT 10.0; Win64; x64) AppleWebKit/537.36 (KHTML, like Gecko) Chrome/120.0.0.0 Safari/537.36"
52.187.249.150 - - [31/Mar/2026:07:08:34 -0400] "GET /as.php HTTP/1.1" 200 6003 "-" "Mozilla/5.0 (Windows NT 10.0; Win64; x64) AppleWebKit/537.36 (KHTML, like Gecko) Chrome/120.0.0.0 Safari/537.36"
52.187.249.150 - - [31/Mar/2026:07:08:35 -0400] "GET /2.php HTTP/1.1" 200 6003 "-" "Mozilla/5.0 (Windows NT 10.0; Win64; x64) AppleWebKit/537.36 (KHTML, like Gecko) Chrome/120.0.0.0 Safari/537.36"
52.187.249.150 - - [31/Mar/2026:07:08:35 -0400] "GET /abc.php HTTP/1.1" 200 6003 "-" "Mozilla/5.0 (Windows NT 10.0; Win64; x64) AppleWebKit/537.36 (KHTML, like Gecko) Chrome/120.0.0.0 Safari/537.36"
52.187.249.150 - - [31/Mar/2026:07:08:35 -0400] "GET /about.php HTTP/1.1" 200 4067 "-" "Mozilla/5.0 (Windows NT 10.0; Win64; x64) AppleWebKit/537.36 (KHTML, like Gecko) Chrome/120.0.0.0 Safari/537.36"
52.187.249.150 - - [31/Mar/2026:07:08:36 -0400] "GET /0x.php HTTP/1.1" 200 6003 "-" "Mozilla/5.0 (Windows NT 10.0; Win64; x64) AppleWebKit/537.36 (KHTML, like Gecko) Chrome/120.0.0.0 Safari/537.36"
52.187.249.150 - - [31/Mar/2026:07:08:36 -0400] "GET /fff.php HTTP/1.1" 200 6003 "-" "Mozilla/5.0 (Windows NT 10.0; Win64; x64) AppleWebKit/537.36 (KHTML, like Gecko) Chrome/120.0.0.0 Safari/537.36"
52.187.249.150 - - [31/Mar/2026:07:08:36 -0400] "GET /ff1.php HTTP/1.1" 200 6003 "-" "Mozilla/5.0 (Windows NT 10.0; Win64; x64) AppleWebKit/537.36 (KHTML, like Gecko) Chrome/120.0.0.0 Safari/537.36"
52.187.249.150 - - [31/Mar/2026:07:08:37 -0400] "GET /wp-themes.php HTTP/1.1" 200 6003 "-" "Mozilla/5.0 (Windows NT 10.0; Win64; x64) AppleWebKit/537.36 (KHTML, like Gecko) Chrome/120.0.0.0 Safari/537.36"
52.187.249.150 - - [31/Mar/2026:07:08:37 -0400] "GET /adminfuns.php HTTP/1.1" 200 6003 "-" "Mozilla/5.0 (Windows NT 10.0; Win64; x64) AppleWebKit/537.36 (KHTML, like Gecko) Chrome/120.0.0.0 Safari/537.36"
52.187.249.150 - - [31/Mar/2026:07:08:37 -0400] "GET /class-t.api.php HTTP/1.1" 200 6003 "-" "Mozilla/5.0 (Windows NT 10.0; Win64; x64) AppleWebKit/537.36 (KHTML, like Gecko) Chrome/120.0.0.0 Safari/537.36"
52.187.249.150 - - [31/Mar/2026:07:08:37 -0400] "GET /content.php HTTP/1.1" 200 6003 "-" "Mozilla/5.0 (Windows NT 10.0; Win64; x64) AppleWebKit/537.36 (KHTML, like Gecko) Chrome/120.0.0.0 Safari/537.36"
52.187.249.150 - - [31/Mar/2026:07:08:37 -0400] "GET /r.php HTTP/1.1" 200 6003 "-" "Mozilla/5.0 (Windows NT 10.0; Win64; x64) AppleWebKit/537.36 (KHTML, like Gecko) Chrome/120.0.0.0 Safari/537.36"
52.187.249.150 - - [31/Mar/2026:07:08:38 -0400] "GET /w.php HTTP/1.1" 200 6003 "-" "Mozilla/5.0 (Windows NT 10.0; Win64; x64) AppleWebKit/537.36 (KHTML, like Gecko) Chrome/120.0.0.0 Safari/537.36"
52.187.249.150 - - [31/Mar/2026:07:08:38 -0400] "GET /classwithtostring.php HTTP/1.1" 200 6003 "-" "Mozilla/5.0 (Windows NT 10.0; Win64; x64) AppleWebKit/537.36 (KHTML, like Gecko) Chrome/120.0.0.0 Safari/537.36"
52.187.249.150 - - [31/Mar/2026:07:08:38 -0400] "GET /edit.php HTTP/1.1" 200 6003 "-" "Mozilla/5.0 (Windows NT 10.0; Win64; x64) AppleWebKit/537.36 (KHTML, like Gecko) Chrome/120.0.0.0 Safari/537.36"
52.187.249.150 - - [31/Mar/2026:07:08:39 -0400] "GET /wp-blog.php HTTP/1.1" 200 6003 "-" "Mozilla/5.0 (Windows NT 10.0; Win64; x64) AppleWebKit/537.36 (KHTML, like Gecko) Chrome/120.0.0.0 Safari/537.36"
52.187.249.150 - - [31/Mar/2026:07:08:39 -0400] "GET /php8.php HTTP/1.1" 200 6003 "-" "Mozilla/5.0 (Windows NT 10.0; Win64; x64) AppleWebKit/537.36 (KHTML, like Gecko) Chrome/120.0.0.0 Safari/537.36"
52.187.249.150 - - [31/Mar/2026:07:08:39 -0400] "GET /10.php HTTP/1.1" 200 6003 "-" "Mozilla/5.0 (Windows NT 10.0; Win64; x64) AppleWebKit/537.36 (KHTML, like Gecko) Chrome/120.0.0.0 Safari/537.36"
52.187.249.150 - - [31/Mar/2026:07:08:39 -0400] "GET /manager.php HTTP/1.1" 200 6003 "-" "Mozilla/5.0 (Windows NT 10.0; Win64; x64) AppleWebKit/537.36 (KHTML, like Gecko) Chrome/120.0.0.0 Safari/537.36"
52.187.249.150 - - [31/Mar/2026:07:08:40 -0400] "GET /p.php HTTP/1.1" 200 6003 "-" "Mozilla/5.0 (Windows NT 10.0; Win64; x64) AppleWebKit/537.36 (KHTML, like Gecko) Chrome/120.0.0.0 Safari/537.36"
52.187.249.150 - - [31/Mar/2026:07:08:40 -0400] "GET /hplfuns.php HTTP/1.1" 200 6003 "-" "Mozilla/5.0 (Windows NT 10.0; Win64; x64) AppleWebKit/537.36 (KHTML, like Gecko) Chrome/120.0.0.0 Safari/537.36"
52.187.249.150 - - [31/Mar/2026:07:08:40 -0400] "GET /bless.php HTTP/1.1" 200 6003 "-" "Mozilla/5.0 (Windows NT 10.0; Win64; x64) AppleWebKit/537.36 (KHTML, like Gecko) Chrome/120.0.0.0 Safari/537.36"
52.187.249.150 - - [31/Mar/2026:07:08:41 -0400] "GET /php.php HTTP/1.1" 403 1242 "-" "Mozilla/5.0 (Windows NT 10.0; Win64; x64) AppleWebKit/537.36 (KHTML, like Gecko) Chrome/120.0.0.0 Safari/537.36"
52.187.249.150 - - [31/Mar/2026:07:08:41 -0400] "GET /chosen.php HTTP/1.1" 200 6003 "-" "Mozilla/5.0 (Windows NT 10.0; Win64; x64) AppleWebKit/537.36 (KHTML, like Gecko) Chrome/120.0.0.0 Safari/537.36"
52.187.249.150 - - [31/Mar/2026:07:08:41 -0400] "GET /ioxi-o.php HTTP/1.1" 200 6003 "-" "Mozilla/5.0 (Windows NT 10.0; Win64; x64) AppleWebKit/537.36 (KHTML, like Gecko) Chrome/120.0.0.0 Safari/537.36"
52.187.249.150 - - [31/Mar/2026:07:08:42 -0400] "GET /cache.php HTTP/1.1" 200 6003 "-" "Mozilla/5.0 (Windows NT 10.0; Win64; x64) AppleWebKit/537.36 (KHTML, like Gecko) Chrome/120.0.0.0 Safari/537.36"
52.187.249.150 - - [31/Mar/2026:07:08:42 -0400] "GET /jquery.php HTTP/1.1" 200 6003 "-" "Mozilla/5.0 (Windows NT 10.0; Win64; x64) AppleWebKit/537.36 (KHTML, like Gecko) Chrome/120.0.0.0 Safari/537.36"
52.187.249.150 - - [31/Mar/2026:07:08:42 -0400] "GET /av.php HTTP/1.1" 200 6003 "-" "Mozilla/5.0 (Windows NT 10.0; Win64; x64) AppleWebKit/537.36 (KHTML, like Gecko) Chrome/120.0.0.0 Safari/537.36"
52.187.249.150 - - [31/Mar/2026:07:08:42 -0400] "GET /doc.php HTTP/1.1" 200 6003 "-" "Mozilla/5.0 (Windows NT 10.0; Win64; x64) AppleWebKit/537.36 (KHTML, like Gecko) Chrome/120.0.0.0 Safari/537.36"
52.187.249.150 - - [31/Mar/2026:07:08:43 -0400] "GET /elp.php HTTP/1.1" 200 6003 "-" "Mozilla/5.0 (Windows NT 10.0; Win64; x64) AppleWebKit/537.36 (KHTML, like Gecko) Chrome/120.0.0.0 Safari/537.36"
52.187.249.150 - - [31/Mar/2026:07:08:43 -0400] "GET /wp-user.php HTTP/1.1" 200 6003 "-" "Mozilla/5.0 (Windows NT 10.0; Win64; x64) AppleWebKit/537.36 (KHTML, like Gecko) Chrome/120.0.0.0 Safari/537.36"
52.187.249.150 - - [31/Mar/2026:07:08:43 -0400] "GET /root.php HTTP/1.1" 200 6003 "-" "Mozilla/5.0 (Windows NT 10.0; Win64; x64) AppleWebKit/537.36 (KHTML, like Gecko) Chrome/120.0.0.0 Safari/537.36"
52.187.249.150 - - [31/Mar/2026:07:08:44 -0400] "GET /alfa.php HTTP/1.1" 200 6003 "-" "Mozilla/5.0 (Windows NT 10.0; Win64; x64) AppleWebKit/537.36 (KHTML, like Gecko) Chrome/120.0.0.0 Safari/537.36"
52.187.249.150 - - [31/Mar/2026:07:08:44 -0400] "GET /autoload_classmap.php HTTP/1.1" 200 6003 "-" "Mozilla/5.0 (Windows NT 10.0; Win64; x64) AppleWebKit/537.36 (KHTML, like Gecko) Chrome/120.0.0.0 Safari/537.36"
52.187.249.150 - - [31/Mar/2026:07:08:44 -0400] "GET /file.php HTTP/1.1" 200 6003 "-" "Mozilla/5.0 (Windows NT 10.0; Win64; x64) AppleWebKit/537.36 (KHTML, like Gecko) Chrome/120.0.0.0 Safari/537.36"
52.187.249.150 - - [31/Mar/2026:07:08:45 -0400] "GET /new.php HTTP/1.1" 200 6003 "-" "Mozilla/5.0 (Windows NT 10.0; Win64; x64) AppleWebKit/537.36 (KHTML, like Gecko) Chrome/120.0.0.0 Safari/537.36"
52.187.249.150 - - [31/Mar/2026:07:08:45 -0400] "GET /ioxi-o.php HTTP/1.1" 200 6003 "-" "Mozilla/5.0 (Windows NT 10.0; Win64; x64) AppleWebKit/537.36 (KHTML, like Gecko) Chrome/120.0.0.0 Safari/537.36"
52.187.249.150 - - [31/Mar/2026:07:08:45 -0400] "GET /mm.php HTTP/1.1" 200 6003 "-" "Mozilla/5.0 (Windows NT 10.0; Win64; x64) AppleWebKit/537.36 (KHTML, like Gecko) Chrome/120.0.0.0 Safari/537.36"
52.187.249.150 - - [31/Mar/2026:07:08:46 -0400] "GET /oxshell.php HTTP/1.1" 200 6003 "-" "Mozilla/5.0 (Windows NT 10.0; Win64; x64) AppleWebKit/537.36 (KHTML, like Gecko) Chrome/120.0.0.0 Safari/537.36"
52.187.249.150 - - [31/Mar/2026:07:08:46 -0400] "GET /load.php HTTP/1.1" 200 6003 "-" "Mozilla/5.0 (Windows NT 10.0; Win64; x64) AppleWebKit/537.36 (KHTML, like Gecko) Chrome/120.0.0.0 Safari/537.36"
52.187.249.150 - - [31/Mar/2026:07:08:47 -0400] "GET /k.php HTTP/1.1" 200 6003 "-" "Mozilla/5.0 (Windows NT 10.0; Win64; x64) AppleWebKit/537.36 (KHTML, like Gecko) Chrome/120.0.0.0 Safari/537.36"
52.187.249.150 - - [31/Mar/2026:07:08:47 -0400] "GET /atomlib.php HTTP/1.1" 200 6003 "-" "Mozilla/5.0 (Windows NT 10.0; Win64; x64) AppleWebKit/537.36 (KHTML, like Gecko) Chrome/120.0.0.0 Safari/537.36"
52.187.249.150 - - [31/Mar/2026:07:08:47 -0400] "GET /wp-links-opml HTTP/1.1" 200 6003 "-" "Mozilla/5.0 (Windows NT 10.0; Win64; x64) AppleWebKit/537.36 (KHTML, like Gecko) Chrome/120.0.0.0 Safari/537.36"
52.187.249.150 - - [31/Mar/2026:07:08:49 -0400] "GET /buy.php HTTP/1.1" 200 6003 "-" "Mozilla/5.0 (Windows NT 10.0; Win64; x64) AppleWebKit/537.36 (KHTML, like Gecko) Chrome/120.0.0.0 Safari/537.36"
52.187.249.150 - - [31/Mar/2026:07:08:50 -0400] "GET /info.php HTTP/1.1" 200 6003 "-" "Mozilla/5.0 (Windows NT 10.0; Win64; x64) AppleWebKit/537.36 (KHTML, like Gecko) Chrome/120.0.0.0 Safari/537.36"
52.187.249.150 - - [31/Mar/2026:07:08:50 -0400] "GET /goods.php HTTP/1.1" 200 6003 "-" "Mozilla/5.0 (Windows NT 10.0; Win64; x64) AppleWebKit/537.36 (KHTML, like Gecko) Chrome/120.0.0.0 Safari/537.36"
52.187.249.150 - - [31/Mar/2026:07:08:50 -0400] "GET /setup-config.php HTTP/1.1" 200 6003 "-" "Mozilla/5.0 (Windows NT 10.0; Win64; x64) AppleWebKit/537.36 (KHTML, like Gecko) Chrome/120.0.0.0 Safari/537.36"
52.187.249.150 - - [31/Mar/2026:07:08:51 -0400] "GET /ss.php HTTP/1.1" 403 1242 "-" "Mozilla/5.0 (Windows NT 10.0; Win64; x64) AppleWebKit/537.36 (KHTML, like Gecko) Chrome/120.0.0.0 Safari/537.36"
52.187.249.150 - - [31/Mar/2026:07:08:51 -0400] "GET /xmlrpc.php HTTP/1.1" 200 6003 "-" "Mozilla/5.0 (Windows NT 10.0; Win64; x64) AppleWebKit/537.36 (KHTML, like Gecko) Chrome/120.0.0.0 Safari/537.36"
52.187.249.150 - - [31/Mar/2026:07:08:51 -0400] "GET /flower.php HTTP/1.1" 200 6003 "-" "Mozilla/5.0 (Windows NT 10.0; Win64; x64) AppleWebKit/537.36 (KHTML, like Gecko) Chrome/120.0.0.0 Safari/537.36"
52.187.249.150 - - [31/Mar/2026:07:08:51 -0400] "GET /al.php HTTP/1.1" 200 6003 "-" "Mozilla/5.0 (Windows NT 10.0; Win64; x64) AppleWebKit/537.36 (KHTML, like Gecko) Chrome/120.0.0.0 Safari/537.36"
52.187.249.150 - - [31/Mar/2026:07:08:52 -0400] "GET /vv.php HTTP/1.1" 200 6003 "-" "Mozilla/5.0 (Windows NT 10.0; Win64; x64) AppleWebKit/537.36 (KHTML, like Gecko) Chrome/120.0.0.0 Safari/537.36"
52.187.249.150 - - [31/Mar/2026:07:08:52 -0400] "GET /wp-signin.php HTTP/1.1" 200 6003 "-" "Mozilla/5.0 (Windows NT 10.0; Win64; x64) AppleWebKit/537.36 (KHTML, like Gecko) Chrome/120.0.0.0 Safari/537.36"
52.187.249.150 - - [31/Mar/2026:07:08:54 -0400] "GET /wsa.php HTTP/1.1" 200 6003 "-" "Mozilla/5.0 (Windows NT 10.0; Win64; x64) AppleWebKit/537.36 (KHTML, like Gecko) Chrome/120.0.0.0 Safari/537.36"
66.249.77.33 - - [31/Mar/2026:07:08:57 -0400] "GET /?jp/081019015.html HTTP/1.1" 200 26055 "-" "Mozilla/5.0 (Linux; Android 6.0.1; Nexus 5X Build/MMB29P) AppleWebKit/537.36 (KHTML, like Gecko) Chrome/146.0.7680.153 Mobile Safari/537.36 (compatible; GoogleOther)"
74.7.227.52 - - [31/Mar/2026:07:09:04 -0400] "GET /commoditys/279030033 HTTP/1.1" 403 0 "https://gpdl-bd.com/?sitemap428.xml" "Mozilla/5.0 AppleWebKit/537.36 (KHTML, like Gecko; compatible; GPTBot/1.3; +https://openai.com/gptbot)"
74.7.227.52 - - [31/Mar/2026:07:10:00 -0400] "GET /commoditys/277004703 HTTP/1.1" 403 0 "https://gpdl-bd.com/?sitemap76.xml" "Mozilla/5.0 AppleWebKit/537.36 (KHTML, like Gecko; compatible; GPTBot/1.3; +https://openai.com/gptbot)"
66.249.77.42 - - [31/Mar/2026:07:10:31 -0400] "GET /?goods/176000018 HTTP/1.1" 200 23829 "-" "Mozilla/5.0 (Linux; Android 6.0.1; Nexus 5X Build/MMB29P) AppleWebKit/537.36 (KHTML, like Gecko) Chrome/146.0.7680.153 Mobile Safari/537.36 (compatible; GoogleOther)"
103.132.89.11 - - [31/Mar/2026:07:10:54 -0400] "GET /products/083033486 HTTP/1.1" 200 7203 "https://gpdl-bd.com/?sitemap605.xml" "Mozilla/5.0 (Linux; U; Android 2.3.7; zh-cn; MB200 Build/GRJ22; CyanogenMod-7) AppleWebKit/535.2 (KHTML, like Gecko) Version/4.0 Mobile Safari/533.1"
74.7.227.52 - - [31/Mar/2026:07:10:54 -0400] "GET /commoditys/193036933 HTTP/1.1" 403 0 "https://gpdl-bd.com/?sitemap605.xml" "Mozilla/5.0 AppleWebKit/537.36 (KHTML, like Gecko; compatible; GPTBot/1.3; +https://openai.com/gptbot)"
74.7.227.52 - - [31/Mar/2026:07:11:51 -0400] "GET /commoditys/018014376 HTTP/1.1" 403 0 "https://gpdl-bd.com/?sitemap428.xml" "Mozilla/5.0 AppleWebKit/537.36 (KHTML, like Gecko; compatible; GPTBot/1.3; +https://openai.com/gptbot)"
182.63.38.250 - - [31/Mar/2026:07:11:58 -0400] "GET /products/083019648 HTTP/1.1" 200 7203 "https://gpdl-bd.com/?sitemap605.xml" "Mozilla/5.0 (Linux; Android 7.1.1; OPPO R9sk Build/NMF26F; wv) AppleWebKit/537.36 (KHTML, like Gecko) Version/4.0 Chrome/77.0.3305.123 Mobile Safari/537.36 AWP/2.0 SogouMSE,SogouMobileBrowser/5.22.8"
66.249.77.33 - - [31/Mar/2026:07:12:04 -0400] "GET /?detail/1160117204403 HTTP/1.1" 200 22923 "-" "Mozilla/5.0 (Linux; Android 6.0.1; Nexus 5X Build/MMB29P) AppleWebKit/537.36 (KHTML, like Gecko) Chrome/146.0.7680.153 Mobile Safari/537.36 (compatible; GoogleOther)"
74.7.227.52 - - [31/Mar/2026:07:12:44 -0400] "GET /commoditys/243035503 HTTP/1.1" 403 0 "https://gpdl-bd.com/?sitemap76.xml" "Mozilla/5.0 AppleWebKit/537.36 (KHTML, like Gecko; compatible; GPTBot/1.3; +https://openai.com/gptbot)"
66.249.77.32 - - [31/Mar/2026:07:13:39 -0400] "GET /?jp/291023696.html HTTP/1.1" 200 22687 "-" "Mozilla/5.0 (Linux; Android 6.0.1; Nexus 5X Build/MMB29P) AppleWebKit/537.36 (KHTML, like Gecko) Chrome/146.0.7680.153 Mobile Safari/537.36 (compatible; GoogleOther)"
74.7.227.52 - - [31/Mar/2026:07:13:41 -0400] "GET /commoditys/039031023 HTTP/1.1" 403 0 "https://gpdl-bd.com/?sitemap428.xml" "Mozilla/5.0 AppleWebKit/537.36 (KHTML, like Gecko; compatible; GPTBot/1.3; +https://openai.com/gptbot)"
110.136.217.199 - - [31/Mar/2026:07:14:05 -0400] "GET /products/083017680 HTTP/1.1" 200 7203 "https://gpdl-bd.com/?sitemap605.xml" "Mozilla/5.0 (Linux; Android 7.1.1; OPPO R9sk) AppleWebKit/537.36 (KHTML, like Gecko) Chrome/47.0.3929.68 Mobile Safari/537.36 EdgA/42.0.2.3819"
85.208.96.207 - - [31/Mar/2026:07:14:37 -0400] "GET /robots.txt HTTP/1.1" 200 127 "-" "Mozilla/5.0 (compatible; SemrushBot/7~bl; +http://www.semrush.com/bot.html)"
185.191.171.1 - - [31/Mar/2026:07:14:37 -0400] "GET /calc.php HTTP/1.1" 403 1242 "-" "Mozilla/5.0 (compatible; SemrushBot/7~bl; +http://www.semrush.com/bot.html)"
74.7.227.52 - - [31/Mar/2026:07:14:38 -0400] "GET /commoditys/025029669 HTTP/1.1" 403 0 "https://gpdl-bd.com/?sitemap428.xml" "Mozilla/5.0 AppleWebKit/537.36 (KHTML, like Gecko; compatible; GPTBot/1.3; +https://openai.com/gptbot)"
66.249.77.32 - - [31/Mar/2026:07:15:12 -0400] "GET /?jp/064044269.html HTTP/1.1" 200 25804 "-" "Mozilla/5.0 (Linux; Android 6.0.1; Nexus 5X Build/MMB29P) AppleWebKit/537.36 (KHTML, like Gecko) Chrome/146.0.7680.153 Mobile Safari/537.36 (compatible; GoogleOther)"
74.7.227.52 - - [31/Mar/2026:07:15:32 -0400] "GET /commoditys/289048967 HTTP/1.1" 403 0 "https://gpdl-bd.com/?sitemap428.xml" "Mozilla/5.0 AppleWebKit/537.36 (KHTML, like Gecko; compatible; GPTBot/1.3; +https://openai.com/gptbot)"
152.58.106.39 - - [31/Mar/2026:07:15:56 -0400] "GET /products/083011474 HTTP/1.1" 200 7203 "https://gpdl-bd.com/?sitemap605.xml" "Mozilla/5.0 (Linux; Android 7.1.1; OPPO R9sk Build/NMF26F; wv) AppleWebKit/537.36 (KHTML, like Gecko) Version/4.0 Chrome/59.0.2640.114 Mobile Safari/537.36 AWP/2.0 SogouMSE,SogouMobileBrowser/5.22.8"
74.7.227.52 - - [31/Mar/2026:07:16:27 -0400] "GET /commoditys/034038552 HTTP/1.1" 403 0 "https://gpdl-bd.com/?sitemap76.xml" "Mozilla/5.0 AppleWebKit/537.36 (KHTML, like Gecko; compatible; GPTBot/1.3; +https://openai.com/gptbot)"
66.249.77.42 - - [31/Mar/2026:07:16:46 -0400] "GET /?detail/2690417029535 HTTP/1.1" 200 23535 "-" "Mozilla/5.0 (Linux; Android 6.0.1; Nexus 5X Build/MMB29P) AppleWebKit/537.36 (KHTML, like Gecko) Chrome/146.0.7680.153 Mobile Safari/537.36 (compatible; GoogleOther)"
74.7.227.52 - - [31/Mar/2026:07:17:21 -0400] "GET /commoditys/032034478 HTTP/1.1" 403 0 "https://gpdl-bd.com/?sitemap76.xml" "Mozilla/5.0 AppleWebKit/537.36 (KHTML, like Gecko; compatible; GPTBot/1.3; +https://openai.com/gptbot)"
45.173.65.82 - - [31/Mar/2026:07:17:28 -0400] "GET /products/082046833 HTTP/1.1" 200 7203 "https://gpdl-bd.com/?sitemap605.xml" "Mozilla/5.0 (Linux; Android 7.1.1; OPPO R9sk Build/NMF26F; wv) AppleWebKit/537.36 (KHTML, like Gecko) Version/4.0 Chrome/70.0.4472.71 Mobile Safari/537.36 AWP/2.0 SogouMSE,SogouMobileBrowser/5.22.8"
74.7.227.52 - - [31/Mar/2026:07:18:15 -0400] "GET /commoditys/291046363 HTTP/1.1" 403 0 "https://gpdl-bd.com/?sitemap76.xml" "Mozilla/5.0 AppleWebKit/537.36 (KHTML, like Gecko; compatible; GPTBot/1.3; +https://openai.com/gptbot)"
66.249.77.33 - - [31/Mar/2026:07:18:19 -0400] "GET /?jp/130039172.html HTTP/1.1" 200 23696 "-" "Mozilla/5.0 (Linux; Android 6.0.1; Nexus 5X Build/MMB29P) AppleWebKit/537.36 (KHTML, like Gecko) Chrome/146.0.7680.153 Mobile Safari/537.36 (compatible; GoogleOther)"
74.7.227.52 - - [31/Mar/2026:07:19:11 -0400] "GET /commoditys/021010827 HTTP/1.1" 403 0 "https://gpdl-bd.com/?sitemap906.xml" "Mozilla/5.0 AppleWebKit/537.36 (KHTML, like Gecko; compatible; GPTBot/1.3; +https://openai.com/gptbot)"
216.244.66.234 - - [31/Mar/2026:07:19:30 -0400] "GET /robots.txt HTTP/1.1" 200 347 "-" "Mozilla/5.0 (compatible; DotBot/1.2; +https://opensiteexplorer.org/dotbot; help@moz.com)"
66.249.77.42 - - [31/Mar/2026:07:19:55 -0400] "GET /?goods/087018289 HTTP/1.1" 200 23353 "-" "Mozilla/5.0 (Linux; Android 6.0.1; Nexus 5X Build/MMB29P) AppleWebKit/537.36 (KHTML, like Gecko) Chrome/146.0.7680.153 Mobile Safari/537.36 (compatible; GoogleOther)"
74.7.227.52 - - [31/Mar/2026:07:20:08 -0400] "GET /commoditys/269040101 HTTP/1.1" 403 0 "https://gpdl-bd.com/?sitemap605.xml" "Mozilla/5.0 AppleWebKit/537.36 (KHTML, like Gecko; compatible; GPTBot/1.3; +https://openai.com/gptbot)"
39.172.23.1 - - [31/Mar/2026:07:20:46 -0400] "GET /propertydetail.php?pid=32 HTTP/1.1" 403 1242 "-" "Mozilla/5.0 (Macintosh; Intel Mac OS X 10_15_7) AppleWebKit/537.36 (KHTML, like Gecko) Chrome/140.0.0.0 Safari/537.36"
27.227.117.59 - - [31/Mar/2026:07:20:55 -0400] "GET /propertydetail.php?pid=32 HTTP/1.1" 403 1242 "-" "Mozilla/5.0 (Macintosh; Intel Mac OS X 10_15_7) AppleWebKit/537.36 (KHTML, like Gecko) Chrome/140.0.0.0 Safari/537.36"
74.7.227.52 - - [31/Mar/2026:07:21:02 -0400] "GET /commoditys/096009738 HTTP/1.1" 403 0 "https://gpdl-bd.com/?sitemap605.xml" "Mozilla/5.0 AppleWebKit/537.36 (KHTML, like Gecko; compatible; GPTBot/1.3; +https://openai.com/gptbot)"
66.249.77.33 - - [31/Mar/2026:07:21:30 -0400] "GET /?jp/141021044.html HTTP/1.1" 200 23740 "-" "Mozilla/5.0 (Linux; Android 6.0.1; Nexus 5X Build/MMB29P) AppleWebKit/537.36 (KHTML, like Gecko) Chrome/146.0.7680.153 Mobile Safari/537.36 (compatible; GoogleOther)"
181.174.231.201 - - [31/Mar/2026:07:21:54 -0400] "GET /products/082042391 HTTP/1.1" 200 7203 "https://gpdl-bd.com/?sitemap605.xml" "Mozilla/5.0 (iPhone; CPU iPhone OS 13_2_3 like Mac OS X) AppleWebKit/606.2.17 (KHTML, like Gecko) Version/13.0.3 Mobile/15E148 Safari/604.1"
74.7.227.52 - - [31/Mar/2026:07:21:57 -0400] "GET /commoditys/287028599 HTTP/1.1" 403 0 "https://gpdl-bd.com/?sitemap76.xml" "Mozilla/5.0 AppleWebKit/537.36 (KHTML, like Gecko; compatible; GPTBot/1.3; +https://openai.com/gptbot)"
74.7.227.52 - - [31/Mar/2026:07:22:55 -0400] "GET /commoditys/017035603 HTTP/1.1" 403 0 "https://gpdl-bd.com/?sitemap76.xml" "Mozilla/5.0 AppleWebKit/537.36 (KHTML, like Gecko; compatible; GPTBot/1.3; +https://openai.com/gptbot)"
66.249.77.33 - - [31/Mar/2026:07:23:03 -0400] "GET /?jp/293047280.html HTTP/1.1" 200 22620 "-" "Mozilla/5.0 (Linux; Android 6.0.1; Nexus 5X Build/MMB29P) AppleWebKit/537.36 (KHTML, like Gecko) Chrome/146.0.7680.153 Mobile Safari/537.36 (compatible; GoogleOther)"
74.7.227.52 - - [31/Mar/2026:07:23:49 -0400] "GET /commoditys/197026977 HTTP/1.1" 403 0 "https://gpdl-bd.com/?sitemap76.xml" "Mozilla/5.0 AppleWebKit/537.36 (KHTML, like Gecko; compatible; GPTBot/1.3; +https://openai.com/gptbot)"
169.224.110.85 - - [31/Mar/2026:07:23:53 -0400] "GET /products/082041201 HTTP/1.1" 200 7203 "https://gpdl-bd.com/?sitemap605.xml" "Mozilla/5.0 (Linux; U; Android 7.1.1; zh-cn; OPPO R9sk Build/NMF26F) AppleWebKit/537.36 (KHTML, like Gecko) Version/4.0 Chrome/64.0.2954.155 Mobile Safari/537.36 OppoBrowser/10.5.1.2"
66.249.77.33 - - [31/Mar/2026:07:24:40 -0400] "GET /?jp/241004765.html HTTP/1.1" 200 23151 "-" "Mozilla/5.0 (Linux; Android 6.0.1; Nexus 5X Build/MMB29P) AppleWebKit/537.36 (KHTML, like Gecko) Chrome/146.0.7680.153 Mobile Safari/537.36 (compatible; GoogleOther)"
74.7.227.52 - - [31/Mar/2026:07:24:46 -0400] "GET /commoditys/266012680 HTTP/1.1" 403 0 "https://gpdl-bd.com/?sitemap76.xml" "Mozilla/5.0 AppleWebKit/537.36 (KHTML, like Gecko; compatible; GPTBot/1.3; +https://openai.com/gptbot)"
40.77.167.155 - - [31/Mar/2026:07:25:16 -0400] "GET /?sitemap76.xml HTTP/1.1" 200 17 "-" "Mozilla/5.0 AppleWebKit/537.36 (KHTML, like Gecko; compatible; bingbot/2.0; +http://www.bing.com/bingbot.htm) Chrome/116.0.1938.76 Safari/537.36"
66.249.77.42 - - [31/Mar/2026:07:25:31 -0400] "GET /?goods/016008020 HTTP/1.1" 200 22983 "-" "Mozilla/5.0 (Linux; Android 6.0.1; Nexus 5X Build/MMB29P) AppleWebKit/537.36 (KHTML, like Gecko) Chrome/146.0.7680.153 Mobile Safari/537.36 (compatible; Googlebot/2.1; +http://www.google.com/bot.html)"
40.77.167.155 - - [31/Mar/2026:07:25:38 -0400] "GET /?sitemap906.xml HTTP/1.1" 200 17 "-" "Mozilla/5.0 AppleWebKit/537.36 (KHTML, like Gecko; compatible; bingbot/2.0; +http://www.bing.com/bingbot.htm) Chrome/116.0.1938.76 Safari/537.36"
74.7.227.52 - - [31/Mar/2026:07:25:43 -0400] "GET /commoditys/029024627 HTTP/1.1" 403 0 "https://gpdl-bd.com/?sitemap428.xml" "Mozilla/5.0 AppleWebKit/537.36 (KHTML, like Gecko; compatible; GPTBot/1.3; +https://openai.com/gptbot)"
169.224.43.49 - - [31/Mar/2026:07:25:54 -0400] "GET /products/082031007 HTTP/1.1" 200 7203 "https://gpdl-bd.com/?sitemap605.xml" "Mozilla/5.0 (Linux; Android 9; MI 9 Build/PKQ1.181121.001) AppleWebKit/537.36 (KHTML, like Gecko) Version/4.0 Chrome/67.0.3504.54 Mobile Safari/537.36 Maxthon/3248"
66.249.77.32 - - [31/Mar/2026:07:26:25 -0400] "GET /?jp/195036936.html HTTP/1.1" 200 25895 "-" "Mozilla/5.0 (Linux; Android 6.0.1; Nexus 5X Build/MMB29P) AppleWebKit/537.36 (KHTML, like Gecko) Chrome/146.0.7680.153 Mobile Safari/537.36 (compatible; GoogleOther)"
74.7.227.52 - - [31/Mar/2026:07:26:37 -0400] "GET /commoditys/210047504 HTTP/1.1" 403 0 "https://gpdl-bd.com/?sitemap428.xml" "Mozilla/5.0 AppleWebKit/537.36 (KHTML, like Gecko; compatible; GPTBot/1.3; +https://openai.com/gptbot)"
160.177.37.178 - - [31/Mar/2026:07:27:05 -0400] "GET /products/082026913 HTTP/1.1" 200 7203 "https://gpdl-bd.com/?sitemap605.xml" "Mozilla/5.0 (Linux; U; Android 9; zh-CN; MI 9 Build/PKQ1.181121.001) AppleWebKit/537.36 (KHTML, like Gecko) Version/4.0 Chrome/60.0.3772.129 UCBrowser/12.5.5.1035 Mobile Safari/537.36"
74.7.227.52 - - [31/Mar/2026:07:27:33 -0400] "GET /commoditys/252032508 HTTP/1.1" 403 0 "https://gpdl-bd.com/?sitemap605.xml" "Mozilla/5.0 AppleWebKit/537.36 (KHTML, like Gecko; compatible; GPTBot/1.3; +https://openai.com/gptbot)"
66.249.77.32 - - [31/Mar/2026:07:27:44 -0400] "GET /?detail/09900364133429 HTTP/1.1" 200 24003 "-" "Mozilla/5.0 (Linux; Android 6.0.1; Nexus 5X Build/MMB29P) AppleWebKit/537.36 (KHTML, like Gecko) Chrome/146.0.7680.153 Mobile Safari/537.36 (compatible; GoogleOther)"
216.73.216.180 - - [31/Mar/2026:07:28:13 -0400] "GET /goods.php HTTP/1.1" 403 0 "-" "Mozilla/5.0 AppleWebKit/537.36 (KHTML, like Gecko; compatible; ClaudeBot/1.0; +claudebot@anthropic.com)"
74.7.227.52 - - [31/Mar/2026:07:28:30 -0400] "GET /commoditys/112011446 HTTP/1.1" 403 0 "https://gpdl-bd.com/?sitemap906.xml" "Mozilla/5.0 AppleWebKit/537.36 (KHTML, like Gecko; compatible; GPTBot/1.3; +https://openai.com/gptbot)"
66.249.77.32 - - [31/Mar/2026:07:29:16 -0400] "GET /?jp/079006095.html HTTP/1.1" 200 25914 "-" "Mozilla/5.0 (Linux; Android 6.0.1; Nexus 5X Build/MMB29P) AppleWebKit/537.36 (KHTML, like Gecko) Chrome/146.0.7680.153 Mobile Safari/537.36 (compatible; GoogleOther)"
74.7.227.52 - - [31/Mar/2026:07:29:26 -0400] "GET /commoditys/204043174 HTTP/1.1" 403 0 "https://gpdl-bd.com/?sitemap76.xml" "Mozilla/5.0 AppleWebKit/537.36 (KHTML, like Gecko; compatible; GPTBot/1.3; +https://openai.com/gptbot)"
49.43.89.43 - - [31/Mar/2026:07:29:38 -0400] "GET /products/082019319 HTTP/1.1" 200 7203 "https://gpdl-bd.com/?sitemap605.xml" "Mozilla/5.0 (Linux; Android 7.1.1; OPPO R9sk Build/NMF26F) AppleWebKit/537.36 (KHTML, like Gecko) Chrome/78.0.3159.48 Mobile Safari/537.36 OPR/53.0.2569.141117"
74.7.227.52 - - [31/Mar/2026:07:30:23 -0400] "GET /commoditys/037036909 HTTP/1.1" 403 0 "https://gpdl-bd.com/?sitemap76.xml" "Mozilla/5.0 AppleWebKit/537.36 (KHTML, like Gecko; compatible; GPTBot/1.3; +https://openai.com/gptbot)"
66.249.77.42 - - [31/Mar/2026:07:31:00 -0400] "GET /?goods/241024178 HTTP/1.1" 200 23483 "-" "Mozilla/5.0 (Linux; Android 6.0.1; Nexus 5X Build/MMB29P) AppleWebKit/537.36 (KHTML, like Gecko) Chrome/146.0.7680.153 Mobile Safari/537.36 (compatible; GoogleOther)"
74.7.227.52 - - [31/Mar/2026:07:31:16 -0400] "GET /commoditys/092017208 HTTP/1.1" 403 0 "https://gpdl-bd.com/?sitemap906.xml" "Mozilla/5.0 AppleWebKit/537.36 (KHTML, like Gecko; compatible; GPTBot/1.3; +https://openai.com/gptbot)"
216.73.216.180 - - [31/Mar/2026:07:31:43 -0400] "GET / HTTP/1.1" 403 0 "-" "Mozilla/5.0 AppleWebKit/537.36 (KHTML, like Gecko; compatible; ClaudeBot/1.0; +claudebot@anthropic.com)"
98.97.134.109 - - [31/Mar/2026:07:31:51 -0400] "GET /products/082011561 HTTP/1.1" 200 7203 "https://gpdl-bd.com/?sitemap605.xml" "Mozilla/5.0 (iPhone; CPU iPhone OS 13_2_3 like Mac OS X) AppleWebKit/607.2.16 (KHTML, like Gecko) Version/13.0.3 Mobile/15E148 Safari/604.1"
66.249.77.42 - - [31/Mar/2026:07:31:52 -0400] "GET /?goods/043000845 HTTP/1.1" 200 22879 "-" "Mozilla/5.0 (Linux; Android 6.0.1; Nexus 5X Build/MMB29P) AppleWebKit/537.36 (KHTML, like Gecko) Chrome/146.0.7680.153 Mobile Safari/537.36 (compatible; Googlebot/2.1; +http://www.google.com/bot.html)"
66.249.77.42 - - [31/Mar/2026:07:31:58 -0400] "GET /commoditys/099000879 HTTP/1.1" 200 23574 "-" "Mozilla/5.0 (Linux; Android 6.0.1; Nexus 5X Build/MMB29P) AppleWebKit/537.36 (KHTML, like Gecko) Chrome/146.0.7680.153 Mobile Safari/537.36 (compatible; Googlebot/2.1; +http://www.google.com/bot.html)"
74.7.227.52 - - [31/Mar/2026:07:32:10 -0400] "GET /commoditys/101046023 HTTP/1.1" 403 0 "https://gpdl-bd.com/?sitemap605.xml" "Mozilla/5.0 AppleWebKit/537.36 (KHTML, like Gecko; compatible; GPTBot/1.3; +https://openai.com/gptbot)"
66.249.77.32 - - [31/Mar/2026:07:32:10 -0400] "GET /commoditys/007000347 HTTP/1.1" 200 23528 "-" "Mozilla/5.0 (Linux; Android 6.0.1; Nexus 5X Build/MMB29P) AppleWebKit/537.36 (KHTML, like Gecko) Chrome/146.0.7680.153 Mobile Safari/537.36 (compatible; Googlebot/2.1; +http://www.google.com/bot.html)"
74.7.227.52 - - [31/Mar/2026:07:33:04 -0400] "GET /commoditys/035003807 HTTP/1.1" 403 0 "https://gpdl-bd.com/?sitemap428.xml" "Mozilla/5.0 AppleWebKit/537.36 (KHTML, like Gecko; compatible; GPTBot/1.3; +https://openai.com/gptbot)"
196.131.176.213 - - [31/Mar/2026:07:33:05 -0400] "GET /products/082002301 HTTP/1.1" 200 7203 "https://gpdl-bd.com/?sitemap605.xml" "Mozilla/5.0 (iPhone; CPU iPhone OS 13_3 like Mac OS X) AppleWebKit/606.2.87 (KHTML, like Gecko) Version/13.0.4 Mobile/15E148 Safari/604.1"
74.7.227.52 - - [31/Mar/2026:07:34:02 -0400] "GET /commoditys/279013801 HTTP/1.1" 403 0 "https://gpdl-bd.com/?sitemap906.xml" "Mozilla/5.0 AppleWebKit/537.36 (KHTML, like Gecko; compatible; GPTBot/1.3; +https://openai.com/gptbot)"
223.25.252.21 - - [31/Mar/2026:07:34:31 -0400] "GET /products/081048646 HTTP/1.1" 200 7203 "https://gpdl-bd.com/?sitemap605.xml" "Mozilla/5.0 (Linux; U; Android 7.1.1; zh-CN; OPPO R9sk Build/NMF26F) AppleWebKit/537.36 (KHTML, like Gecko) Version/4.0 Chrome/55.0.3563.48 UCBrowser/12.6.0.1040 Mobile Safari/537.36"
74.7.227.52 - - [31/Mar/2026:07:34:57 -0400] "GET /commoditys/157012707 HTTP/1.1" 403 0 "https://gpdl-bd.com/?sitemap428.xml" "Mozilla/5.0 AppleWebKit/537.36 (KHTML, like Gecko; compatible; GPTBot/1.3; +https://openai.com/gptbot)"
216.244.66.234 - - [31/Mar/2026:07:35:13 -0400] "GET /single-tag/colorful/ HTTP/1.1" 403 0 "-" "Mozilla/5.0 (compatible; DotBot/1.2; +https://opensiteexplorer.org/dotbot; help@moz.com)"
66.249.77.42 - - [31/Mar/2026:07:35:29 -0400] "GET /?jp/296017043.html HTTP/1.1" 200 23948 "-" "Mozilla/5.0 (Linux; Android 6.0.1; Nexus 5X Build/MMB29P) AppleWebKit/537.36 (KHTML, like Gecko) Chrome/146.0.7680.153 Mobile Safari/537.36 (compatible; GoogleOther)"
74.7.227.52 - - [31/Mar/2026:07:35:53 -0400] "GET /commoditys/065039063 HTTP/1.1" 403 0 "https://gpdl-bd.com/?sitemap906.xml" "Mozilla/5.0 AppleWebKit/537.36 (KHTML, like Gecko; compatible; GPTBot/1.3; +https://openai.com/gptbot)"
171.61.22.52 - - [31/Mar/2026:07:36:36 -0400] "GET /products/081038844 HTTP/1.1" 200 7203 "https://gpdl-bd.com/?sitemap605.xml" "Mozilla/5.0 (Linux; U; Android 9; zh-CN; MI 9 Build/PKQ1.181121.001) AppleWebKit/537.36 (KHTML, like Gecko) Version/4.0 Chrome/74.0.2644.139 UCBrowser/12.5.5.1035 Mobile Safari/537.36"
74.7.227.52 - - [31/Mar/2026:07:36:47 -0400] "GET /commoditys/172048726 HTTP/1.1" 403 0 "https://gpdl-bd.com/?sitemap605.xml" "Mozilla/5.0 AppleWebKit/537.36 (KHTML, like Gecko; compatible; GPTBot/1.3; +https://openai.com/gptbot)"
66.249.77.42 - - [31/Mar/2026:07:37:07 -0400] "GET /?jp/032017333.html HTTP/1.1" 200 24092 "-" "Mozilla/5.0 (Linux; Android 6.0.1; Nexus 5X Build/MMB29P) AppleWebKit/537.36 (KHTML, like Gecko) Chrome/146.0.7680.153 Mobile Safari/537.36 (compatible; GoogleOther)"
74.7.227.52 - - [31/Mar/2026:07:37:43 -0400] "GET /commoditys/162021416 HTTP/1.1" 403 0 "https://gpdl-bd.com/?sitemap76.xml" "Mozilla/5.0 AppleWebKit/537.36 (KHTML, like Gecko; compatible; GPTBot/1.3; +https://openai.com/gptbot)"
66.249.77.33 - - [31/Mar/2026:07:38:39 -0400] "GET /?jp/041006321.html HTTP/1.1" 200 22835 "-" "Mozilla/5.0 (Linux; Android 6.0.1; Nexus 5X Build/MMB29P) AppleWebKit/537.36 (KHTML, like Gecko) Chrome/146.0.7680.153 Mobile Safari/537.36 (compatible; GoogleOther)"
74.7.227.52 - - [31/Mar/2026:07:38:41 -0400] "GET /commoditys/132013794 HTTP/1.1" 403 0 "https://gpdl-bd.com/?sitemap76.xml" "Mozilla/5.0 AppleWebKit/537.36 (KHTML, like Gecko; compatible; GPTBot/1.3; +https://openai.com/gptbot)"
74.7.227.52 - - [31/Mar/2026:07:39:40 -0400] "GET /commoditys/224006008 HTTP/1.1" 403 0 "https://gpdl-bd.com/?sitemap605.xml" "Mozilla/5.0 AppleWebKit/537.36 (KHTML, like Gecko; compatible; GPTBot/1.3; +https://openai.com/gptbot)"
66.249.77.33 - - [31/Mar/2026:07:40:25 -0400] "GET /?goods/097012559 HTTP/1.1" 200 23902 "-" "Mozilla/5.0 (Linux; Android 6.0.1; Nexus 5X Build/MMB29P) AppleWebKit/537.36 (KHTML, like Gecko) Chrome/146.0.7680.153 Mobile Safari/537.36 (compatible; GoogleOther)"
74.7.227.52 - - [31/Mar/2026:07:40:38 -0400] "GET /commoditys/156015084 HTTP/1.1" 403 0 "https://gpdl-bd.com/?sitemap428.xml" "Mozilla/5.0 AppleWebKit/537.36 (KHTML, like Gecko; compatible; GPTBot/1.3; +https://openai.com/gptbot)"
185.128.36.36 - - [31/Mar/2026:07:40:46 -0400] "GET /products/081029334 HTTP/1.1" 200 7203 "https://gpdl-bd.com/?sitemap605.xml" "Mozilla/5.0 (Linux; U; Android 7.1.1; zh-cn; OPPO R9sk Build/NMF26F) AppleWebKit/537.36 (KHTML, like Gecko) Version/4.0 Chrome/63.0.2998.132 Mobile Safari/537.36 OppoBrowser/10.5.1.2"
74.7.227.52 - - [31/Mar/2026:07:41:30 -0400] "GET /commoditys/263025639 HTTP/1.1" 403 0 "https://gpdl-bd.com/?sitemap605.xml" "Mozilla/5.0 AppleWebKit/537.36 (KHTML, like Gecko; compatible; GPTBot/1.3; +https://openai.com/gptbot)"
66.249.77.32 - - [31/Mar/2026:07:42:26 -0400] "GET /?detail/0570091430687 HTTP/1.1" 200 23477 "-" "Mozilla/5.0 (Linux; Android 6.0.1; Nexus 5X Build/MMB29P) AppleWebKit/537.36 (KHTML, like Gecko) Chrome/146.0.7680.153 Mobile Safari/537.36 (compatible; GoogleOther)"
74.7.227.52 - - [31/Mar/2026:07:42:28 -0400] "GET /commoditys/204047496 HTTP/1.1" 403 0 "https://gpdl-bd.com/?sitemap428.xml" "Mozilla/5.0 AppleWebKit/537.36 (KHTML, like Gecko; compatible; GPTBot/1.3; +https://openai.com/gptbot)"
109.107.230.107 - - [31/Mar/2026:07:42:48 -0400] "GET /products/081028534 HTTP/1.1" 200 7203 "https://gpdl-bd.com/?sitemap605.xml" "Mozilla/5.0 (Linux; Android 7.1.1; OPPO R9sk Build/NMF26F; wv) AppleWebKit/537.36 (KHTML, like Gecko) Version/4.0 Chrome/67.0.3198.81 Mobile Safari/537.36 LieBaoFast/5.12.3"
66.249.77.32 - - [31/Mar/2026:07:43:23 -0400] "GET /?detail/0260095149416 HTTP/1.1" 200 23899 "-" "Mozilla/5.0 (Linux; Android 6.0.1; Nexus 5X Build/MMB29P) AppleWebKit/537.36 (KHTML, like Gecko) Chrome/146.0.7680.153 Mobile Safari/537.36 (compatible; GoogleOther)"
74.7.227.52 - - [31/Mar/2026:07:43:23 -0400] "GET /commoditys/203020411 HTTP/1.1" 403 0 "https://gpdl-bd.com/?sitemap428.xml" "Mozilla/5.0 AppleWebKit/537.36 (KHTML, like Gecko; compatible; GPTBot/1.3; +https://openai.com/gptbot)"
74.7.227.52 - - [31/Mar/2026:07:44:21 -0400] "GET /commoditys/209020457 HTTP/1.1" 403 0 "https://gpdl-bd.com/?sitemap605.xml" "Mozilla/5.0 AppleWebKit/537.36 (KHTML, like Gecko; compatible; GPTBot/1.3; +https://openai.com/gptbot)"
103.157.92.142 - - [31/Mar/2026:07:44:29 -0400] "GET /products/081017266 HTTP/1.1" 200 7203 "https://gpdl-bd.com/?sitemap605.xml" "Mozilla/5.0 (Linux; Android 7.1.1; OPPO R9sk Build/NMF26F) AppleWebKit/537.36 (KHTML, like Gecko) Chrome/62.0.2809.56 Mobile Safari/537.36 OPR/53.0.2569.141117"
66.249.77.32 - - [31/Mar/2026:07:44:52 -0400] "GET /?goods/154047638 HTTP/1.1" 200 23439 "-" "Mozilla/5.0 (Linux; Android 6.0.1; Nexus 5X Build/MMB29P) AppleWebKit/537.36 (KHTML, like Gecko) Chrome/146.0.7680.153 Mobile Safari/537.36 (compatible; GoogleOther)"
172.213.11.153 - - [31/Mar/2026:07:45:00 -0400] "GET /?listing/17393601/= HTTP/1.1" 200 6003 "-" "Mozilla/5.0 AppleWebKit/537.36 (KHTML, like Gecko); compatible; ChatGPT-User/1.0; +https://openai.com/bot"
74.7.227.52 - - [31/Mar/2026:07:45:18 -0400] "GET /commoditys/184022040 HTTP/1.1" 403 0 "https://gpdl-bd.com/?sitemap605.xml" "Mozilla/5.0 AppleWebKit/537.36 (KHTML, like Gecko; compatible; GPTBot/1.3; +https://openai.com/gptbot)"
74.7.227.52 - - [31/Mar/2026:07:46:12 -0400] "GET /commoditys/139028989 HTTP/1.1" 403 0 "https://gpdl-bd.com/?sitemap428.xml" "Mozilla/5.0 AppleWebKit/537.36 (KHTML, like Gecko; compatible; GPTBot/1.3; +https://openai.com/gptbot)"
124.217.55.168 - - [31/Mar/2026:07:46:23 -0400] "GET /products/081001278 HTTP/1.1" 200 7203 "https://gpdl-bd.com/?sitemap605.xml" "Mozilla/5.0 (Linux; Android 9; MI 9 Build/PKQ1.181121.001; wv) AppleWebKit/537.36 (KHTML, like Gecko) Version/4.0 Chrome/47.0.3203.26 Mobile Safari/537.36 AWP/2.0 SogouMSE,SogouMobileBrowser/5.22.4"
66.249.77.42 - - [31/Mar/2026:07:46:26 -0400] "GET /?jp/164026343.html HTTP/1.1" 200 22642 "-" "Mozilla/5.0 (Linux; Android 6.0.1; Nexus 5X Build/MMB29P) AppleWebKit/537.36 (KHTML, like Gecko) Chrome/146.0.7680.153 Mobile Safari/537.36 (compatible; GoogleOther)"
74.7.227.52 - - [31/Mar/2026:07:47:07 -0400] "GET /commoditys/019010125 HTTP/1.1" 403 0 "https://gpdl-bd.com/?sitemap605.xml" "Mozilla/5.0 AppleWebKit/537.36 (KHTML, like Gecko; compatible; GPTBot/1.3; +https://openai.com/gptbot)"
66.249.77.33 - - [31/Mar/2026:07:48:01 -0400] "GET /?detail/293008286508 HTTP/1.1" 200 23822 "-" "Mozilla/5.0 (Linux; Android 6.0.1; Nexus 5X Build/MMB29P) AppleWebKit/537.36 (KHTML, like Gecko) Chrome/146.0.7680.153 Mobile Safari/537.36 (compatible; GoogleOther)"
74.7.227.52 - - [31/Mar/2026:07:48:05 -0400] "GET /commoditys/101025327 HTTP/1.1" 403 0 "https://gpdl-bd.com/?sitemap605.xml" "Mozilla/5.0 AppleWebKit/537.36 (KHTML, like Gecko; compatible; GPTBot/1.3; +https://openai.com/gptbot)"
103.204.211.217 - - [31/Mar/2026:07:48:26 -0400] "GET /products/080033767 HTTP/1.1" 200 7203 "https://gpdl-bd.com/?sitemap605.xml" "Mozilla/5.0 (Linux; Android 7.1.1; OPPO R9sk Build/NMF26F; wv) AppleWebKit/537.36 (KHTML, like Gecko) Version/4.0 Chrome/59.0.4209.160 Mobile Safari/537.36 AWP/2.0 SogouMSE,SogouMobileBrowser/5.22.8"
74.7.227.52 - - [31/Mar/2026:07:48:59 -0400] "GET /commoditys/151010675 HTTP/1.1" 403 0 "https://gpdl-bd.com/?sitemap76.xml" "Mozilla/5.0 AppleWebKit/537.36 (KHTML, like Gecko; compatible; GPTBot/1.3; +https://openai.com/gptbot)"
66.249.77.32 - - [31/Mar/2026:07:49:54 -0400] "GET /?detail/195035535800 HTTP/1.1" 200 27303 "-" "Mozilla/5.0 (Linux; Android 6.0.1; Nexus 5X Build/MMB29P) AppleWebKit/537.36 (KHTML, like Gecko) Chrome/146.0.7680.153 Mobile Safari/537.36 (compatible; GoogleOther)"
74.7.227.52 - - [31/Mar/2026:07:49:57 -0400] "GET /commoditys/134040756 HTTP/1.1" 403 0 "https://gpdl-bd.com/?sitemap76.xml" "Mozilla/5.0 AppleWebKit/537.36 (KHTML, like Gecko; compatible; GPTBot/1.3; +https://openai.com/gptbot)"
103.255.67.70 - - [31/Mar/2026:07:50:19 -0400] "GET /products/080025485 HTTP/1.1" 200 7203 "https://gpdl-bd.com/?sitemap605.xml" "Mozilla/5.0 (Linux; Android 9; MI 9 Build/PKQ1.181121.001) AppleWebKit/537.36 (KHTML, like Gecko) Version/4.0 Chrome/85.0.3478.73 Mobile Safari/537.36 Maxthon/3248"
74.7.227.52 - - [31/Mar/2026:07:50:57 -0400] "GET /commoditys/181045451 HTTP/1.1" 403 0 "https://gpdl-bd.com/?sitemap605.xml" "Mozilla/5.0 AppleWebKit/537.36 (KHTML, like Gecko; compatible; GPTBot/1.3; +https://openai.com/gptbot)"
66.249.77.33 - - [31/Mar/2026:07:51:22 -0400] "GET /?jp/199008544.html HTTP/1.1" 200 23239 "-" "Mozilla/5.0 (Linux; Android 6.0.1; Nexus 5X Build/MMB29P) AppleWebKit/537.36 (KHTML, like Gecko) Chrome/146.0.7680.153 Mobile Safari/537.36 (compatible; GoogleOther)"
74.7.227.52 - - [31/Mar/2026:07:51:46 -0400] "GET /commoditys/272012004 HTTP/1.1" 403 0 "https://gpdl-bd.com/?sitemap76.xml" "Mozilla/5.0 AppleWebKit/537.36 (KHTML, like Gecko; compatible; GPTBot/1.3; +https://openai.com/gptbot)"
41.123.234.139 - - [31/Mar/2026:07:52:08 -0400] "GET /products/080021661 HTTP/1.1" 200 7203 "https://gpdl-bd.com/?sitemap605.xml" "Mozilla/5.0 (iPhone; CPU iPhone OS 12_4 like Mac OS X) AppleWebKit/606.2.34 (KHTML, like Gecko) Mobile/15E148 MicroMessenger/7.0.5(0x17000523) NetType/WIFI Language/zh_CN"
113.163.112.40 - - [31/Mar/2026:07:52:28 -0400] "GET /author-profile/gpdl-bd/directory/apartment/?category=for-sale&directory_type=apartment HTTP/1.1" 200 7203 "-" "Mozilla/5.0 (Macintosh; Intel Mac OS X 10_15_7) AppleWebKit/537.36 (KHTML, like Gecko) Brave Chrome/88.0.4324.182 Safari/537.36"
74.7.227.52 - - [31/Mar/2026:07:52:42 -0400] "GET /commoditys/023022079 HTTP/1.1" 403 0 "https://gpdl-bd.com/?sitemap76.xml" "Mozilla/5.0 AppleWebKit/537.36 (KHTML, like Gecko; compatible; GPTBot/1.3; +https://openai.com/gptbot)"
66.249.77.32 - - [31/Mar/2026:07:52:42 -0400] "GET /?jp/222019436.html HTTP/1.1" 200 23676 "-" "Mozilla/5.0 (Linux; Android 6.0.1; Nexus 5X Build/MMB29P) AppleWebKit/537.36 (KHTML, like Gecko) Chrome/146.0.7680.153 Mobile Safari/537.36 (compatible; GoogleOther)"
74.7.227.52 - - [31/Mar/2026:07:53:37 -0400] "GET /commoditys/214017216 HTTP/1.1" 403 0 "https://gpdl-bd.com/?sitemap605.xml" "Mozilla/5.0 AppleWebKit/537.36 (KHTML, like Gecko; compatible; GPTBot/1.3; +https://openai.com/gptbot)"
185.191.206.214 - - [31/Mar/2026:07:54:03 -0400] "POST /xmlrpc.php HTTP/1.1" 200 41480 "-" "Mozilla/5.0 (Windows NT 10.0; Win64; x64) AppleWebKit/537.36 (KHTML, like Gecko) Chrome/114.0.0.0 Safari/537.36"
185.191.206.214 - - [31/Mar/2026:07:54:06 -0400] "POST /xmlrpc.php HTTP/1.1" 200 41480 "-" "Mozilla/5.0 (Windows NT 10.0; Win64; x64) AppleWebKit/537.36 (KHTML, like Gecko) Chrome/114.0.0.0 Safari/537.36"
66.249.77.33 - - [31/Mar/2026:07:54:16 -0400] "GET /?goods/164009801 HTTP/1.1" 200 23869 "-" "Mozilla/5.0 (Linux; Android 6.0.1; Nexus 5X Build/MMB29P) AppleWebKit/537.36 (KHTML, like Gecko) Chrome/146.0.7680.153 Mobile Safari/537.36 (compatible; GoogleOther)"
74.125.218.42 - - [31/Mar/2026:07:57:50 -0400] "GET /?listing/19991867/ HTTP/1.1" 200 6003 "-" "Mozilla/5.0 (X11; Linux x86_64) AppleWebKit/537.36 (KHTML, like Gecko) Chrome/146.0.7680.153 Safari/537.36"
74.125.218.32 - - [31/Mar/2026:07:57:51 -0400] "GET /fonts/flaticon/flaticon.css HTTP/1.1" 200 785 "https://gpdl-bd.com/?listing/19991867/" "Mozilla/5.0 (X11; Linux x86_64) AppleWebKit/537.36 (KHTML, like Gecko) Chrome/146.0.7680.153 Safari/537.36"
74.125.218.42 - - [31/Mar/2026:07:57:51 -0400] "GET /css/jquery-ui.css HTTP/1.1" 200 7574 "https://gpdl-bd.com/?listing/19991867/" "Mozilla/5.0 (X11; Linux x86_64) AppleWebKit/537.36 (KHTML, like Gecko) Chrome/146.0.7680.153 Safari/537.36"
74.125.218.42 - - [31/Mar/2026:07:57:52 -0400] "GET /css/color.css HTTP/1.1" 200 392 "https://gpdl-bd.com/?listing/19991867/" "Mozilla/5.0 (X11; Linux x86_64) AppleWebKit/537.36 (KHTML, like Gecko) Chrome/146.0.7680.153 Safari/537.36"
74.125.218.32 - - [31/Mar/2026:07:57:52 -0400] "GET /css/layerslider.css HTTP/1.1" 200 3959 "https://gpdl-bd.com/?listing/19991867/" "Mozilla/5.0 (X11; Linux x86_64) AppleWebKit/537.36 (KHTML, like Gecko) Chrome/146.0.7680.153 Safari/537.36"
74.125.218.42 - - [31/Mar/2026:07:57:53 -0400] "GET /css/bootstrap.min.css HTTP/1.1" 200 20940 "https://gpdl-bd.com/?listing/19991867/" "Mozilla/5.0 (X11; Linux x86_64) AppleWebKit/537.36 (KHTML, like Gecko) Chrome/146.0.7680.153 Safari/537.36"
207.46.13.160 - - [31/Mar/2026:07:57:55 -0400] "GET /agent.php HTTP/1.1" 403 1242 "-" "Mozilla/5.0 AppleWebKit/537.36 (KHTML, like Gecko; compatible; bingbot/2.0; +http://www.bing.com/bingbot.htm) Chrome/116.0.1938.76 Safari/537.36"
74.125.218.42 - - [31/Mar/2026:07:57:55 -0400] "GET /css/bootstrap-slider.css HTTP/1.1" 200 1995 "https://gpdl-bd.com/?listing/19991867/" "Mozilla/5.0 (X11; Linux x86_64) AppleWebKit/537.36 (KHTML, like Gecko) Chrome/146.0.7680.153 Safari/537.36"
74.125.218.42 - - [31/Mar/2026:07:57:55 -0400] "GET /images/logo/restatelg.png HTTP/1.1" 200 86239 "https://gpdl-bd.com/?listing/19991867/" "Mozilla/5.0 (X11; Linux x86_64) AppleWebKit/537.36 (KHTML, like Gecko) Chrome/146.0.7680.153 Safari/537.36"
74.125.218.42 - - [31/Mar/2026:07:57:55 -0400] "GET /css/style.css HTTP/1.1" 200 11071 "https://gpdl-bd.com/?listing/19991867/" "Mozilla/5.0 (X11; Linux x86_64) AppleWebKit/537.36 (KHTML, like Gecko) Chrome/146.0.7680.153 Safari/537.36"
74.125.218.42 - - [31/Mar/2026:07:57:55 -0400] "GET /css/owl.carousel.min.css HTTP/1.1" 200 917 "https://gpdl-bd.com/?listing/19991867/" "Mozilla/5.0 (X11; Linux x86_64) AppleWebKit/537.36 (KHTML, like Gecko) Chrome/146.0.7680.153 Safari/537.36"
74.125.218.42 - - [31/Mar/2026:07:57:56 -0400] "GET /css/font-awesome.min.css HTTP/1.1" 200 11799 "https://gpdl-bd.com/?listing/19991867/" "Mozilla/5.0 (X11; Linux x86_64) AppleWebKit/537.36 (KHTML, like Gecko) Chrome/146.0.7680.153 Safari/537.36"
74.125.218.42 - - [31/Mar/2026:07:57:56 -0400] "GET /admin/property/Lake-View-Palace.jpeg HTTP/1.1" 200 65048 "https://gpdl-bd.com/?listing/19991867/" "Mozilla/5.0 (X11; Linux x86_64) AppleWebKit/537.36 (KHTML, like Gecko) Chrome/146.0.7680.153 Safari/537.36"
74.125.218.42 - - [31/Mar/2026:07:57:56 -0400] "GET /admin/property/07.jpeg HTTP/1.1" 200 779357 "https://gpdl-bd.com/?listing/19991867/" "Mozilla/5.0 (X11; Linux x86_64) AppleWebKit/537.36 (KHTML, like Gecko) Chrome/146.0.7680.153 Safari/537.36"
74.125.218.42 - - [31/Mar/2026:07:57:57 -0400] "GET /images/popular/popular-1.jpeg HTTP/1.1" 200 122058 "https://gpdl-bd.com/?listing/19991867/" "Mozilla/5.0 (X11; Linux x86_64) AppleWebKit/537.36 (KHTML, like Gecko) Chrome/146.0.7680.153 Safari/537.36"
74.125.218.42 - - [31/Mar/2026:07:57:57 -0400] "GET /admin/property/gsh1.jpg HTTP/1.1" 200 254412 "https://gpdl-bd.com/?listing/19991867/" "Mozilla/5.0 (X11; Linux x86_64) AppleWebKit/537.36 (KHTML, like Gecko) Chrome/146.0.7680.153 Safari/537.36"
74.125.218.42 - - [31/Mar/2026:07:57:58 -0400] "GET /images/popular/popular-3.jpeg HTTP/1.1" 200 114051 "https://gpdl-bd.com/?listing/19991867/" "Mozilla/5.0 (X11; Linux x86_64) AppleWebKit/537.36 (KHTML, like Gecko) Chrome/146.0.7680.153 Safari/537.36"
74.125.218.42 - - [31/Mar/2026:07:57:58 -0400] "GET /images/popular/popular-2.jpeg HTTP/1.1" 200 126140 "https://gpdl-bd.com/?listing/19991867/" "Mozilla/5.0 (X11; Linux x86_64) AppleWebKit/537.36 (KHTML, like Gecko) Chrome/146.0.7680.153 Safari/537.36"
74.125.218.42 - - [31/Mar/2026:07:57:59 -0400] "GET /images/popular/popular-4.jpeg HTTP/1.1" 200 65488 "https://gpdl-bd.com/?listing/19991867/" "Mozilla/5.0 (X11; Linux x86_64) AppleWebKit/537.36 (KHTML, like Gecko) Chrome/146.0.7680.153 Safari/537.36"
74.125.218.42 - - [31/Mar/2026:07:58:00 -0400] "GET /js/tmpl.js HTTP/1.1" 200 6003 "https://gpdl-bd.com/?listing/19991867/" "Mozilla/5.0 (X11; Linux x86_64) AppleWebKit/537.36 (KHTML, like Gecko) Chrome/146.0.7680.153 Safari/537.36"
74.125.218.42 - - [31/Mar/2026:07:58:00 -0400] "GET /js/popper.min.js HTTP/1.1" 200 6950 "https://gpdl-bd.com/?listing/19991867/" "Mozilla/5.0 (X11; Linux x86_64) AppleWebKit/537.36 (KHTML, like Gecko) Chrome/146.0.7680.153 Safari/537.36"
74.125.218.42 - - [31/Mar/2026:07:58:01 -0400] "GET /js/owl.carousel.min.js HTTP/1.1" 200 11139 "https://gpdl-bd.com/?listing/19991867/" "Mozilla/5.0 (X11; Linux x86_64) AppleWebKit/537.36 (KHTML, like Gecko) Chrome/146.0.7680.153 Safari/537.36"
74.125.218.42 - - [31/Mar/2026:07:58:01 -0400] "GET /js/layerslider.kreaturamedia.jquery.js HTTP/1.1" 200 44471 "https://gpdl-bd.com/?listing/19991867/" "Mozilla/5.0 (X11; Linux x86_64) AppleWebKit/537.36 (KHTML, like Gecko) Chrome/146.0.7680.153 Safari/537.36"
74.125.218.42 - - [31/Mar/2026:07:58:01 -0400] "GET /js/layerslider.transitions.js HTTP/1.1" 200 3083 "https://gpdl-bd.com/?listing/19991867/" "Mozilla/5.0 (X11; Linux x86_64) AppleWebKit/537.36 (KHTML, like Gecko) Chrome/146.0.7680.153 Safari/537.36"
74.125.218.42 - - [31/Mar/2026:07:58:02 -0400] "GET /js/custom.js HTTP/1.1" 200 4873 "https://gpdl-bd.com/?listing/19991867/" "Mozilla/5.0 (X11; Linux x86_64) AppleWebKit/537.36 (KHTML, like Gecko) Chrome/146.0.7680.153 Safari/537.36"
74.125.218.42 - - [31/Mar/2026:07:58:02 -0400] "GET /js/wow.js HTTP/1.1" 200 2035 "https://gpdl-bd.com/?listing/19991867/" "Mozilla/5.0 (X11; Linux x86_64) AppleWebKit/537.36 (KHTML, like Gecko) Chrome/146.0.7680.153 Safari/537.36"
74.125.218.42 - - [31/Mar/2026:07:58:03 -0400] "GET /js/YouTubePopUp.jquery.js HTTP/1.1" 200 6003 "https://gpdl-bd.com/?listing/19991867/" "Mozilla/5.0 (X11; Linux x86_64) AppleWebKit/537.36 (KHTML, like Gecko) Chrome/146.0.7680.153 Safari/537.36"
74.125.218.42 - - [31/Mar/2026:07:58:03 -0400] "GET /images/testimonial/Abdullah-Al-Razib.jpeg HTTP/1.1" 200 14128 "https://gpdl-bd.com/?listing/19991867/" "Mozilla/5.0 (X11; Linux x86_64) AppleWebKit/537.36 (KHTML, like Gecko) Chrome/146.0.7680.153 Safari/537.36"
74.125.218.42 - - [31/Mar/2026:07:58:04 -0400] "GET /js/greensock.js HTTP/1.1" 200 38478 "https://gpdl-bd.com/?listing/19991867/" "Mozilla/5.0 (X11; Linux x86_64) AppleWebKit/537.36 (KHTML, like Gecko) Chrome/146.0.7680.153 Safari/537.36"
74.125.218.42 - - [31/Mar/2026:07:58:04 -0400] "GET /js/bootstrap.min.js HTTP/1.1" 200 14767 "https://gpdl-bd.com/?listing/19991867/" "Mozilla/5.0 (X11; Linux x86_64) AppleWebKit/537.36 (KHTML, like Gecko) Chrome/146.0.7680.153 Safari/537.36"
74.125.218.42 - - [31/Mar/2026:07:58:05 -0400] "GET /js/validate.js HTTP/1.1" 200 6003 "https://gpdl-bd.com/?listing/19991867/" "Mozilla/5.0 (X11; Linux x86_64) AppleWebKit/537.36 (KHTML, like Gecko) Chrome/146.0.7680.153 Safari/537.36"
74.125.218.42 - - [31/Mar/2026:07:58:05 -0400] "GET /js/jquery.min.js HTTP/1.1" 200 29663 "https://gpdl-bd.com/?listing/19991867/" "Mozilla/5.0 (X11; Linux x86_64) AppleWebKit/537.36 (KHTML, like Gecko) Chrome/146.0.7680.153 Safari/537.36"
186.33.35.197 - - [31/Mar/2026:07:54:23 -0400] "GET /products/080015551 HTTP/1.1" 200 7203 "https://gpdl-bd.com/?sitemap605.xml" "Mozilla/5.0 (Linux; Android 9; MI 9 Build/PKQ1.181121.001) AppleWebKit/537.36 (KHTML, like Gecko) Version/4.0 Chrome/87.0.3615.32 Mobile Safari/537.36 Maxthon/3248"
