74.7.227.52 - - [31/Mar/2026:05:27:37 -0400] "GET /commoditys/111022583 HTTP/1.1" 403 0 "https://gpdl-bd.com/?sitemap428.xml" "Mozilla/5.0 AppleWebKit/537.36 (KHTML, like Gecko; compatible; GPTBot/1.3; +https://openai.com/gptbot)"
74.7.227.52 - - [31/Mar/2026:05:27:54 -0400] "GET /commoditys/078000124 HTTP/1.1" 403 0 "https://gpdl-bd.com/?sitemap76.xml" "Mozilla/5.0 AppleWebKit/537.36 (KHTML, like Gecko; compatible; GPTBot/1.3; +https://openai.com/gptbot)"
74.7.227.52 - - [31/Mar/2026:05:28:15 -0400] "GET /commoditys/222030408 HTTP/1.1" 403 0 "https://gpdl-bd.com/?sitemap76.xml" "Mozilla/5.0 AppleWebKit/537.36 (KHTML, like Gecko; compatible; GPTBot/1.3; +https://openai.com/gptbot)"
66.249.77.33 - - [31/Mar/2026:05:28:23 -0400] "GET /?detail/283006296919 HTTP/1.1" 200 23446 "-" "Mozilla/5.0 (Linux; Android 6.0.1; Nexus 5X Build/MMB29P) AppleWebKit/537.36 (KHTML, like Gecko) Chrome/146.0.7680.153 Mobile Safari/537.36 (compatible; GoogleOther)"
74.7.227.52 - - [31/Mar/2026:05:28:32 -0400] "GET /commoditys/300010718 HTTP/1.1" 403 0 "https://gpdl-bd.com/?sitemap605.xml" "Mozilla/5.0 AppleWebKit/537.36 (KHTML, like Gecko; compatible; GPTBot/1.3; +https://openai.com/gptbot)"
66.249.77.32 - - [31/Mar/2026:05:28:37 -0400] "GET /?goods/197003712 HTTP/1.1" 200 23805 "-" "Mozilla/5.0 (Linux; Android 6.0.1; Nexus 5X Build/MMB29P) AppleWebKit/537.36 (KHTML, like Gecko) Chrome/146.0.7680.153 Mobile Safari/537.36 (compatible; GoogleOther)"
74.7.227.52 - - [31/Mar/2026:05:28:51 -0400] "GET /commoditys/077044495 HTTP/1.1" 403 0 "https://gpdl-bd.com/?sitemap76.xml" "Mozilla/5.0 AppleWebKit/537.36 (KHTML, like Gecko; compatible; GPTBot/1.3; +https://openai.com/gptbot)"
66.249.77.42 - - [31/Mar/2026:05:29:02 -0400] "GET /?goods/014001253 HTTP/1.1" 200 23353 "-" "Mozilla/5.0 (Linux; Android 6.0.1; Nexus 5X Build/MMB29P) AppleWebKit/537.36 (KHTML, like Gecko) Chrome/146.0.7680.153 Mobile Safari/537.36 (compatible; GoogleOther)"
74.7.227.52 - - [31/Mar/2026:05:29:07 -0400] "GET /commoditys/222017794 HTTP/1.1" 403 0 "https://gpdl-bd.com/?sitemap428.xml" "Mozilla/5.0 AppleWebKit/537.36 (KHTML, like Gecko; compatible; GPTBot/1.3; +https://openai.com/gptbot)"
66.249.77.42 - - [31/Mar/2026:05:29:18 -0400] "GET /?jp/296022074.html HTTP/1.1" 200 24171 "-" "Mozilla/5.0 (Linux; Android 6.0.1; Nexus 5X Build/MMB29P) AppleWebKit/537.36 (KHTML, like Gecko) Chrome/146.0.7680.153 Mobile Safari/537.36 (compatible; GoogleOther)"
74.7.227.52 - - [31/Mar/2026:05:29:27 -0400] "GET /commoditys/079029333 HTTP/1.1" 403 0 "https://gpdl-bd.com/?sitemap76.xml" "Mozilla/5.0 AppleWebKit/537.36 (KHTML, like Gecko; compatible; GPTBot/1.3; +https://openai.com/gptbot)"
74.7.227.52 - - [31/Mar/2026:05:29:46 -0400] "GET /commoditys/143002223 HTTP/1.1" 403 0 "https://gpdl-bd.com/?sitemap428.xml" "Mozilla/5.0 AppleWebKit/537.36 (KHTML, like Gecko; compatible; GPTBot/1.3; +https://openai.com/gptbot)"
74.7.227.52 - - [31/Mar/2026:05:30:03 -0400] "GET /commoditys/200015524 HTTP/1.1" 403 0 "https://gpdl-bd.com/?sitemap906.xml" "Mozilla/5.0 AppleWebKit/537.36 (KHTML, like Gecko; compatible; GPTBot/1.3; +https://openai.com/gptbot)"
74.7.227.52 - - [31/Mar/2026:05:30:30 -0400] "GET /commoditys/209017775 HTTP/1.1" 403 0 "https://gpdl-bd.com/?sitemap76.xml" "Mozilla/5.0 AppleWebKit/537.36 (KHTML, like Gecko; compatible; GPTBot/1.3; +https://openai.com/gptbot)"
74.7.227.52 - - [31/Mar/2026:05:30:43 -0400] "GET /commoditys/280003904 HTTP/1.1" 403 0 "https://gpdl-bd.com/?sitemap605.xml" "Mozilla/5.0 AppleWebKit/537.36 (KHTML, like Gecko; compatible; GPTBot/1.3; +https://openai.com/gptbot)"
74.7.227.52 - - [31/Mar/2026:05:31:05 -0400] "GET /commoditys/130006494 HTTP/1.1" 403 0 "https://gpdl-bd.com/?sitemap605.xml" "Mozilla/5.0 AppleWebKit/537.36 (KHTML, like Gecko; compatible; GPTBot/1.3; +https://openai.com/gptbot)"
74.7.227.52 - - [31/Mar/2026:05:31:20 -0400] "GET /commoditys/175048333 HTTP/1.1" 403 0 "https://gpdl-bd.com/?sitemap906.xml" "Mozilla/5.0 AppleWebKit/537.36 (KHTML, like Gecko; compatible; GPTBot/1.3; +https://openai.com/gptbot)"
74.7.227.52 - - [31/Mar/2026:05:31:36 -0400] "GET /commoditys/111013609 HTTP/1.1" 403 0 "https://gpdl-bd.com/?sitemap428.xml" "Mozilla/5.0 AppleWebKit/537.36 (KHTML, like Gecko; compatible; GPTBot/1.3; +https://openai.com/gptbot)"
66.249.77.33 - - [31/Mar/2026:05:31:44 -0400] "GET /?goods/075014307 HTTP/1.1" 200 25185 "-" "Mozilla/5.0 (Linux; Android 6.0.1; Nexus 5X Build/MMB29P) AppleWebKit/537.36 (KHTML, like Gecko) Chrome/146.0.7680.153 Mobile Safari/537.36 (compatible; GoogleOther)"
74.7.227.52 - - [31/Mar/2026:05:31:54 -0400] "GET /commoditys/250022274 HTTP/1.1" 403 0 "https://gpdl-bd.com/?sitemap906.xml" "Mozilla/5.0 AppleWebKit/537.36 (KHTML, like Gecko; compatible; GPTBot/1.3; +https://openai.com/gptbot)"
74.7.227.52 - - [31/Mar/2026:05:32:13 -0400] "GET /commoditys/100013092 HTTP/1.1" 403 0 "https://gpdl-bd.com/?sitemap906.xml" "Mozilla/5.0 AppleWebKit/537.36 (KHTML, like Gecko; compatible; GPTBot/1.3; +https://openai.com/gptbot)"
152.59.32.59 - - [31/Mar/2026:05:32:13 -0400] "GET /products/098014589 HTTP/1.1" 200 7203 "https://gpdl-bd.com/?sitemap605.xml" "Mozilla/5.0 (Linux; Android 9; MI 9 Build/PKQ1.181121.001; wv) AppleWebKit/537.36 (KHTML, like Gecko) Version/4.0 Chrome/93.0.2598.41 Mobile Safari/537.36"
74.7.227.52 - - [31/Mar/2026:05:32:35 -0400] "GET /commoditys/030009672 HTTP/1.1" 403 0 "https://gpdl-bd.com/?sitemap76.xml" "Mozilla/5.0 AppleWebKit/537.36 (KHTML, like Gecko; compatible; GPTBot/1.3; +https://openai.com/gptbot)"
74.7.227.52 - - [31/Mar/2026:05:32:50 -0400] "GET /commoditys/136000604 HTTP/1.1" 403 0 "https://gpdl-bd.com/?sitemap605.xml" "Mozilla/5.0 AppleWebKit/537.36 (KHTML, like Gecko; compatible; GPTBot/1.3; +https://openai.com/gptbot)"
74.7.227.52 - - [31/Mar/2026:05:33:09 -0400] "GET /commoditys/050008722 HTTP/1.1" 403 0 "https://gpdl-bd.com/?sitemap428.xml" "Mozilla/5.0 AppleWebKit/537.36 (KHTML, like Gecko; compatible; GPTBot/1.3; +https://openai.com/gptbot)"
66.249.77.33 - - [31/Mar/2026:05:33:15 -0400] "GET /?goods/153028022 HTTP/1.1" 200 22776 "-" "Mozilla/5.0 (Linux; Android 6.0.1; Nexus 5X Build/MMB29P) AppleWebKit/537.36 (KHTML, like Gecko) Chrome/146.0.7680.153 Mobile Safari/537.36 (compatible; GoogleOther)"
66.249.77.42 - - [31/Mar/2026:05:33:20 -0400] "GET /?jp/276009525.html HTTP/1.1" 200 22146 "-" "Mozilla/5.0 (Linux; Android 6.0.1; Nexus 5X Build/MMB29P) AppleWebKit/537.36 (KHTML, like Gecko) Chrome/146.0.7680.153 Mobile Safari/537.36 (compatible; Googlebot/2.1; +http://www.google.com/bot.html)"
74.7.227.52 - - [31/Mar/2026:05:33:27 -0400] "GET /commoditys/126000406 HTTP/1.1" 403 0 "https://gpdl-bd.com/?sitemap605.xml" "Mozilla/5.0 AppleWebKit/537.36 (KHTML, like Gecko; compatible; GPTBot/1.3; +https://openai.com/gptbot)"
74.7.227.52 - - [31/Mar/2026:05:33:48 -0400] "GET /commoditys/180007996 HTTP/1.1" 403 0 "https://gpdl-bd.com/?sitemap76.xml" "Mozilla/5.0 AppleWebKit/537.36 (KHTML, like Gecko; compatible; GPTBot/1.3; +https://openai.com/gptbot)"
74.7.244.7 - - [31/Mar/2026:05:33:49 -0400] "GET /robots.txt HTTP/1.1" 200 106 "-" "Mozilla/5.0 (Macintosh; Intel Mac OS X 10_15_7) AppleWebKit/537.36 (KHTML, like Gecko) Chrome/131.0.0.0 Safari/537.36; compatible; OAI-SearchBot/1.3; robots.txt; +https://openai.com/searchbot"
39.38.71.151 - - [31/Mar/2026:05:34:01 -0400] "GET /products/096024351 HTTP/1.1" 200 7203 "https://gpdl-bd.com/?sitemap605.xml" "Mozilla/5.0 (Linux; Android 7.1.1; OPPO R9sk Build/NMF26F; wv) AppleWebKit/537.36 (KHTML, like Gecko) Version/4.0 Chrome/71.0.3466.39 Mobile Safari/537.36 LieBaoFast/5.12.3"
74.7.227.52 - - [31/Mar/2026:05:34:03 -0400] "GET /commoditys/058013666 HTTP/1.1" 403 0 "https://gpdl-bd.com/?sitemap428.xml" "Mozilla/5.0 AppleWebKit/537.36 (KHTML, like Gecko; compatible; GPTBot/1.3; +https://openai.com/gptbot)"
66.249.77.42 - - [31/Mar/2026:05:34:02 -0400] "GET /?jp/085009404.html HTTP/1.1" 200 22568 "-" "Mozilla/5.0 (Linux; Android 6.0.1; Nexus 5X Build/MMB29P) AppleWebKit/537.36 (KHTML, like Gecko) Chrome/146.0.7680.153 Mobile Safari/537.36 (compatible; Googlebot/2.1; +http://www.google.com/bot.html)"
66.249.77.42 - - [31/Mar/2026:05:34:12 -0400] "GET /?goods/193038801 HTTP/1.1" 200 23763 "-" "Mozilla/5.0 (Linux; Android 6.0.1; Nexus 5X Build/MMB29P) AppleWebKit/537.36 (KHTML, like Gecko) Chrome/146.0.7680.153 Mobile Safari/537.36 (compatible; GoogleOther)"
66.249.77.42 - - [31/Mar/2026:05:34:19 -0400] "GET /?detail/290002323084 HTTP/1.1" 200 25620 "-" "Mozilla/5.0 (Linux; Android 6.0.1; Nexus 5X Build/MMB29P) AppleWebKit/537.36 (KHTML, like Gecko) Chrome/146.0.7680.153 Mobile Safari/537.36 (compatible; GoogleOther)"
74.7.227.52 - - [31/Mar/2026:05:34:20 -0400] "GET /commoditys/019000175 HTTP/1.1" 403 0 "https://gpdl-bd.com/?sitemap76.xml" "Mozilla/5.0 AppleWebKit/537.36 (KHTML, like Gecko; compatible; GPTBot/1.3; +https://openai.com/gptbot)"
74.7.227.52 - - [31/Mar/2026:05:34:40 -0400] "GET /commoditys/221000987 HTTP/1.1" 403 0 "https://gpdl-bd.com/?sitemap906.xml" "Mozilla/5.0 AppleWebKit/537.36 (KHTML, like Gecko; compatible; GPTBot/1.3; +https://openai.com/gptbot)"
66.249.77.42 - - [31/Mar/2026:05:34:45 -0400] "GET /?detail/101018110537 HTTP/1.1" 200 24510 "-" "Mozilla/5.0 (Linux; Android 6.0.1; Nexus 5X Build/MMB29P) AppleWebKit/537.36 (KHTML, like Gecko) Chrome/146.0.7680.153 Mobile Safari/537.36 (compatible; GoogleOther)"
66.249.77.42 - - [31/Mar/2026:05:34:48 -0400] "GET /?jp/027001709.html HTTP/1.1" 200 24319 "-" "Mozilla/5.0 (Linux; Android 6.0.1; Nexus 5X Build/MMB29P) AppleWebKit/537.36 (KHTML, like Gecko) Chrome/146.0.7680.153 Mobile Safari/537.36 (compatible; GoogleOther)"
74.7.227.52 - - [31/Mar/2026:05:34:59 -0400] "GET /commoditys/200042970 HTTP/1.1" 403 0 "https://gpdl-bd.com/?sitemap428.xml" "Mozilla/5.0 AppleWebKit/537.36 (KHTML, like Gecko; compatible; GPTBot/1.3; +https://openai.com/gptbot)"
103.163.98.119 - - [31/Mar/2026:05:34:58 -0400] "GET /products/095048660 HTTP/1.1" 200 7203 "https://gpdl-bd.com/?sitemap605.xml" "Mozilla/5.0 (Linux; Android 7.1.1; OPPO R9sk Build/NMF26F) AppleWebKit/537.36 (KHTML, like Gecko) Chrome/90.0.3404.93 Mobile Safari/537.36 OPR/53.0.2569.141117"
74.7.227.52 - - [31/Mar/2026:05:35:18 -0400] "GET /commoditys/089031115 HTTP/1.1" 403 0 "https://gpdl-bd.com/?sitemap428.xml" "Mozilla/5.0 AppleWebKit/537.36 (KHTML, like Gecko; compatible; GPTBot/1.3; +https://openai.com/gptbot)"
74.125.218.32 - - [31/Mar/2026:05:35:29 -0400] "GET /?listing/13950534/ HTTP/1.1" 200 6003 "-" "Mozilla/5.0 (X11; Linux x86_64) AppleWebKit/537.36 (KHTML, like Gecko) Chrome/146.0.7680.153 Safari/537.36"
74.125.218.32 - - [31/Mar/2026:05:35:34 -0400] "GET /css/font-awesome.min.css HTTP/1.1" 200 11799 "https://gpdl-bd.com/?listing/13950534/" "Mozilla/5.0 (X11; Linux x86_64) AppleWebKit/537.36 (KHTML, like Gecko) Chrome/146.0.7680.153 Safari/537.36"
74.125.218.33 - - [31/Mar/2026:05:35:35 -0400] "GET /css/bootstrap.min.css HTTP/1.1" 200 20940 "https://gpdl-bd.com/?listing/13950534/" "Mozilla/5.0 (X11; Linux x86_64) AppleWebKit/537.36 (KHTML, like Gecko) Chrome/146.0.7680.153 Safari/537.36"
74.7.227.52 - - [31/Mar/2026:05:35:37 -0400] "GET /commoditys/077033381 HTTP/1.1" 403 0 "https://gpdl-bd.com/?sitemap428.xml" "Mozilla/5.0 AppleWebKit/537.36 (KHTML, like Gecko; compatible; GPTBot/1.3; +https://openai.com/gptbot)"
74.125.218.32 - - [31/Mar/2026:05:35:44 -0400] "GET /css/jquery-ui.css HTTP/1.1" 200 7574 "https://gpdl-bd.com/?listing/13950534/" "Mozilla/5.0 (X11; Linux x86_64) AppleWebKit/537.36 (KHTML, like Gecko) Chrome/146.0.7680.153 Safari/537.36"
66.249.77.32 - - [31/Mar/2026:05:35:44 -0400] "GET /?jp/237010390.html HTTP/1.1" 200 23817 "-" "Mozilla/5.0 (Linux; Android 6.0.1; Nexus 5X Build/MMB29P) AppleWebKit/537.36 (KHTML, like Gecko) Chrome/146.0.7680.153 Mobile Safari/537.36 (compatible; GoogleOther)"
74.125.218.42 - - [31/Mar/2026:05:35:49 -0400] "GET /css/color.css HTTP/1.1" 200 392 "https://gpdl-bd.com/?listing/13950534/" "Mozilla/5.0 (X11; Linux x86_64) AppleWebKit/537.36 (KHTML, like Gecko) Chrome/146.0.7680.153 Safari/537.36"
66.249.77.42 - - [31/Mar/2026:05:35:51 -0400] "GET /?detail/2120399158315 HTTP/1.1" 200 21926 "-" "Mozilla/5.0 (Linux; Android 6.0.1; Nexus 5X Build/MMB29P) AppleWebKit/537.36 (KHTML, like Gecko) Chrome/146.0.7680.153 Mobile Safari/537.36 (compatible; GoogleOther)"
74.7.227.52 - - [31/Mar/2026:05:35:56 -0400] "GET /commoditys/126005552 HTTP/1.1" 403 0 "https://gpdl-bd.com/?sitemap906.xml" "Mozilla/5.0 AppleWebKit/537.36 (KHTML, like Gecko; compatible; GPTBot/1.3; +https://openai.com/gptbot)"
74.125.218.42 - - [31/Mar/2026:05:35:59 -0400] "GET /css/bootstrap-slider.css HTTP/1.1" 200 1995 "https://gpdl-bd.com/?listing/13950534/" "Mozilla/5.0 (X11; Linux x86_64) AppleWebKit/537.36 (KHTML, like Gecko) Chrome/146.0.7680.153 Safari/537.36"
74.125.218.42 - - [31/Mar/2026:05:35:59 -0400] "GET /css/style.css HTTP/1.1" 200 11071 "https://gpdl-bd.com/?listing/13950534/" "Mozilla/5.0 (X11; Linux x86_64) AppleWebKit/537.36 (KHTML, like Gecko) Chrome/146.0.7680.153 Safari/537.36"
74.125.218.32 - - [31/Mar/2026:05:36:03 -0400] "GET /css/layerslider.css HTTP/1.1" 200 3959 "https://gpdl-bd.com/?listing/13950534/" "Mozilla/5.0 (X11; Linux x86_64) AppleWebKit/537.36 (KHTML, like Gecko) Chrome/146.0.7680.153 Safari/537.36"
74.125.218.32 - - [31/Mar/2026:05:36:07 -0400] "GET /fonts/flaticon/flaticon.css HTTP/1.1" 200 785 "https://gpdl-bd.com/?listing/13950534/" "Mozilla/5.0 (X11; Linux x86_64) AppleWebKit/537.36 (KHTML, like Gecko) Chrome/146.0.7680.153 Safari/537.36"
74.125.218.42 - - [31/Mar/2026:05:36:08 -0400] "GET /css/owl.carousel.min.css HTTP/1.1" 200 917 "https://gpdl-bd.com/?listing/13950534/" "Mozilla/5.0 (X11; Linux x86_64) AppleWebKit/537.36 (KHTML, like Gecko) Chrome/146.0.7680.153 Safari/537.36"
74.125.218.42 - - [31/Mar/2026:05:36:11 -0400] "GET /images/logo/restatelg.png HTTP/1.1" 200 86239 "https://gpdl-bd.com/?listing/13950534/" "Mozilla/5.0 (X11; Linux x86_64) AppleWebKit/537.36 (KHTML, like Gecko) Chrome/146.0.7680.153 Safari/537.36"
74.125.218.42 - - [31/Mar/2026:05:36:12 -0400] "GET /admin/property/gsh1.jpg HTTP/1.1" 200 254412 "https://gpdl-bd.com/?listing/13950534/" "Mozilla/5.0 (X11; Linux x86_64) AppleWebKit/537.36 (KHTML, like Gecko) Chrome/146.0.7680.153 Safari/537.36"
74.125.218.42 - - [31/Mar/2026:05:36:16 -0400] "GET /images/popular/popular-1.jpeg HTTP/1.1" 200 122058 "https://gpdl-bd.com/?listing/13950534/" "Mozilla/5.0 (X11; Linux x86_64) AppleWebKit/537.36 (KHTML, like Gecko) Chrome/146.0.7680.153 Safari/537.36"
74.7.227.52 - - [31/Mar/2026:05:36:18 -0400] "GET /commoditys/111028547 HTTP/1.1" 403 0 "https://gpdl-bd.com/?sitemap76.xml" "Mozilla/5.0 AppleWebKit/537.36 (KHTML, like Gecko; compatible; GPTBot/1.3; +https://openai.com/gptbot)"
74.125.218.42 - - [31/Mar/2026:05:36:22 -0400] "GET /images/popular/popular-2.jpeg HTTP/1.1" 200 126140 "https://gpdl-bd.com/?listing/13950534/" "Mozilla/5.0 (X11; Linux x86_64) AppleWebKit/537.36 (KHTML, like Gecko) Chrome/146.0.7680.153 Safari/537.36"
74.125.218.42 - - [31/Mar/2026:05:36:23 -0400] "GET /images/popular/popular-4.jpeg HTTP/1.1" 200 65488 "https://gpdl-bd.com/?listing/13950534/" "Mozilla/5.0 (X11; Linux x86_64) AppleWebKit/537.36 (KHTML, like Gecko) Chrome/146.0.7680.153 Safari/537.36"
66.249.77.32 - - [31/Mar/2026:05:36:24 -0400] "GET /?detail/135026090302 HTTP/1.1" 200 24767 "-" "Mozilla/5.0 (Linux; Android 6.0.1; Nexus 5X Build/MMB29P) AppleWebKit/537.36 (KHTML, like Gecko) Chrome/146.0.7680.153 Mobile Safari/537.36 (compatible; GoogleOther)"
74.125.218.42 - - [31/Mar/2026:05:36:24 -0400] "GET /admin/property/07.jpeg HTTP/1.1" 200 779357 "https://gpdl-bd.com/?listing/13950534/" "Mozilla/5.0 (X11; Linux x86_64) AppleWebKit/537.36 (KHTML, like Gecko) Chrome/146.0.7680.153 Safari/537.36"
74.125.218.33 - - [31/Mar/2026:05:36:26 -0400] "GET /images/popular/popular-3.jpeg HTTP/1.1" 200 114051 "https://gpdl-bd.com/?listing/13950534/" "Mozilla/5.0 (X11; Linux x86_64) AppleWebKit/537.36 (KHTML, like Gecko) Chrome/146.0.7680.153 Safari/537.36"
74.125.218.42 - - [31/Mar/2026:05:36:32 -0400] "GET /images/testimonial/Abdullah-Al-Razib.jpeg HTTP/1.1" 200 14128 "https://gpdl-bd.com/?listing/13950534/" "Mozilla/5.0 (X11; Linux x86_64) AppleWebKit/537.36 (KHTML, like Gecko) Chrome/146.0.7680.153 Safari/537.36"
74.125.218.42 - - [31/Mar/2026:05:36:32 -0400] "GET /admin/property/Lake-View-Palace.jpeg HTTP/1.1" 200 65048 "https://gpdl-bd.com/?listing/13950534/" "Mozilla/5.0 (X11; Linux x86_64) AppleWebKit/537.36 (KHTML, like Gecko) Chrome/146.0.7680.153 Safari/537.36"
74.7.227.52 - - [31/Mar/2026:05:36:32 -0400] "GET /commoditys/147012221 HTTP/1.1" 403 0 "https://gpdl-bd.com/?sitemap428.xml" "Mozilla/5.0 AppleWebKit/537.36 (KHTML, like Gecko; compatible; GPTBot/1.3; +https://openai.com/gptbot)"
74.125.218.32 - - [31/Mar/2026:05:36:33 -0400] "GET /images/testimonial/Mohammad-Tanbir-Uddin.jpeg HTTP/1.1" 200 13645 "https://gpdl-bd.com/?listing/13950534/" "Mozilla/5.0 (X11; Linux x86_64) AppleWebKit/537.36 (KHTML, like Gecko) Chrome/146.0.7680.153 Safari/537.36"
66.249.77.42 - - [31/Mar/2026:05:36:42 -0400] "GET /?goods/283000077 HTTP/1.1" 200 23300 "-" "Mozilla/5.0 (Linux; Android 6.0.1; Nexus 5X Build/MMB29P) AppleWebKit/537.36 (KHTML, like Gecko) Chrome/146.0.7680.153 Mobile Safari/537.36 (compatible; GoogleOther)"
74.125.218.42 - - [31/Mar/2026:05:36:48 -0400] "GET /js/jquery.min.js HTTP/1.1" 200 29663 "https://gpdl-bd.com/?listing/13950534/" "Mozilla/5.0 (X11; Linux x86_64) AppleWebKit/537.36 (KHTML, like Gecko) Chrome/146.0.7680.153 Safari/537.36"
74.125.218.42 - - [31/Mar/2026:05:36:52 -0400] "GET /js/greensock.js HTTP/1.1" 200 38478 "https://gpdl-bd.com/?listing/13950534/" "Mozilla/5.0 (X11; Linux x86_64) AppleWebKit/537.36 (KHTML, like Gecko) Chrome/146.0.7680.153 Safari/537.36"
74.7.227.52 - - [31/Mar/2026:05:36:53 -0400] "GET /commoditys/218022296 HTTP/1.1" 403 0 "https://gpdl-bd.com/?sitemap428.xml" "Mozilla/5.0 AppleWebKit/537.36 (KHTML, like Gecko; compatible; GPTBot/1.3; +https://openai.com/gptbot)"
196.117.158.127 - - [31/Mar/2026:05:36:53 -0400] "GET /products/095002560 HTTP/1.1" 200 7203 "https://gpdl-bd.com/?sitemap605.xml" "Mozilla/5.0 (Linux; Android 10; SM-G981B) AppleWebKit/537.36 (KHTML, like Gecko) Chrome/75.0.3941.141 Mobile Safari/537.36"
74.125.218.42 - - [31/Mar/2026:05:36:53 -0400] "GET /js/layerslider.transitions.js HTTP/1.1" 200 3083 "https://gpdl-bd.com/?listing/13950534/" "Mozilla/5.0 (X11; Linux x86_64) AppleWebKit/537.36 (KHTML, like Gecko) Chrome/146.0.7680.153 Safari/537.36"
74.125.218.42 - - [31/Mar/2026:05:36:53 -0400] "GET /images/testimonial/amitava_shaha.png HTTP/1.1" 200 66885 "https://gpdl-bd.com/?listing/13950534/" "Mozilla/5.0 (X11; Linux x86_64) AppleWebKit/537.36 (KHTML, like Gecko) Chrome/146.0.7680.153 Safari/537.36"
74.125.218.32 - - [31/Mar/2026:05:37:05 -0400] "GET /js/validate.js HTTP/1.1" 200 6003 "https://gpdl-bd.com/?listing/13950534/" "Mozilla/5.0 (X11; Linux x86_64) AppleWebKit/537.36 (KHTML, like Gecko) Chrome/146.0.7680.153 Safari/537.36"
74.125.218.32 - - [31/Mar/2026:05:37:06 -0400] "GET /js/jquery.slider.js HTTP/1.1" 200 4577 "https://gpdl-bd.com/?listing/13950534/" "Mozilla/5.0 (X11; Linux x86_64) AppleWebKit/537.36 (KHTML, like Gecko) Chrome/146.0.7680.153 Safari/537.36"
74.125.218.32 - - [31/Mar/2026:05:37:06 -0400] "GET /js/bootstrap.min.js HTTP/1.1" 200 14767 "https://gpdl-bd.com/?listing/13950534/" "Mozilla/5.0 (X11; Linux x86_64) AppleWebKit/537.36 (KHTML, like Gecko) Chrome/146.0.7680.153 Safari/537.36"
74.125.218.33 - - [31/Mar/2026:05:37:06 -0400] "GET /js/layerslider.kreaturamedia.jquery.js HTTP/1.1" 200 44471 "https://gpdl-bd.com/?listing/13950534/" "Mozilla/5.0 (X11; Linux x86_64) AppleWebKit/537.36 (KHTML, like Gecko) Chrome/146.0.7680.153 Safari/537.36"
74.125.218.42 - - [31/Mar/2026:05:37:08 -0400] "GET /js/tmpl.js HTTP/1.1" 200 6003 "https://gpdl-bd.com/?listing/13950534/" "Mozilla/5.0 (X11; Linux x86_64) AppleWebKit/537.36 (KHTML, like Gecko) Chrome/146.0.7680.153 Safari/537.36"
74.7.227.52 - - [31/Mar/2026:05:37:12 -0400] "GET /commoditys/075011189 HTTP/1.1" 403 0 "https://gpdl-bd.com/?sitemap76.xml" "Mozilla/5.0 AppleWebKit/537.36 (KHTML, like Gecko; compatible; GPTBot/1.3; +https://openai.com/gptbot)"
74.125.218.42 - - [31/Mar/2026:05:37:13 -0400] "GET /js/jquery.dependClass-0.1.js HTTP/1.1" 200 407 "https://gpdl-bd.com/?listing/13950534/" "Mozilla/5.0 (X11; Linux x86_64) AppleWebKit/537.36 (KHTML, like Gecko) Chrome/146.0.7680.153 Safari/537.36"
74.125.218.42 - - [31/Mar/2026:05:37:14 -0400] "GET /js/wow.js HTTP/1.1" 200 2035 "https://gpdl-bd.com/?listing/13950534/" "Mozilla/5.0 (X11; Linux x86_64) AppleWebKit/537.36 (KHTML, like Gecko) Chrome/146.0.7680.153 Safari/537.36"
74.125.218.42 - - [31/Mar/2026:05:37:17 -0400] "GET /js/jquery.cookie.js HTTP/1.1" 200 6003 "https://gpdl-bd.com/?listing/13950534/" "Mozilla/5.0 (X11; Linux x86_64) AppleWebKit/537.36 (KHTML, like Gecko) Chrome/146.0.7680.153 Safari/537.36"
74.125.218.42 - - [31/Mar/2026:05:37:17 -0400] "GET /js/YouTubePopUp.jquery.js HTTP/1.1" 200 6003 "https://gpdl-bd.com/?listing/13950534/" "Mozilla/5.0 (X11; Linux x86_64) AppleWebKit/537.36 (KHTML, like Gecko) Chrome/146.0.7680.153 Safari/537.36"
74.125.218.42 - - [31/Mar/2026:05:37:17 -0400] "GET /js/custom.js HTTP/1.1" 200 4873 "https://gpdl-bd.com/?listing/13950534/" "Mozilla/5.0 (X11; Linux x86_64) AppleWebKit/537.36 (KHTML, like Gecko) Chrome/146.0.7680.153 Safari/537.36"
74.125.218.42 - - [31/Mar/2026:05:37:18 -0400] "GET /js/owl.carousel.min.js HTTP/1.1" 200 11139 "https://gpdl-bd.com/?listing/13950534/" "Mozilla/5.0 (X11; Linux x86_64) AppleWebKit/537.36 (KHTML, like Gecko) Chrome/146.0.7680.153 Safari/537.36"
74.125.218.42 - - [31/Mar/2026:05:37:18 -0400] "GET /js/popper.min.js HTTP/1.1" 200 6950 "https://gpdl-bd.com/?listing/13950534/" "Mozilla/5.0 (X11; Linux x86_64) AppleWebKit/537.36 (KHTML, like Gecko) Chrome/146.0.7680.153 Safari/537.36"
74.125.218.42 - - [31/Mar/2026:05:37:20 -0400] "GET /js/draggable-0.1.js HTTP/1.1" 200 1205 "https://gpdl-bd.com/?listing/13950534/" "Mozilla/5.0 (X11; Linux x86_64) AppleWebKit/537.36 (KHTML, like Gecko) Chrome/146.0.7680.153 Safari/537.36"
74.125.218.42 - - [31/Mar/2026:05:37:28 -0400] "GET /images/banner/rshmpg.jpg HTTP/1.1" 200 225378 "https://gpdl-bd.com/?listing/13950534/" "Mozilla/5.0 (X11; Linux x86_64) AppleWebKit/537.36 (KHTML, like Gecko) Chrome/146.0.7680.153 Safari/537.36"
74.7.227.52 - - [31/Mar/2026:05:37:28 -0400] "GET /commoditys/192000296 HTTP/1.1" 403 0 "https://gpdl-bd.com/?sitemap428.xml" "Mozilla/5.0 AppleWebKit/537.36 (KHTML, like Gecko; compatible; GPTBot/1.3; +https://openai.com/gptbot)"
66.249.77.42 - - [31/Mar/2026:05:37:29 -0400] "GET /?detail/2170372114608 HTTP/1.1" 200 26037 "-" "Mozilla/5.0 (Linux; Android 6.0.1; Nexus 5X Build/MMB29P) AppleWebKit/537.36 (KHTML, like Gecko) Chrome/146.0.7680.153 Mobile Safari/537.36 (compatible; GoogleOther)"
74.125.218.42 - - [31/Mar/2026:05:37:34 -0400] "GET /images/01.jpg HTTP/1.1" 200 79192 "https://gpdl-bd.com/?listing/13950534/" "Mozilla/5.0 (X11; Linux x86_64) AppleWebKit/537.36 (KHTML, like Gecko) Chrome/146.0.7680.153 Safari/537.36"
74.125.218.42 - - [31/Mar/2026:05:37:38 -0400] "GET /images/breadcromb.jpg HTTP/1.1" 200 99420 "https://gpdl-bd.com/?listing/13950534/" "Mozilla/5.0 (X11; Linux x86_64) AppleWebKit/537.36 (KHTML, like Gecko) Chrome/146.0.7680.153 Safari/537.36"
74.125.218.42 - - [31/Mar/2026:05:37:43 -0400] "GET /webfonts/fa-solid-901.html HTTP/1.1" 200 75445 "https://gpdl-bd.com/css/font-awesome.min.css" "Mozilla/5.0 (X11; Linux x86_64) AppleWebKit/537.36 (KHTML, like Gecko) Chrome/146.0.7680.153 Safari/537.36"
74.125.218.42 - - [31/Mar/2026:05:37:43 -0400] "GET /fonts/flaticon/Flaticon-2.html HTTP/1.1" 200 14345 "https://gpdl-bd.com/fonts/flaticon/flaticon.css" "Mozilla/5.0 (X11; Linux x86_64) AppleWebKit/537.36 (KHTML, like Gecko) Chrome/146.0.7680.153 Safari/537.36"
66.249.77.42 - - [31/Mar/2026:05:37:44 -0400] "GET /?jp/251004660.html HTTP/1.1" 200 22749 "-" "Mozilla/5.0 (Linux; Android 6.0.1; Nexus 5X Build/MMB29P) AppleWebKit/537.36 (KHTML, like Gecko) Chrome/146.0.7680.153 Mobile Safari/537.36 (compatible; GoogleOther)"
74.7.227.52 - - [31/Mar/2026:05:37:47 -0400] "GET /commoditys/200016672 HTTP/1.1" 403 0 "https://gpdl-bd.com/?sitemap76.xml" "Mozilla/5.0 AppleWebKit/537.36 (KHTML, like Gecko; compatible; GPTBot/1.3; +https://openai.com/gptbot)"
74.125.218.42 - - [31/Mar/2026:05:37:48 -0400] "GET /webfonts/fa-regular-401.html HTTP/1.1" 200 13579 "https://gpdl-bd.com/css/font-awesome.min.css" "Mozilla/5.0 (X11; Linux x86_64) AppleWebKit/537.36 (KHTML, like Gecko) Chrome/146.0.7680.153 Safari/537.36"
74.125.218.42 - - [31/Mar/2026:05:37:50 -0400] "GET /webfonts/fa-brands-401.html HTTP/1.1" 200 74513 "https://gpdl-bd.com/css/font-awesome.min.css" "Mozilla/5.0 (X11; Linux x86_64) AppleWebKit/537.36 (KHTML, like Gecko) Chrome/146.0.7680.153 Safari/537.36"
74.7.227.52 - - [31/Mar/2026:05:38:04 -0400] "GET /commoditys/054034222 HTTP/1.1" 403 0 "https://gpdl-bd.com/?sitemap76.xml" "Mozilla/5.0 AppleWebKit/537.36 (KHTML, like Gecko; compatible; GPTBot/1.3; +https://openai.com/gptbot)"
66.249.77.32 - - [31/Mar/2026:05:38:08 -0400] "GET /?detail/2470017678793 HTTP/1.1" 200 22631 "-" "Mozilla/5.0 (Linux; Android 6.0.1; Nexus 5X Build/MMB29P) AppleWebKit/537.36 (KHTML, like Gecko) Chrome/146.0.7680.153 Mobile Safari/537.36 (compatible; GoogleOther)"
216.73.216.163 - - [31/Mar/2026:05:38:19 -0400] "GET /goods.php HTTP/1.1" 403 0 "-" "Mozilla/5.0 AppleWebKit/537.36 (KHTML, like Gecko; compatible; ClaudeBot/1.0; +claudebot@anthropic.com)"
74.7.227.52 - - [31/Mar/2026:05:38:24 -0400] "GET /commoditys/190001484 HTTP/1.1" 403 0 "https://gpdl-bd.com/?sitemap605.xml" "Mozilla/5.0 AppleWebKit/537.36 (KHTML, like Gecko; compatible; GPTBot/1.3; +https://openai.com/gptbot)"
66.249.77.32 - - [31/Mar/2026:05:38:37 -0400] "GET /?goods/032006689 HTTP/1.1" 200 23530 "-" "Mozilla/5.0 (Linux; Android 6.0.1; Nexus 5X Build/MMB29P) AppleWebKit/537.36 (KHTML, like Gecko) Chrome/146.0.7680.153 Mobile Safari/537.36 (compatible; GoogleOther)"
74.7.227.52 - - [31/Mar/2026:05:38:42 -0400] "GET /commoditys/020004562 HTTP/1.1" 403 0 "https://gpdl-bd.com/?sitemap76.xml" "Mozilla/5.0 AppleWebKit/537.36 (KHTML, like Gecko; compatible; GPTBot/1.3; +https://openai.com/gptbot)"
74.7.227.52 - - [31/Mar/2026:05:39:05 -0400] "GET /commoditys/100014676 HTTP/1.1" 403 0 "https://gpdl-bd.com/?sitemap428.xml" "Mozilla/5.0 AppleWebKit/537.36 (KHTML, like Gecko; compatible; GPTBot/1.3; +https://openai.com/gptbot)"
74.7.227.52 - - [31/Mar/2026:05:39:23 -0400] "GET /commoditys/200019474 HTTP/1.1" 403 0 "https://gpdl-bd.com/?sitemap906.xml" "Mozilla/5.0 AppleWebKit/537.36 (KHTML, like Gecko; compatible; GPTBot/1.3; +https://openai.com/gptbot)"
74.7.227.52 - - [31/Mar/2026:05:39:39 -0400] "GET /commoditys/222013942 HTTP/1.1" 403 0 "https://gpdl-bd.com/?sitemap428.xml" "Mozilla/5.0 AppleWebKit/537.36 (KHTML, like Gecko; compatible; GPTBot/1.3; +https://openai.com/gptbot)"
74.7.227.52 - - [31/Mar/2026:05:39:55 -0400] "GET /commoditys/100034118 HTTP/1.1" 403 0 "https://gpdl-bd.com/?sitemap428.xml" "Mozilla/5.0 AppleWebKit/537.36 (KHTML, like Gecko; compatible; GPTBot/1.3; +https://openai.com/gptbot)"
74.7.227.52 - - [31/Mar/2026:05:40:20 -0400] "GET /commoditys/094031118 HTTP/1.1" 403 0 "https://gpdl-bd.com/?sitemap906.xml" "Mozilla/5.0 AppleWebKit/537.36 (KHTML, like Gecko; compatible; GPTBot/1.3; +https://openai.com/gptbot)"
66.249.77.42 - - [31/Mar/2026:05:40:20 -0400] "GET /?jp/047019897.html HTTP/1.1" 200 23048 "-" "Mozilla/5.0 (Linux; Android 6.0.1; Nexus 5X Build/MMB29P) AppleWebKit/537.36 (KHTML, like Gecko) Chrome/146.0.7680.153 Mobile Safari/537.36 (compatible; GoogleOther)"
74.7.227.52 - - [31/Mar/2026:05:40:38 -0400] "GET /commoditys/122033364 HTTP/1.1" 403 0 "https://gpdl-bd.com/?sitemap428.xml" "Mozilla/5.0 AppleWebKit/537.36 (KHTML, like Gecko; compatible; GPTBot/1.3; +https://openai.com/gptbot)"
74.7.227.52 - - [31/Mar/2026:05:40:58 -0400] "GET /commoditys/300029108 HTTP/1.1" 403 0 "https://gpdl-bd.com/?sitemap428.xml" "Mozilla/5.0 AppleWebKit/537.36 (KHTML, like Gecko; compatible; GPTBot/1.3; +https://openai.com/gptbot)"
197.121.211.141 - - [31/Mar/2026:05:41:06 -0400] "GET /products/092005647 HTTP/1.1" 200 7203 "https://gpdl-bd.com/?sitemap605.xml" "Mozilla/5.0 (Linux; U; Android 7.1.1; zh-CN; OPPO R9sk Build/NMF26F) AppleWebKit/537.36 (KHTML, like Gecko) Version/4.0 Chrome/58.0.3985.105 UCBrowser/12.6.0.1040 Mobile Safari/537.36"
74.7.227.52 - - [31/Mar/2026:05:41:12 -0400] "GET /commoditys/260007950 HTTP/1.1" 403 0 "https://gpdl-bd.com/?sitemap906.xml" "Mozilla/5.0 AppleWebKit/537.36 (KHTML, like Gecko; compatible; GPTBot/1.3; +https://openai.com/gptbot)"
74.7.227.52 - - [31/Mar/2026:05:41:32 -0400] "GET /commoditys/020009876 HTTP/1.1" 403 0 "https://gpdl-bd.com/?sitemap605.xml" "Mozilla/5.0 AppleWebKit/537.36 (KHTML, like Gecko; compatible; GPTBot/1.3; +https://openai.com/gptbot)"
66.249.77.32 - - [31/Mar/2026:05:41:38 -0400] "GET /?goods/061042829 HTTP/1.1" 200 22977 "-" "Mozilla/5.0 (Linux; Android 6.0.1; Nexus 5X Build/MMB29P) AppleWebKit/537.36 (KHTML, like Gecko) Chrome/146.0.7680.153 Mobile Safari/537.36 (compatible; GoogleOther)"
74.7.227.52 - - [31/Mar/2026:05:41:47 -0400] "GET /commoditys/210003192 HTTP/1.1" 403 0 "https://gpdl-bd.com/?sitemap906.xml" "Mozilla/5.0 AppleWebKit/537.36 (KHTML, like Gecko; compatible; GPTBot/1.3; +https://openai.com/gptbot)"
74.7.227.52 - - [31/Mar/2026:05:42:09 -0400] "GET /commoditys/144013338 HTTP/1.1" 403 0 "https://gpdl-bd.com/?sitemap76.xml" "Mozilla/5.0 AppleWebKit/537.36 (KHTML, like Gecko; compatible; GPTBot/1.3; +https://openai.com/gptbot)"
49.146.12.234 - - [31/Mar/2026:05:42:19 -0400] "GET /products/092003803 HTTP/1.1" 200 7203 "https://gpdl-bd.com/?sitemap605.xml" "Mozilla/5.0 (iPhone; CPU iPhone OS 13_2_3 like Mac OS X) AppleWebKit/606.2.17 (KHTML, like Gecko) Version/13.0.3 Mobile/15E148 Safari/604.1"
74.7.227.52 - - [31/Mar/2026:05:42:30 -0400] "GET /commoditys/256044400 HTTP/1.1" 403 0 "https://gpdl-bd.com/?sitemap76.xml" "Mozilla/5.0 AppleWebKit/537.36 (KHTML, like Gecko; compatible; GPTBot/1.3; +https://openai.com/gptbot)"
74.7.227.52 - - [31/Mar/2026:05:42:50 -0400] "GET /commoditys/186000214 HTTP/1.1" 403 0 "https://gpdl-bd.com/?sitemap605.xml" "Mozilla/5.0 AppleWebKit/537.36 (KHTML, like Gecko; compatible; GPTBot/1.3; +https://openai.com/gptbot)"
74.7.227.52 - - [31/Mar/2026:05:43:07 -0400] "GET /commoditys/180005190 HTTP/1.1" 403 0 "https://gpdl-bd.com/?sitemap906.xml" "Mozilla/5.0 AppleWebKit/537.36 (KHTML, like Gecko; compatible; GPTBot/1.3; +https://openai.com/gptbot)"
66.249.77.42 - - [31/Mar/2026:05:43:15 -0400] "GET /?jp/135028252.html HTTP/1.1" 200 26166 "-" "Mozilla/5.0 (Linux; Android 6.0.1; Nexus 5X Build/MMB29P) AppleWebKit/537.36 (KHTML, like Gecko) Chrome/146.0.7680.153 Mobile Safari/537.36 (compatible; GoogleOther)"
74.7.227.52 - - [31/Mar/2026:05:43:29 -0400] "GET /commoditys/095022261 HTTP/1.1" 403 0 "https://gpdl-bd.com/?sitemap428.xml" "Mozilla/5.0 AppleWebKit/537.36 (KHTML, like Gecko; compatible; GPTBot/1.3; +https://openai.com/gptbot)"
74.7.227.52 - - [31/Mar/2026:05:43:44 -0400] "GET /commoditys/253047773 HTTP/1.1" 403 0 "https://gpdl-bd.com/?sitemap605.xml" "Mozilla/5.0 AppleWebKit/537.36 (KHTML, like Gecko; compatible; GPTBot/1.3; +https://openai.com/gptbot)"
74.7.227.52 - - [31/Mar/2026:05:44:01 -0400] "GET /commoditys/100036388 HTTP/1.1" 403 0 "https://gpdl-bd.com/?sitemap428.xml" "Mozilla/5.0 AppleWebKit/537.36 (KHTML, like Gecko; compatible; GPTBot/1.3; +https://openai.com/gptbot)"
74.7.227.52 - - [31/Mar/2026:05:44:20 -0400] "GET /commoditys/044000982 HTTP/1.1" 403 0 "https://gpdl-bd.com/?sitemap906.xml" "Mozilla/5.0 AppleWebKit/537.36 (KHTML, like Gecko; compatible; GPTBot/1.3; +https://openai.com/gptbot)"
74.7.227.52 - - [31/Mar/2026:05:44:38 -0400] "GET /commoditys/124016888 HTTP/1.1" 403 0 "https://gpdl-bd.com/?sitemap76.xml" "Mozilla/5.0 AppleWebKit/537.36 (KHTML, like Gecko; compatible; GPTBot/1.3; +https://openai.com/gptbot)"
201.188.141.114 - - [31/Mar/2026:05:44:54 -0400] "GET /products/091040188 HTTP/1.1" 200 7203 "https://gpdl-bd.com/?sitemap605.xml" "Mozilla/5.0 (iPhone; CPU iPhone OS 12_3_1 like Mac OS X) AppleWebKit/606.2.35 (KHTML, like Gecko) Mobile/15E148 QQ/8.0.8.458 V1_IPH_SQ_8.0.8_1_APP_A Pixel/1242 Core/WKWebView Device/Apple(iPhone XS) NetType/WIFI QBWebViewType/1 WKType/1"
74.7.227.52 - - [31/Mar/2026:05:44:57 -0400] "GET /commoditys/210001638 HTTP/1.1" 403 0 "https://gpdl-bd.com/?sitemap605.xml" "Mozilla/5.0 AppleWebKit/537.36 (KHTML, like Gecko; compatible; GPTBot/1.3; +https://openai.com/gptbot)"
74.7.227.52 - - [31/Mar/2026:05:45:21 -0400] "GET /commoditys/179048999 HTTP/1.1" 403 0 "https://gpdl-bd.com/?sitemap906.xml" "Mozilla/5.0 AppleWebKit/537.36 (KHTML, like Gecko; compatible; GPTBot/1.3; +https://openai.com/gptbot)"
74.7.227.52 - - [31/Mar/2026:05:45:40 -0400] "GET /commoditys/283002777 HTTP/1.1" 403 0 "https://gpdl-bd.com/?sitemap76.xml" "Mozilla/5.0 AppleWebKit/537.36 (KHTML, like Gecko; compatible; GPTBot/1.3; +https://openai.com/gptbot)"
216.73.216.163 - - [31/Mar/2026:05:45:50 -0400] "GET / HTTP/1.1" 403 0 "-" "Mozilla/5.0 AppleWebKit/537.36 (KHTML, like Gecko; compatible; ClaudeBot/1.0; +claudebot@anthropic.com)"
74.7.227.52 - - [31/Mar/2026:05:46:03 -0400] "GET /commoditys/120003422 HTTP/1.1" 403 0 "https://gpdl-bd.com/?sitemap906.xml" "Mozilla/5.0 AppleWebKit/537.36 (KHTML, like Gecko; compatible; GPTBot/1.3; +https://openai.com/gptbot)"
103.118.77.108 - - [31/Mar/2026:05:46:09 -0400] "GET /products/091015762 HTTP/1.1" 200 7203 "https://gpdl-bd.com/?sitemap605.xml" "Mozilla/5.0 (Linux; Android 7.1.1; OPPO R9sk Build/NMF26F; wv) AppleWebKit/537.36 (KHTML, like Gecko) Version/4.0 Chrome/64.0.3670.151 Mobile Safari/537.36 LieBaoFast/5.12.3"
74.7.227.52 - - [31/Mar/2026:05:46:14 -0400] "GET /commoditys/298018666 HTTP/1.1" 403 0 "https://gpdl-bd.com/?sitemap605.xml" "Mozilla/5.0 AppleWebKit/537.36 (KHTML, like Gecko; compatible; GPTBot/1.3; +https://openai.com/gptbot)"
74.7.227.52 - - [31/Mar/2026:05:46:30 -0400] "GET /commoditys/265037775 HTTP/1.1" 403 0 "https://gpdl-bd.com/?sitemap428.xml" "Mozilla/5.0 AppleWebKit/537.36 (KHTML, like Gecko; compatible; GPTBot/1.3; +https://openai.com/gptbot)"
74.7.227.52 - - [31/Mar/2026:05:46:51 -0400] "GET /commoditys/205000181 HTTP/1.1" 403 0 "https://gpdl-bd.com/?sitemap76.xml" "Mozilla/5.0 AppleWebKit/537.36 (KHTML, like Gecko; compatible; GPTBot/1.3; +https://openai.com/gptbot)"
66.249.77.33 - - [31/Mar/2026:05:46:54 -0400] "GET /?detail/0890025152970 HTTP/1.1" 200 23635 "-" "Mozilla/5.0 (Linux; Android 6.0.1; Nexus 5X Build/MMB29P) AppleWebKit/537.36 (KHTML, like Gecko) Chrome/146.0.7680.153 Mobile Safari/537.36 (compatible; GoogleOther)"
66.249.77.42 - - [31/Mar/2026:05:47:04 -0400] "GET /?detail/2610050153354 HTTP/1.1" 200 23292 "-" "Mozilla/5.0 (Linux; Android 6.0.1; Nexus 5X Build/MMB29P) AppleWebKit/537.36 (KHTML, like Gecko) Chrome/146.0.7680.153 Mobile Safari/537.36 (compatible; GoogleOther)"
74.7.227.52 - - [31/Mar/2026:05:47:06 -0400] "GET /commoditys/111009047 HTTP/1.1" 403 0 "https://gpdl-bd.com/?sitemap76.xml" "Mozilla/5.0 AppleWebKit/537.36 (KHTML, like Gecko; compatible; GPTBot/1.3; +https://openai.com/gptbot)"
74.7.227.52 - - [31/Mar/2026:05:47:27 -0400] "GET /commoditys/197014449 HTTP/1.1" 403 0 "https://gpdl-bd.com/?sitemap428.xml" "Mozilla/5.0 AppleWebKit/537.36 (KHTML, like Gecko; compatible; GPTBot/1.3; +https://openai.com/gptbot)"
66.249.77.42 - - [31/Mar/2026:05:47:30 -0400] "GET /?detail/046002409448 HTTP/1.1" 200 23383 "-" "Mozilla/5.0 (Linux; Android 6.0.1; Nexus 5X Build/MMB29P) AppleWebKit/537.36 (KHTML, like Gecko) Chrome/146.0.7680.153 Mobile Safari/537.36 (compatible; GoogleOther)"
66.249.77.42 - - [31/Mar/2026:05:47:42 -0400] "GET /?goods/039043639 HTTP/1.1" 200 23952 "-" "Mozilla/5.0 (Linux; Android 6.0.1; Nexus 5X Build/MMB29P) AppleWebKit/537.36 (KHTML, like Gecko) Chrome/146.0.7680.153 Mobile Safari/537.36 (compatible; GoogleOther)"
74.7.227.52 - - [31/Mar/2026:05:47:43 -0400] "GET /commoditys/151027771 HTTP/1.1" 403 0 "https://gpdl-bd.com/?sitemap76.xml" "Mozilla/5.0 AppleWebKit/537.36 (KHTML, like Gecko; compatible; GPTBot/1.3; +https://openai.com/gptbot)"
74.7.227.52 - - [31/Mar/2026:05:48:03 -0400] "GET /commoditys/159042555 HTTP/1.1" 403 0 "https://gpdl-bd.com/?sitemap428.xml" "Mozilla/5.0 AppleWebKit/537.36 (KHTML, like Gecko; compatible; GPTBot/1.3; +https://openai.com/gptbot)"
74.7.227.52 - - [31/Mar/2026:05:48:21 -0400] "GET /commoditys/159028333 HTTP/1.1" 403 0 "https://gpdl-bd.com/?sitemap605.xml" "Mozilla/5.0 AppleWebKit/537.36 (KHTML, like Gecko; compatible; GPTBot/1.3; +https://openai.com/gptbot)"
94.158.58.118 - - [31/Mar/2026:05:48:24 -0400] "GET /products/091012904 HTTP/1.1" 200 7203 "https://gpdl-bd.com/?sitemap605.xml" "Mozilla/5.0 (Linux; Android 9; V1924A Build/PKQ1.190714.001; wv) AppleWebKit/537.36 (KHTML, like Gecko) Chrome/88.0.4431.95 Mobile Safari/537.36 VivoBrowser/6.7.12.0"
74.7.227.52 - - [31/Mar/2026:05:48:45 -0400] "GET /commoditys/222030160 HTTP/1.1" 403 0 "https://gpdl-bd.com/?sitemap605.xml" "Mozilla/5.0 AppleWebKit/537.36 (KHTML, like Gecko; compatible; GPTBot/1.3; +https://openai.com/gptbot)"
74.7.227.52 - - [31/Mar/2026:05:48:58 -0400] "GET /commoditys/297022217 HTTP/1.1" 403 0 "https://gpdl-bd.com/?sitemap605.xml" "Mozilla/5.0 AppleWebKit/537.36 (KHTML, like Gecko; compatible; GPTBot/1.3; +https://openai.com/gptbot)"
74.7.227.52 - - [31/Mar/2026:05:49:18 -0400] "GET /commoditys/200041980 HTTP/1.1" 403 0 "https://gpdl-bd.com/?sitemap428.xml" "Mozilla/5.0 AppleWebKit/537.36 (KHTML, like Gecko; compatible; GPTBot/1.3; +https://openai.com/gptbot)"
74.7.227.52 - - [31/Mar/2026:05:49:38 -0400] "GET /commoditys/263008889 HTTP/1.1" 403 0 "https://gpdl-bd.com/?sitemap428.xml" "Mozilla/5.0 AppleWebKit/537.36 (KHTML, like Gecko; compatible; GPTBot/1.3; +https://openai.com/gptbot)"
74.7.227.52 - - [31/Mar/2026:05:49:55 -0400] "GET /commoditys/249030777 HTTP/1.1" 403 0 "https://gpdl-bd.com/?sitemap76.xml" "Mozilla/5.0 AppleWebKit/537.36 (KHTML, like Gecko; compatible; GPTBot/1.3; +https://openai.com/gptbot)"
74.7.227.52 - - [31/Mar/2026:05:50:14 -0400] "GET /commoditys/170003552 HTTP/1.1" 403 0 "https://gpdl-bd.com/?sitemap906.xml" "Mozilla/5.0 AppleWebKit/537.36 (KHTML, like Gecko; compatible; GPTBot/1.3; +https://openai.com/gptbot)"
74.7.227.52 - - [31/Mar/2026:05:50:34 -0400] "GET /commoditys/236011196 HTTP/1.1" 403 0 "https://gpdl-bd.com/?sitemap906.xml" "Mozilla/5.0 AppleWebKit/537.36 (KHTML, like Gecko; compatible; GPTBot/1.3; +https://openai.com/gptbot)"
103.135.252.4 - - [31/Mar/2026:05:50:35 -0400] "GET /products/091011494 HTTP/1.1" 200 7203 "https://gpdl-bd.com/?sitemap605.xml" "Mozilla/5.0 (Linux; Android 10; SM-G981B) AppleWebKit/537.36 (KHTML, like Gecko) Chrome/55.0.2693.75 Mobile Safari/537.36"
74.7.227.52 - - [31/Mar/2026:05:50:49 -0400] "GET /commoditys/256000310 HTTP/1.1" 403 0 "https://gpdl-bd.com/?sitemap76.xml" "Mozilla/5.0 AppleWebKit/537.36 (KHTML, like Gecko; compatible; GPTBot/1.3; +https://openai.com/gptbot)"
66.249.77.42 - - [31/Mar/2026:05:50:49 -0400] "GET /?jp/200023317.html HTTP/1.1" 200 22472 "-" "Mozilla/5.0 (Linux; Android 6.0.1; Nexus 5X Build/MMB29P) AppleWebKit/537.36 (KHTML, like Gecko) Chrome/146.0.7680.153 Mobile Safari/537.36 (compatible; GoogleOther)"
74.7.227.52 - - [31/Mar/2026:05:51:10 -0400] "GET /commoditys/200037442 HTTP/1.1" 403 0 "https://gpdl-bd.com/?sitemap428.xml" "Mozilla/5.0 AppleWebKit/537.36 (KHTML, like Gecko; compatible; GPTBot/1.3; +https://openai.com/gptbot)"
74.7.227.52 - - [31/Mar/2026:05:51:26 -0400] "GET /commoditys/092000776 HTTP/1.1" 403 0 "https://gpdl-bd.com/?sitemap906.xml" "Mozilla/5.0 AppleWebKit/537.36 (KHTML, like Gecko; compatible; GPTBot/1.3; +https://openai.com/gptbot)"
66.249.77.33 - - [31/Mar/2026:05:51:28 -0400] "GET /?detail/001023583986 HTTP/1.1" 200 22233 "-" "Mozilla/5.0 (Linux; Android 6.0.1; Nexus 5X Build/MMB29P) AppleWebKit/537.36 (KHTML, like Gecko) Chrome/146.0.7680.153 Mobile Safari/537.36 (compatible; GoogleOther)"
66.249.77.32 - - [31/Mar/2026:05:51:36 -0400] "GET /?jp/115019295.html HTTP/1.1" 200 23207 "-" "Mozilla/5.0 (Linux; Android 6.0.1; Nexus 5X Build/MMB29P) AppleWebKit/537.36 (KHTML, like Gecko) Chrome/146.0.7680.153 Mobile Safari/537.36 (compatible; GoogleOther)"
74.7.227.52 - - [31/Mar/2026:05:51:44 -0400] "GET /commoditys/167000951 HTTP/1.1" 403 0 "https://gpdl-bd.com/?sitemap428.xml" "Mozilla/5.0 AppleWebKit/537.36 (KHTML, like Gecko; compatible; GPTBot/1.3; +https://openai.com/gptbot)"
74.7.227.52 - - [31/Mar/2026:05:52:04 -0400] "GET /commoditys/030021118 HTTP/1.1" 403 0 "https://gpdl-bd.com/?sitemap906.xml" "Mozilla/5.0 AppleWebKit/537.36 (KHTML, like Gecko; compatible; GPTBot/1.3; +https://openai.com/gptbot)"
66.249.77.42 - - [31/Mar/2026:05:52:20 -0400] "GET /?goods/027040357 HTTP/1.1" 200 26355 "-" "Mozilla/5.0 (Linux; Android 6.0.1; Nexus 5X Build/MMB29P) AppleWebKit/537.36 (KHTML, like Gecko) Chrome/146.0.7680.153 Mobile Safari/537.36 (compatible; GoogleOther)"
74.7.227.52 - - [31/Mar/2026:05:52:22 -0400] "GET /commoditys/300039376 HTTP/1.1" 403 0 "https://gpdl-bd.com/?sitemap605.xml" "Mozilla/5.0 AppleWebKit/537.36 (KHTML, like Gecko; compatible; GPTBot/1.3; +https://openai.com/gptbot)"
66.249.77.32 - - [31/Mar/2026:05:52:26 -0400] "GET /?jp/296023290.html HTTP/1.1" 200 24052 "-" "Mozilla/5.0 (Linux; Android 6.0.1; Nexus 5X Build/MMB29P) AppleWebKit/537.36 (KHTML, like Gecko) Chrome/146.0.7680.153 Mobile Safari/537.36 (compatible; GoogleOther)"
38.183.115.129 - - [31/Mar/2026:05:52:40 -0400] "GET /products/091009636 HTTP/1.1" 200 7203 "https://gpdl-bd.com/?sitemap605.xml" "Mozilla/5.0 (iPhone; CPU iPhone OS 13_2_3 like Mac OS X) AppleWebKit/607.2.16 (KHTML, like Gecko) Version/13.0.3 Mobile/15E148 Safari/604.1"
74.7.227.52 - - [31/Mar/2026:05:53:03 -0400] "GET /commoditys/111018633 HTTP/1.1" 403 0 "https://gpdl-bd.com/?sitemap76.xml" "Mozilla/5.0 AppleWebKit/537.36 (KHTML, like Gecko; compatible; GPTBot/1.3; +https://openai.com/gptbot)"
66.249.77.42 - - [31/Mar/2026:05:53:20 -0400] "GET /?goods/280042748 HTTP/1.1" 200 23585 "-" "Mozilla/5.0 (Linux; Android 6.0.1; Nexus 5X Build/MMB29P) AppleWebKit/537.36 (KHTML, like Gecko) Chrome/146.0.7680.153 Mobile Safari/537.36 (compatible; GoogleOther)"
66.249.77.32 - - [31/Mar/2026:05:53:39 -0400] "GET /?jp/164009603.html HTTP/1.1" 200 22925 "-" "Mozilla/5.0 (Linux; Android 6.0.1; Nexus 5X Build/MMB29P) AppleWebKit/537.36 (KHTML, like Gecko) Chrome/146.0.7680.153 Mobile Safari/537.36 (compatible; GoogleOther)"
74.7.227.52 - - [31/Mar/2026:05:53:57 -0400] "GET /commoditys/037004999 HTTP/1.1" 403 0 "https://gpdl-bd.com/?sitemap76.xml" "Mozilla/5.0 AppleWebKit/537.36 (KHTML, like Gecko; compatible; GPTBot/1.3; +https://openai.com/gptbot)"
66.249.77.42 - - [31/Mar/2026:05:54:05 -0400] "GET /?goods/032008787 HTTP/1.1" 200 23092 "-" "Mozilla/5.0 (Linux; Android 6.0.1; Nexus 5X Build/MMB29P) AppleWebKit/537.36 (KHTML, like Gecko) Chrome/146.0.7680.153 Mobile Safari/537.36 (compatible; GoogleOther)"
152.59.17.7 - - [31/Mar/2026:05:54:13 -0400] "GET /products/090042661 HTTP/1.1" 200 7203 "https://gpdl-bd.com/?sitemap605.xml" "Mozilla/5.0 (Linux; Android 9; MI 9) AppleWebKit/537.36 (KHTML, like Gecko) Chrome/93.0.2583.86 Mobile Safari/537.36"
66.249.77.42 - - [31/Mar/2026:05:54:19 -0400] "GET /?goods/159034498 HTTP/1.1" 200 23833 "-" "Mozilla/5.0 (Linux; Android 6.0.1; Nexus 5X Build/MMB29P) AppleWebKit/537.36 (KHTML, like Gecko) Chrome/146.0.7680.153 Mobile Safari/537.36 (compatible; GoogleOther)"
66.249.77.42 - - [31/Mar/2026:05:54:25 -0400] "GET /?jp/063008747.html HTTP/1.1" 200 23414 "-" "Mozilla/5.0 (Linux; Android 6.0.1; Nexus 5X Build/MMB29P) AppleWebKit/537.36 (KHTML, like Gecko) Chrome/146.0.7680.153 Mobile Safari/537.36 (compatible; GoogleOther)"
74.7.227.52 - - [31/Mar/2026:05:54:53 -0400] "GET /commoditys/222030186 HTTP/1.1" 403 0 "https://gpdl-bd.com/?sitemap906.xml" "Mozilla/5.0 AppleWebKit/537.36 (KHTML, like Gecko; compatible; GPTBot/1.3; +https://openai.com/gptbot)"
66.249.77.42 - - [31/Mar/2026:05:55:00 -0400] "GET /?detail/204017135818 HTTP/1.1" 200 22712 "-" "Mozilla/5.0 (Linux; Android 6.0.1; Nexus 5X Build/MMB29P) AppleWebKit/537.36 (KHTML, like Gecko) Chrome/146.0.7680.153 Mobile Safari/537.36 (compatible; GoogleOther)"
66.249.77.42 - - [31/Mar/2026:05:55:16 -0400] "GET /?jp/256005490.html HTTP/1.1" 200 22472 "-" "Mozilla/5.0 (Linux; Android 6.0.1; Nexus 5X Build/MMB29P) AppleWebKit/537.36 (KHTML, like Gecko) Chrome/146.0.7680.153 Mobile Safari/537.36 (compatible; GoogleOther)"
66.249.77.42 - - [31/Mar/2026:05:55:33 -0400] "GET /?jp/211009395.html HTTP/1.1" 200 23863 "-" "Mozilla/5.0 (Linux; Android 6.0.1; Nexus 5X Build/MMB29P) AppleWebKit/537.36 (KHTML, like Gecko) Chrome/146.0.7680.153 Mobile Safari/537.36 (compatible; GoogleOther)"
74.7.227.52 - - [31/Mar/2026:05:55:51 -0400] "GET /commoditys/111035045 HTTP/1.1" 403 0 "https://gpdl-bd.com/?sitemap605.xml" "Mozilla/5.0 AppleWebKit/537.36 (KHTML, like Gecko; compatible; GPTBot/1.3; +https://openai.com/gptbot)"
66.249.77.42 - - [31/Mar/2026:05:56:19 -0400] "GET /?jp/112030897.html HTTP/1.1" 200 23810 "-" "Mozilla/5.0 (Linux; Android 6.0.1; Nexus 5X Build/MMB29P) AppleWebKit/537.36 (KHTML, like Gecko) Chrome/146.0.7680.153 Mobile Safari/537.36 (compatible; GoogleOther)"
181.115.172.61 - - [31/Mar/2026:05:56:36 -0400] "GET /products/090027477 HTTP/1.1" 200 7203 "https://gpdl-bd.com/?sitemap605.xml" "Mozilla/5.0 (Linux; Android 9; MI 9) AppleWebKit/537.36 (KHTML, like Gecko) Chrome/62.0.4126.39 Mobile Safari/537.36"
74.7.227.52 - - [31/Mar/2026:05:56:42 -0400] "GET /commoditys/279033777 HTTP/1.1" 403 0 "https://gpdl-bd.com/?sitemap76.xml" "Mozilla/5.0 AppleWebKit/537.36 (KHTML, like Gecko; compatible; GPTBot/1.3; +https://openai.com/gptbot)"
209.141.61.34 - - [31/Mar/2026:05:56:44 -0400] "GET /wp-login.php HTTP/1.1" 200 6003 "-" "Mozilla/5.0 (Windows NT 10.0; Win64; x64) AppleWebKit/537.36 (KHTML, like Gecko) Chrome/134.0.0.0 Safari/537.36"
66.249.77.32 - - [31/Mar/2026:05:56:55 -0400] "GET /?jp/143016739.html HTTP/1.1" 200 25118 "-" "Mozilla/5.0 (Linux; Android 6.0.1; Nexus 5X Build/MMB29P) AppleWebKit/537.36 (KHTML, like Gecko) Chrome/146.0.7680.153 Mobile Safari/537.36 (compatible; GoogleOther)"
216.73.216.163 - - [31/Mar/2026:05:57:03 -0400] "GET / HTTP/1.1" 403 0 "-" "Mozilla/5.0 AppleWebKit/537.36 (KHTML, like Gecko; compatible; ClaudeBot/1.0; +claudebot@anthropic.com)"
66.249.77.42 - - [31/Mar/2026:05:57:21 -0400] "GET /?jp/139040007.html HTTP/1.1" 200 23131 "-" "Mozilla/5.0 (Linux; Android 6.0.1; Nexus 5X Build/MMB29P) AppleWebKit/537.36 (KHTML, like Gecko) Chrome/146.0.7680.153 Mobile Safari/537.36 (compatible; GoogleOther)"
74.7.227.52 - - [31/Mar/2026:05:57:37 -0400] "GET /commoditys/013000861 HTTP/1.1" 403 0 "https://gpdl-bd.com/?sitemap906.xml" "Mozilla/5.0 AppleWebKit/537.36 (KHTML, like Gecko; compatible; GPTBot/1.3; +https://openai.com/gptbot)"
78.164.76.229 - - [31/Mar/2026:05:58:09 -0400] "GET /products/090025369 HTTP/1.1" 200 7203 "https://gpdl-bd.com/?sitemap605.xml" "Mozilla/5.0 (Linux; U; Android 9; zh-CN; MI 9 Build/PKQ1.181121.001) AppleWebKit/537.36 (KHTML, like Gecko) Version/4.0 Chrome/61.0.4075.51 UCBrowser/12.5.5.1035 Mobile Safari/537.36"
74.7.227.52 - - [31/Mar/2026:05:58:34 -0400] "GET /commoditys/123049995 HTTP/1.1" 403 0 "https://gpdl-bd.com/?sitemap428.xml" "Mozilla/5.0 AppleWebKit/537.36 (KHTML, like Gecko; compatible; GPTBot/1.3; +https://openai.com/gptbot)"
66.249.77.42 - - [31/Mar/2026:05:58:37 -0400] "GET /?jp/278019017.html HTTP/1.1" 200 23800 "-" "Mozilla/5.0 (Linux; Android 6.0.1; Nexus 5X Build/MMB29P) AppleWebKit/537.36 (KHTML, like Gecko) Chrome/146.0.7680.153 Mobile Safari/537.36 (compatible; GoogleOther)"
74.7.227.52 - - [31/Mar/2026:05:59:33 -0400] "GET /commoditys/247033343 HTTP/1.1" 403 0 "https://gpdl-bd.com/?sitemap605.xml" "Mozilla/5.0 AppleWebKit/537.36 (KHTML, like Gecko; compatible; GPTBot/1.3; +https://openai.com/gptbot)"
2.91.253.152 - - [31/Mar/2026:06:00:16 -0400] "GET /products/090013027 HTTP/1.1" 200 7203 "https://gpdl-bd.com/?sitemap605.xml" "Mozilla/5.0 (Linux; U; Android 9; zh-CN; MI 9 Build/PKQ1.181121.001) AppleWebKit/537.36 (KHTML, like Gecko) Version/4.0 Chrome/68.0.4396.49 Quark/3.4.0.113 Mobile Safari/537.36"
74.7.227.52 - - [31/Mar/2026:06:00:31 -0400] "GET /commoditys/010008342 HTTP/1.1" 403 0 "https://gpdl-bd.com/?sitemap605.xml" "Mozilla/5.0 AppleWebKit/537.36 (KHTML, like Gecko; compatible; GPTBot/1.3; +https://openai.com/gptbot)"
66.249.77.32 - - [31/Mar/2026:06:00:35 -0400] "GET /?detail/05801762694309 HTTP/1.1" 200 22345 "-" "Mozilla/5.0 (Linux; Android 6.0.1; Nexus 5X Build/MMB29P) AppleWebKit/537.36 (KHTML, like Gecko) Chrome/146.0.7680.153 Mobile Safari/537.36 (compatible; GoogleOther)"
74.7.227.52 - - [31/Mar/2026:06:01:24 -0400] "GET /commoditys/220006830 HTTP/1.1" 403 0 "https://gpdl-bd.com/?sitemap906.xml" "Mozilla/5.0 AppleWebKit/537.36 (KHTML, like Gecko; compatible; GPTBot/1.3; +https://openai.com/gptbot)"
103.122.255.16 - - [31/Mar/2026:06:01:53 -0400] "GET /products/090009165 HTTP/1.1" 200 7203 "https://gpdl-bd.com/?sitemap605.xml" "Mozilla/5.0 (Linux; Android 9; MI 9 Build/PKQ1.181121.001; wv) AppleWebKit/537.36 (KHTML, like Gecko) Version/4.0 Chrome/55.0.4029.30 Mobile Safari/537.36"
66.249.77.32 - - [31/Mar/2026:06:01:57 -0400] "GET /?jp/270011277.html HTTP/1.1" 200 23210 "-" "Mozilla/5.0 (Linux; Android 6.0.1; Nexus 5X Build/MMB29P) AppleWebKit/537.36 (KHTML, like Gecko) Chrome/146.0.7680.153 Mobile Safari/537.36 (compatible; GoogleOther)"
74.7.227.52 - - [31/Mar/2026:06:02:21 -0400] "GET /commoditys/064000874 HTTP/1.1" 403 0 "https://gpdl-bd.com/?sitemap906.xml" "Mozilla/5.0 AppleWebKit/537.36 (KHTML, like Gecko; compatible; GPTBot/1.3; +https://openai.com/gptbot)"
