66.249.77.42 - - [31/Mar/2026:06:03:09 -0400] "GET /?detail/254017395810 HTTP/1.1" 200 22986 "-" "Mozilla/5.0 (Linux; Android 6.0.1; Nexus 5X Build/MMB29P) AppleWebKit/537.36 (KHTML, like Gecko) Chrome/146.0.7680.153 Mobile Safari/537.36 (compatible; GoogleOther)"
74.7.227.52 - - [31/Mar/2026:06:03:16 -0400] "GET /commoditys/200019268 HTTP/1.1" 403 0 "https://gpdl-bd.com/?sitemap428.xml" "Mozilla/5.0 AppleWebKit/537.36 (KHTML, like Gecko; compatible; GPTBot/1.3; +https://openai.com/gptbot)"
66.249.77.42 - - [31/Mar/2026:06:03:27 -0400] "GET /?jp/250013528.html HTTP/1.1" 200 24477 "-" "Mozilla/5.0 (Linux; Android 6.0.1; Nexus 5X Build/MMB29P) AppleWebKit/537.36 (KHTML, like Gecko) Chrome/146.0.7680.153 Mobile Safari/537.36 (compatible; GoogleOther)"
88.229.20.195 - - [31/Mar/2026:06:03:32 -0400] "GET /products/090004893 HTTP/1.1" 200 7203 "https://gpdl-bd.com/?sitemap605.xml" "Mozilla/5.0 (Linux; U; Android 7.1.1; zh-cn; OPPO R9sk Build/NMF26F) AppleWebKit/537.36 (KHTML, like Gecko) Version/4.0 Chrome/57.0.3128.139 MQQBrowser/9.6 Mobile Safari/537.36"
74.7.227.52 - - [31/Mar/2026:06:04:13 -0400] "GET /commoditys/282000584 HTTP/1.1" 403 0 "https://gpdl-bd.com/?sitemap605.xml" "Mozilla/5.0 AppleWebKit/537.36 (KHTML, like Gecko; compatible; GPTBot/1.3; +https://openai.com/gptbot)"
66.249.77.42 - - [31/Mar/2026:06:05:02 -0400] "GET /?goods/164044275 HTTP/1.1" 200 23747 "-" "Mozilla/5.0 (Linux; Android 6.0.1; Nexus 5X Build/MMB29P) AppleWebKit/537.36 (KHTML, like Gecko) Chrome/146.0.7680.153 Mobile Safari/537.36 (compatible; GoogleOther)"
74.7.227.52 - - [31/Mar/2026:06:05:03 -0400] "GET /commoditys/143000369 HTTP/1.1" 403 0 "https://gpdl-bd.com/?sitemap605.xml" "Mozilla/5.0 AppleWebKit/537.36 (KHTML, like Gecko; compatible; GPTBot/1.3; +https://openai.com/gptbot)"
66.249.77.32 - - [31/Mar/2026:06:05:45 -0400] "GET /?goods/213006553 HTTP/1.1" 200 23200 "-" "Mozilla/5.0 (Linux; Android 6.0.1; Nexus 5X Build/MMB29P) AppleWebKit/537.36 (KHTML, like Gecko) Chrome/146.0.7680.153 Mobile Safari/537.36 (compatible; GoogleOther)"
74.7.227.52 - - [31/Mar/2026:06:06:02 -0400] "GET /commoditys/111046789 HTTP/1.1" 403 0 "https://gpdl-bd.com/?sitemap76.xml" "Mozilla/5.0 AppleWebKit/537.36 (KHTML, like Gecko; compatible; GPTBot/1.3; +https://openai.com/gptbot)"
176.88.191.234 - - [31/Mar/2026:06:06:11 -0400] "GET /products/089041220 HTTP/1.1" 200 7203 "https://gpdl-bd.com/?sitemap605.xml" "Mozilla/5.0 (Linux; Android 9; V1924A Build/PKQ1.190714.001; wv) AppleWebKit/537.36 (KHTML, like Gecko) Chrome/69.0.3318.136 Mobile Safari/537.36 VivoBrowser/6.7.12.0"
74.7.227.52 - - [31/Mar/2026:06:06:58 -0400] "GET /commoditys/270006642 HTTP/1.1" 403 0 "https://gpdl-bd.com/?sitemap906.xml" "Mozilla/5.0 AppleWebKit/537.36 (KHTML, like Gecko; compatible; GPTBot/1.3; +https://openai.com/gptbot)"
216.73.216.163 - - [31/Mar/2026:06:07:15 -0400] "GET / HTTP/1.1" 403 0 "-" "Mozilla/5.0 AppleWebKit/537.36 (KHTML, like Gecko; compatible; ClaudeBot/1.0; +claudebot@anthropic.com)"
66.249.77.33 - - [31/Mar/2026:06:07:35 -0400] "GET /?jp/206002215.html HTTP/1.1" 200 23446 "-" "Mozilla/5.0 (Linux; Android 6.0.1; Nexus 5X Build/MMB29P) AppleWebKit/537.36 (KHTML, like Gecko) Chrome/146.0.7680.153 Mobile Safari/537.36 (compatible; Googlebot/2.1; +http://www.google.com/bot.html)"
74.7.227.52 - - [31/Mar/2026:06:07:48 -0400] "GET /commoditys/193008777 HTTP/1.1" 403 0 "https://gpdl-bd.com/?sitemap76.xml" "Mozilla/5.0 AppleWebKit/537.36 (KHTML, like Gecko; compatible; GPTBot/1.3; +https://openai.com/gptbot)"
190.121.134.195 - - [31/Mar/2026:06:07:57 -0400] "GET /products/089034774 HTTP/1.1" 200 7203 "https://gpdl-bd.com/?sitemap605.xml" "Mozilla/5.0 (Linux; Android 8.0.0; SM-G955U Build/R16NW) AppleWebKit/537.36 (KHTML, like Gecko) Chrome/90.0.4270.121 Mobile Safari/537.36"
74.7.227.52 - - [31/Mar/2026:06:08:45 -0400] "GET /commoditys/284013222 HTTP/1.1" 403 0 "https://gpdl-bd.com/?sitemap906.xml" "Mozilla/5.0 AppleWebKit/537.36 (KHTML, like Gecko; compatible; GPTBot/1.3; +https://openai.com/gptbot)"
66.249.77.32 - - [31/Mar/2026:06:09:29 -0400] "GET /?goods/062022962 HTTP/1.1" 200 23162 "-" "Mozilla/5.0 (Linux; Android 6.0.1; Nexus 5X Build/MMB29P) AppleWebKit/537.36 (KHTML, like Gecko) Chrome/146.0.7680.153 Mobile Safari/537.36 (compatible; GoogleOther)"
74.7.227.52 - - [31/Mar/2026:06:09:37 -0400] "GET /commoditys/060002928 HTTP/1.1" 403 0 "https://gpdl-bd.com/?sitemap906.xml" "Mozilla/5.0 AppleWebKit/537.36 (KHTML, like Gecko; compatible; GPTBot/1.3; +https://openai.com/gptbot)"
20.196.201.163 - - [31/Mar/2026:06:09:43 -0400] "GET /file.php HTTP/1.1" 200 6003 "-" "Mozilla/5.0 (Windows NT 10.0; Win64; x64) AppleWebKit/537.36 (KHTML, like Gecko) Chrome/120.0.0.0 Safari/537.36"
20.196.201.163 - - [31/Mar/2026:06:09:44 -0400] "GET /gettest.php HTTP/1.1" 200 6003 "-" "Mozilla/5.0 (Windows NT 10.0; Win64; x64) AppleWebKit/537.36 (KHTML, like Gecko) Chrome/120.0.0.0 Safari/537.36"
20.196.201.163 - - [31/Mar/2026:06:09:46 -0400] "GET /gg.php HTTP/1.1" 200 6003 "-" "Mozilla/5.0 (Windows NT 10.0; Win64; x64) AppleWebKit/537.36 (KHTML, like Gecko) Chrome/120.0.0.0 Safari/537.36"
20.196.201.163 - - [31/Mar/2026:06:09:50 -0400] "GET /goods.php HTTP/1.1" 200 6003 "-" "Mozilla/5.0 (Windows NT 10.0; Win64; x64) AppleWebKit/537.36 (KHTML, like Gecko) Chrome/120.0.0.0 Safari/537.36"
20.196.201.163 - - [31/Mar/2026:06:09:52 -0400] "GET /index.php HTTP/1.1" 200 6003 "-" "Mozilla/5.0 (Windows NT 10.0; Win64; x64) AppleWebKit/537.36 (KHTML, like Gecko) Chrome/120.0.0.0 Safari/537.36"
20.196.201.163 - - [31/Mar/2026:06:09:55 -0400] "GET /info.php HTTP/1.1" 200 6003 "-" "Mozilla/5.0 (Windows NT 10.0; Win64; x64) AppleWebKit/537.36 (KHTML, like Gecko) Chrome/120.0.0.0 Safari/537.36"
20.196.201.163 - - [31/Mar/2026:06:09:56 -0400] "GET /install.php HTTP/1.1" 200 6003 "-" "Mozilla/5.0 (Windows NT 10.0; Win64; x64) AppleWebKit/537.36 (KHTML, like Gecko) Chrome/120.0.0.0 Safari/537.36"
20.196.201.163 - - [31/Mar/2026:06:09:57 -0400] "GET /item.php HTTP/1.1" 200 6003 "-" "Mozilla/5.0 (Windows NT 10.0; Win64; x64) AppleWebKit/537.36 (KHTML, like Gecko) Chrome/120.0.0.0 Safari/537.36"
20.196.201.163 - - [31/Mar/2026:06:10:00 -0400] "GET /jga.php HTTP/1.1" 200 6003 "-" "Mozilla/5.0 (Windows NT 10.0; Win64; x64) AppleWebKit/537.36 (KHTML, like Gecko) Chrome/120.0.0.0 Safari/537.36"
20.196.201.163 - - [31/Mar/2026:06:10:02 -0400] "GET /leaf.php HTTP/1.1" 200 6003 "-" "Mozilla/5.0 (Windows NT 10.0; Win64; x64) AppleWebKit/537.36 (KHTML, like Gecko) Chrome/120.0.0.0 Safari/537.36"
66.249.77.33 - - [31/Mar/2026:06:10:03 -0400] "GET /?detail/24604331712940 HTTP/1.1" 200 22746 "-" "Mozilla/5.0 (Linux; Android 6.0.1; Nexus 5X Build/MMB29P) AppleWebKit/537.36 (KHTML, like Gecko) Chrome/146.0.7680.153 Mobile Safari/537.36 (compatible; GoogleOther)"
175.139.155.33 - - [31/Mar/2026:06:10:05 -0400] "GET /products/089018282 HTTP/1.1" 200 7203 "https://gpdl-bd.com/?sitemap605.xml" "Mozilla/5.0 (Linux; U; Android 7.1.1; zh-cn; OPPO R9sk Build/NMF26F) AppleWebKit/537.36 (KHTML, like Gecko) Version/4.0 Chrome/72.0.3119.119 MQQBrowser/9.6 Mobile Safari/537.36"
20.196.201.163 - - [31/Mar/2026:06:10:05 -0400] "GET /load.php HTTP/1.1" 200 6003 "-" "Mozilla/5.0 (Windows NT 10.0; Win64; x64) AppleWebKit/537.36 (KHTML, like Gecko) Chrome/120.0.0.0 Safari/537.36"
20.196.201.163 - - [31/Mar/2026:06:10:08 -0400] "GET /lock.php HTTP/1.1" 200 6003 "-" "Mozilla/5.0 (Windows NT 10.0; Win64; x64) AppleWebKit/537.36 (KHTML, like Gecko) Chrome/120.0.0.0 Safari/537.36"
20.196.201.163 - - [31/Mar/2026:06:10:09 -0400] "GET /lock360.php HTTP/1.1" 200 6003 "-" "Mozilla/5.0 (Windows NT 10.0; Win64; x64) AppleWebKit/537.36 (KHTML, like Gecko) Chrome/120.0.0.0 Safari/537.36"
20.196.201.163 - - [31/Mar/2026:06:10:10 -0400] "GET /log.php HTTP/1.1" 200 6003 "-" "Mozilla/5.0 (Windows NT 10.0; Win64; x64) AppleWebKit/537.36 (KHTML, like Gecko) Chrome/120.0.0.0 Safari/537.36"
20.196.201.163 - - [31/Mar/2026:06:10:12 -0400] "GET /manager.php HTTP/1.1" 200 6003 "-" "Mozilla/5.0 (Windows NT 10.0; Win64; x64) AppleWebKit/537.36 (KHTML, like Gecko) Chrome/120.0.0.0 Safari/537.36"
20.196.201.163 - - [31/Mar/2026:06:10:13 -0400] "GET /meta.php HTTP/1.1" 200 6003 "-" "Mozilla/5.0 (Windows NT 10.0; Win64; x64) AppleWebKit/537.36 (KHTML, like Gecko) Chrome/120.0.0.0 Safari/537.36"
20.196.201.163 - - [31/Mar/2026:06:10:21 -0400] "GET /mini.php HTTP/1.1" 200 6003 "-" "Mozilla/5.0 (Windows NT 10.0; Win64; x64) AppleWebKit/537.36 (KHTML, like Gecko) Chrome/120.0.0.0 Safari/537.36"
20.196.201.163 - - [31/Mar/2026:06:10:27 -0400] "GET /mjq.php HTTP/1.1" 200 6003 "-" "Mozilla/5.0 (Windows NT 10.0; Win64; x64) AppleWebKit/537.36 (KHTML, like Gecko) Chrome/120.0.0.0 Safari/537.36"
20.196.201.163 - - [31/Mar/2026:06:10:30 -0400] "GET /new.php HTTP/1.1" 200 6003 "-" "Mozilla/5.0 (Windows NT 10.0; Win64; x64) AppleWebKit/537.36 (KHTML, like Gecko) Chrome/120.0.0.0 Safari/537.36"
74.7.227.52 - - [31/Mar/2026:06:10:31 -0400] "GET /commoditys/140007626 HTTP/1.1" 403 0 "https://gpdl-bd.com/?sitemap906.xml" "Mozilla/5.0 AppleWebKit/537.36 (KHTML, like Gecko; compatible; GPTBot/1.3; +https://openai.com/gptbot)"
20.196.201.163 - - [31/Mar/2026:06:10:37 -0400] "GET /onclickfuns.php HTTP/1.1" 200 6003 "-" "Mozilla/5.0 (Windows NT 10.0; Win64; x64) AppleWebKit/537.36 (KHTML, like Gecko) Chrome/120.0.0.0 Safari/537.36"
74.7.227.52 - - [31/Mar/2026:06:11:30 -0400] "GET /commoditys/222037308 HTTP/1.1" 403 0 "https://gpdl-bd.com/?sitemap906.xml" "Mozilla/5.0 AppleWebKit/537.36 (KHTML, like Gecko; compatible; GPTBot/1.3; +https://openai.com/gptbot)"
66.249.77.42 - - [31/Mar/2026:06:11:44 -0400] "GET /?jp/207011129.html HTTP/1.1" 200 23629 "-" "Mozilla/5.0 (Linux; Android 6.0.1; Nexus 5X Build/MMB29P) AppleWebKit/537.36 (KHTML, like Gecko) Chrome/146.0.7680.153 Mobile Safari/537.36 (compatible; GoogleOther)"
74.7.227.52 - - [31/Mar/2026:06:12:25 -0400] "GET /commoditys/109000125 HTTP/1.1" 403 0 "https://gpdl-bd.com/?sitemap605.xml" "Mozilla/5.0 AppleWebKit/537.36 (KHTML, like Gecko; compatible; GPTBot/1.3; +https://openai.com/gptbot)"
66.249.77.32 - - [31/Mar/2026:06:12:25 -0400] "GET /?jp/242011939.html HTTP/1.1" 200 22563 "-" "Mozilla/5.0 (Linux; Android 6.0.1; Nexus 5X Build/MMB29P) AppleWebKit/537.36 (KHTML, like Gecko) Chrome/146.0.7680.153 Mobile Safari/537.36 (compatible; GoogleOther)"
66.249.77.32 - - [31/Mar/2026:06:13:13 -0400] "GET /?detail/1570179728774 HTTP/1.1" 200 23612 "-" "Mozilla/5.0 (Linux; Android 6.0.1; Nexus 5X Build/MMB29P) AppleWebKit/537.36 (KHTML, like Gecko) Chrome/146.0.7680.153 Mobile Safari/537.36 (compatible; GoogleOther)"
74.7.227.52 - - [31/Mar/2026:06:13:20 -0400] "GET /commoditys/289000967 HTTP/1.1" 403 0 "https://gpdl-bd.com/?sitemap76.xml" "Mozilla/5.0 AppleWebKit/537.36 (KHTML, like Gecko; compatible; GPTBot/1.3; +https://openai.com/gptbot)"
74.7.227.52 - - [31/Mar/2026:06:14:17 -0400] "GET /commoditys/190004294 HTTP/1.1" 403 0 "https://gpdl-bd.com/?sitemap76.xml" "Mozilla/5.0 AppleWebKit/537.36 (KHTML, like Gecko; compatible; GPTBot/1.3; +https://openai.com/gptbot)"
66.249.77.32 - - [31/Mar/2026:06:14:32 -0400] "GET /?detail/038024575261 HTTP/1.1" 200 22830 "-" "Mozilla/5.0 (Linux; Android 6.0.1; Nexus 5X Build/MMB29P) AppleWebKit/537.36 (KHTML, like Gecko) Chrome/146.0.7680.153 Mobile Safari/537.36 (compatible; GoogleOther)"
74.7.227.52 - - [31/Mar/2026:06:15:20 -0400] "GET /commoditys/222047102 HTTP/1.1" 403 0 "https://gpdl-bd.com/?sitemap428.xml" "Mozilla/5.0 AppleWebKit/537.36 (KHTML, like Gecko; compatible; GPTBot/1.3; +https://openai.com/gptbot)"
74.7.227.52 - - [31/Mar/2026:06:16:16 -0400] "GET /commoditys/185000661 HTTP/1.1" 403 0 "https://gpdl-bd.com/?sitemap605.xml" "Mozilla/5.0 AppleWebKit/537.36 (KHTML, like Gecko; compatible; GPTBot/1.3; +https://openai.com/gptbot)"
66.249.77.32 - - [31/Mar/2026:06:16:16 -0400] "GET /?detail/1230449197653 HTTP/1.1" 200 23183 "-" "Mozilla/5.0 (Linux; Android 6.0.1; Nexus 5X Build/MMB29P) AppleWebKit/537.36 (KHTML, like Gecko) Chrome/146.0.7680.153 Mobile Safari/537.36 (compatible; GoogleOther)"
74.7.227.52 - - [31/Mar/2026:06:17:07 -0400] "GET /commoditys/024021888 HTTP/1.1" 403 0 "https://gpdl-bd.com/?sitemap428.xml" "Mozilla/5.0 AppleWebKit/537.36 (KHTML, like Gecko; compatible; GPTBot/1.3; +https://openai.com/gptbot)"
185.203.52.182 - - [31/Mar/2026:06:17:33 -0400] "GET /products/088009223 HTTP/1.1" 200 7203 "https://gpdl-bd.com/?sitemap605.xml" "Mozilla/5.0 (Linux; Android 9; MI 9 Build/PKQ1.181121.001; wv) AppleWebKit/537.36 (KHTML, like Gecko) Version/4.0 Chrome/60.0.3258.54 Mobile Safari/537.36 AWP/2.0 SogouMSE,SogouMobileBrowser/5.22.4"
66.249.77.42 - - [31/Mar/2026:06:17:34 -0400] "GET /?jp/064041846.html HTTP/1.1" 200 26801 "-" "Mozilla/5.0 (Linux; Android 6.0.1; Nexus 5X Build/MMB29P) AppleWebKit/537.36 (KHTML, like Gecko) Chrome/146.0.7680.153 Mobile Safari/537.36 (compatible; GoogleOther)"
74.7.227.52 - - [31/Mar/2026:06:18:04 -0400] "GET /commoditys/034000952 HTTP/1.1" 403 0 "https://gpdl-bd.com/?sitemap906.xml" "Mozilla/5.0 AppleWebKit/537.36 (KHTML, like Gecko; compatible; GPTBot/1.3; +https://openai.com/gptbot)"
74.7.227.52 - - [31/Mar/2026:06:18:55 -0400] "GET /commoditys/122033394 HTTP/1.1" 403 0 "https://gpdl-bd.com/?sitemap428.xml" "Mozilla/5.0 AppleWebKit/537.36 (KHTML, like Gecko; compatible; GPTBot/1.3; +https://openai.com/gptbot)"
66.249.77.33 - - [31/Mar/2026:06:19:00 -0400] "GET /?detail/02802467655372 HTTP/1.1" 200 22338 "-" "Mozilla/5.0 (Linux; Android 6.0.1; Nexus 5X Build/MMB29P) AppleWebKit/537.36 (KHTML, like Gecko) Chrome/146.0.7680.153 Mobile Safari/537.36 (compatible; GoogleOther)"
165.50.11.91 - - [31/Mar/2026:06:19:19 -0400] "GET /products/088007901 HTTP/1.1" 200 7203 "https://gpdl-bd.com/?sitemap605.xml" "Mozilla/5.0 (iPhone; CPU iPhone OS 13_3 like Mac OS X) AppleWebKit/606.2.87 (KHTML, like Gecko) Version/13.0.4 Mobile/15E148 Safari/604.1"
74.7.227.52 - - [31/Mar/2026:06:19:53 -0400] "GET /commoditys/276014440 HTTP/1.1" 403 0 "https://gpdl-bd.com/?sitemap906.xml" "Mozilla/5.0 AppleWebKit/537.36 (KHTML, like Gecko; compatible; GPTBot/1.3; +https://openai.com/gptbot)"
66.249.77.42 - - [31/Mar/2026:06:20:36 -0400] "GET /?goods/129022926 HTTP/1.1" 200 23470 "-" "Mozilla/5.0 (Linux; Android 6.0.1; Nexus 5X Build/MMB29P) AppleWebKit/537.36 (KHTML, like Gecko) Chrome/146.0.7680.153 Mobile Safari/537.36 (compatible; GoogleOther)"
74.7.227.52 - - [31/Mar/2026:06:20:47 -0400] "GET /commoditys/130001154 HTTP/1.1" 403 0 "https://gpdl-bd.com/?sitemap428.xml" "Mozilla/5.0 AppleWebKit/537.36 (KHTML, like Gecko; compatible; GPTBot/1.3; +https://openai.com/gptbot)"
181.114.194.2 - - [31/Mar/2026:06:21:33 -0400] "GET /products/088005675 HTTP/1.1" 200 7203 "https://gpdl-bd.com/?sitemap605.xml" "Mozilla/5.0 (iPhone; CPU iPhone OS 13_2_3 like Mac OS X) AppleWebKit/606.2.17 (KHTML, like Gecko) Version/13.0.3 Mobile/15E148 Safari/604.1"
74.7.227.52 - - [31/Mar/2026:06:21:44 -0400] "GET /commoditys/121042999 HTTP/1.1" 403 0 "https://gpdl-bd.com/?sitemap428.xml" "Mozilla/5.0 AppleWebKit/537.36 (KHTML, like Gecko; compatible; GPTBot/1.3; +https://openai.com/gptbot)"
66.249.77.42 - - [31/Mar/2026:06:22:06 -0400] "GET /?detail/172007197092 HTTP/1.1" 200 22483 "-" "Mozilla/5.0 (Linux; Android 6.0.1; Nexus 5X Build/MMB29P) AppleWebKit/537.36 (KHTML, like Gecko) Chrome/146.0.7680.153 Mobile Safari/537.36 (compatible; GoogleOther)"
74.7.227.52 - - [31/Mar/2026:06:22:38 -0400] "GET /commoditys/149025551 HTTP/1.1" 403 0 "https://gpdl-bd.com/?sitemap906.xml" "Mozilla/5.0 AppleWebKit/537.36 (KHTML, like Gecko; compatible; GPTBot/1.3; +https://openai.com/gptbot)"
103.202.222.82 - - [31/Mar/2026:06:23:19 -0400] "GET /products/088003675 HTTP/1.1" 200 7203 "https://gpdl-bd.com/?sitemap605.xml" "Mozilla/5.0 (Linux; U; Android 7.1.1; zh-CN; OPPO R9sk Build/NMF26F) AppleWebKit/537.36 (KHTML, like Gecko) Version/4.0 Chrome/56.0.2847.129 UCBrowser/12.6.0.1040 Mobile Safari/537.36"
74.7.227.52 - - [31/Mar/2026:06:23:34 -0400] "GET /commoditys/075022201 HTTP/1.1" 403 0 "https://gpdl-bd.com/?sitemap906.xml" "Mozilla/5.0 AppleWebKit/537.36 (KHTML, like Gecko; compatible; GPTBot/1.3; +https://openai.com/gptbot)"
66.249.77.32 - - [31/Mar/2026:06:23:37 -0400] "GET /?jp/035047959.html HTTP/1.1" 200 24233 "-" "Mozilla/5.0 (Linux; Android 6.0.1; Nexus 5X Build/MMB29P) AppleWebKit/537.36 (KHTML, like Gecko) Chrome/146.0.7680.153 Mobile Safari/537.36 (compatible; GoogleOther)"
78.190.125.50 - - [31/Mar/2026:06:24:16 -0400] "GET /products/087042692 HTTP/1.1" 200 7203 "https://gpdl-bd.com/?sitemap605.xml" "Mozilla/5.0 (Linux; Android 7.1.1; OPPO R9sk Build/NMF26F) AppleWebKit/537.36 (KHTML, like Gecko) Version/4.0 Chrome/64.0.3159.98 Mobile Safari/537.36 360 Alitephone Browser (1.5.0.90/1.0.100.1078) mso_sdk(1.0.0)"
74.7.227.52 - - [31/Mar/2026:06:24:32 -0400] "GET /commoditys/240007760 HTTP/1.1" 403 0 "https://gpdl-bd.com/?sitemap428.xml" "Mozilla/5.0 AppleWebKit/537.36 (KHTML, like Gecko; compatible; GPTBot/1.3; +https://openai.com/gptbot)"
66.249.77.32 - - [31/Mar/2026:06:25:14 -0400] "GET /?goods/071018370 HTTP/1.1" 200 22349 "-" "Mozilla/5.0 (Linux; Android 6.0.1; Nexus 5X Build/MMB29P) AppleWebKit/537.36 (KHTML, like Gecko) Chrome/146.0.7680.153 Mobile Safari/537.36 (compatible; GoogleOther)"
74.7.227.52 - - [31/Mar/2026:06:25:27 -0400] "GET /commoditys/120008332 HTTP/1.1" 403 0 "https://gpdl-bd.com/?sitemap428.xml" "Mozilla/5.0 AppleWebKit/537.36 (KHTML, like Gecko; compatible; GPTBot/1.3; +https://openai.com/gptbot)"
74.7.227.52 - - [31/Mar/2026:06:26:22 -0400] "GET /commoditys/158033374 HTTP/1.1" 403 0 "https://gpdl-bd.com/?sitemap428.xml" "Mozilla/5.0 AppleWebKit/537.36 (KHTML, like Gecko; compatible; GPTBot/1.3; +https://openai.com/gptbot)"
66.249.77.32 - - [31/Mar/2026:06:26:45 -0400] "GET /?detail/13600451231762 HTTP/1.1" 200 22317 "-" "Mozilla/5.0 (Linux; Android 6.0.1; Nexus 5X Build/MMB29P) AppleWebKit/537.36 (KHTML, like Gecko) Chrome/146.0.7680.153 Mobile Safari/537.36 (compatible; GoogleOther)"
216.244.66.234 - - [31/Mar/2026:06:26:56 -0400] "GET /robots.txt HTTP/1.1" 200 347 "-" "Mozilla/5.0 (compatible; DotBot/1.2; +https://opensiteexplorer.org/dotbot; help@moz.com)"
185.171.60.83 - - [31/Mar/2026:06:26:56 -0400] "GET /products/087031934 HTTP/1.1" 200 7203 "https://gpdl-bd.com/?sitemap605.xml" "Mozilla/5.0 (Linux; U; Android 2.3.7; zh-cn; MB200 Build/GRJ22; CyanogenMod-7) AppleWebKit/535.2 (KHTML, like Gecko) Version/4.0 Mobile Safari/533.1"
74.7.227.52 - - [31/Mar/2026:06:27:17 -0400] "GET /commoditys/240008536 HTTP/1.1" 403 0 "https://gpdl-bd.com/?sitemap906.xml" "Mozilla/5.0 AppleWebKit/537.36 (KHTML, like Gecko; compatible; GPTBot/1.3; +https://openai.com/gptbot)"
74.7.227.52 - - [31/Mar/2026:06:28:15 -0400] "GET /commoditys/215046815 HTTP/1.1" 403 0 "https://gpdl-bd.com/?sitemap906.xml" "Mozilla/5.0 AppleWebKit/537.36 (KHTML, like Gecko; compatible; GPTBot/1.3; +https://openai.com/gptbot)"
66.249.77.33 - - [31/Mar/2026:06:28:22 -0400] "GET /?jp/207014239.html HTTP/1.1" 200 23093 "-" "Mozilla/5.0 (Linux; Android 6.0.1; Nexus 5X Build/MMB29P) AppleWebKit/537.36 (KHTML, like Gecko) Chrome/146.0.7680.153 Mobile Safari/537.36 (compatible; GoogleOther)"
74.7.227.52 - - [31/Mar/2026:06:29:11 -0400] "GET /commoditys/043047639 HTTP/1.1" 403 0 "https://gpdl-bd.com/?sitemap906.xml" "Mozilla/5.0 AppleWebKit/537.36 (KHTML, like Gecko; compatible; GPTBot/1.3; +https://openai.com/gptbot)"
103.172.99.108 - - [31/Mar/2026:06:29:14 -0400] "GET /products/087026740 HTTP/1.1" 200 7203 "https://gpdl-bd.com/?sitemap605.xml" "Mozilla/5.0 (Linux; Android 7.1.1; OPPO R9sk) AppleWebKit/537.36 (KHTML, like Gecko) Chrome/89.0.3192.46 Mobile Safari/537.36 EdgA/42.0.2.3819"
66.249.77.33 - - [31/Mar/2026:06:30:01 -0400] "GET /?goods/041049564 HTTP/1.1" 200 23114 "-" "Mozilla/5.0 (Linux; Android 6.0.1; Nexus 5X Build/MMB29P) AppleWebKit/537.36 (KHTML, like Gecko) Chrome/146.0.7680.153 Mobile Safari/537.36 (compatible; GoogleOther)"
74.7.227.52 - - [31/Mar/2026:06:30:08 -0400] "GET /commoditys/137037679 HTTP/1.1" 403 0 "https://gpdl-bd.com/?sitemap428.xml" "Mozilla/5.0 AppleWebKit/537.36 (KHTML, like Gecko; compatible; GPTBot/1.3; +https://openai.com/gptbot)"
41.249.180.206 - - [31/Mar/2026:06:30:26 -0400] "GET /products/087017770 HTTP/1.1" 200 7203 "https://gpdl-bd.com/?sitemap605.xml" "Mozilla/5.0 (Linux; Android 10; SM-G981B) AppleWebKit/537.36 (KHTML, like Gecko) Chrome/53.0.2735.106 Mobile Safari/537.36"
74.7.227.52 - - [31/Mar/2026:06:31:06 -0400] "GET /commoditys/227026279 HTTP/1.1" 403 0 "https://gpdl-bd.com/?sitemap605.xml" "Mozilla/5.0 AppleWebKit/537.36 (KHTML, like Gecko; compatible; GPTBot/1.3; +https://openai.com/gptbot)"
66.249.77.33 - - [31/Mar/2026:06:31:37 -0400] "GET /?goods/160032283 HTTP/1.1" 200 23707 "-" "Mozilla/5.0 (Linux; Android 6.0.1; Nexus 5X Build/MMB29P) AppleWebKit/537.36 (KHTML, like Gecko) Chrome/146.0.7680.153 Mobile Safari/537.36 (compatible; GoogleOther)"
74.7.227.52 - - [31/Mar/2026:06:31:59 -0400] "GET /commoditys/101027015 HTTP/1.1" 403 0 "https://gpdl-bd.com/?sitemap76.xml" "Mozilla/5.0 AppleWebKit/537.36 (KHTML, like Gecko; compatible; GPTBot/1.3; +https://openai.com/gptbot)"
38.137.31.87 - - [31/Mar/2026:06:32:51 -0400] "GET /products/087010498 HTTP/1.1" 200 7203 "https://gpdl-bd.com/?sitemap605.xml" "Mozilla/5.0 (Linux; Android 9; MI 9 Build/PKQ1.181121.001; wv) AppleWebKit/537.36 (KHTML, like Gecko) Version/4.0 Chrome/78.0.4509.105 Mobile Safari/537.36 LieBaoFast/5.10.1"
74.7.227.52 - - [31/Mar/2026:06:32:52 -0400] "GET /commoditys/078041070 HTTP/1.1" 403 0 "https://gpdl-bd.com/?sitemap605.xml" "Mozilla/5.0 AppleWebKit/537.36 (KHTML, like Gecko; compatible; GPTBot/1.3; +https://openai.com/gptbot)"
66.249.77.42 - - [31/Mar/2026:06:33:07 -0400] "GET /?jp/102001875.html HTTP/1.1" 200 23854 "-" "Mozilla/5.0 (Linux; Android 6.0.1; Nexus 5X Build/MMB29P) AppleWebKit/537.36 (KHTML, like Gecko) Chrome/146.0.7680.153 Mobile Safari/537.36 (compatible; GoogleOther)"
137.184.227.205 - - [31/Mar/2026:06:33:12 -0400] "GET / HTTP/1.1" 200 7203 "-" "Mozilla/5.0 (Windows NT 10.0; Win64; x64) AppleWebKit/537.36 (KHTML, like Gecko) Chrome/131.0.0.0 Safari/537.36"
74.7.227.52 - - [31/Mar/2026:06:33:47 -0400] "GET /commoditys/268045304 HTTP/1.1" 403 0 "https://gpdl-bd.com/?sitemap76.xml" "Mozilla/5.0 AppleWebKit/537.36 (KHTML, like Gecko; compatible; GPTBot/1.3; +https://openai.com/gptbot)"
191.253.124.183 - - [31/Mar/2026:06:34:02 -0400] "GET /products/087009862 HTTP/1.1" 200 7203 "https://gpdl-bd.com/?sitemap605.xml" "Mozilla/5.0 (Linux; Android 7.1.1; OPPO R9sk Build/NMF26F; wv) AppleWebKit/537.36 (KHTML, like Gecko) Version/4.0 Chrome/55.0.3768.144 Mobile Safari/537.36 AWP/2.0 SogouMSE,SogouMobileBrowser/5.22.8"
74.7.227.52 - - [31/Mar/2026:06:34:45 -0400] "GET /commoditys/042015742 HTTP/1.1" 403 0 "https://gpdl-bd.com/?sitemap605.xml" "Mozilla/5.0 AppleWebKit/537.36 (KHTML, like Gecko; compatible; GPTBot/1.3; +https://openai.com/gptbot)"
66.249.77.33 - - [31/Mar/2026:06:34:52 -0400] "GET /?jp/213021327.html HTTP/1.1" 200 24117 "-" "Mozilla/5.0 (Linux; Android 6.0.1; Nexus 5X Build/MMB29P) AppleWebKit/537.36 (KHTML, like Gecko) Chrome/146.0.7680.153 Mobile Safari/537.36 (compatible; GoogleOther)"
74.7.227.52 - - [31/Mar/2026:06:35:40 -0400] "GET /commoditys/045029929 HTTP/1.1" 403 0 "https://gpdl-bd.com/?sitemap76.xml" "Mozilla/5.0 AppleWebKit/537.36 (KHTML, like Gecko; compatible; GPTBot/1.3; +https://openai.com/gptbot)"
186.148.182.101 - - [31/Mar/2026:06:36:20 -0400] "GET /products/086030391 HTTP/1.1" 200 7203 "https://gpdl-bd.com/?sitemap605.xml" "Mozilla/5.0 (Linux; Android 9; COL-AL10 Build/HUAWEICOL-AL10; wv) AppleWebKit/537.36 (KHTML, like Gecko) Version/4.0 Chrome/61.0.3600.96 MQQBrowser/6.2 TBS/044607 Mobile Safari/537.36 MMWEBID/7140 MicroMessenger/7.0.4.1420(0x27000437) Process/tools NetType/4G Language/zh_CN"
74.7.227.52 - - [31/Mar/2026:06:36:39 -0400] "GET /commoditys/240024390 HTTP/1.1" 403 0 "https://gpdl-bd.com/?sitemap605.xml" "Mozilla/5.0 AppleWebKit/537.36 (KHTML, like Gecko; compatible; GPTBot/1.3; +https://openai.com/gptbot)"
66.249.77.33 - - [31/Mar/2026:06:36:39 -0400] "GET /?detail/19000146015440 HTTP/1.1" 200 22867 "-" "Mozilla/5.0 (Linux; Android 6.0.1; Nexus 5X Build/MMB29P) AppleWebKit/537.36 (KHTML, like Gecko) Chrome/146.0.7680.153 Mobile Safari/537.36 (compatible; GoogleOther)"
74.7.227.52 - - [31/Mar/2026:06:37:29 -0400] "GET /commoditys/192044904 HTTP/1.1" 403 0 "https://gpdl-bd.com/?sitemap605.xml" "Mozilla/5.0 AppleWebKit/537.36 (KHTML, like Gecko; compatible; GPTBot/1.3; +https://openai.com/gptbot)"
190.2.96.159 - - [31/Mar/2026:06:37:34 -0400] "GET /products/086026039 HTTP/1.1" 200 7203 "https://gpdl-bd.com/?sitemap605.xml" "Mozilla/5.0 (Linux; Android 7.1.1; OPPO R9sk Build/NMF26F; wv) AppleWebKit/537.36 (KHTML, like Gecko) Version/4.0 Chrome/89.0.4412.158 Mobile Safari/537.36 AWP/2.0 SogouMSE,SogouMobileBrowser/5.22.8"
66.249.77.32 - - [31/Mar/2026:06:38:23 -0400] "GET /?goods/063007794 HTTP/1.1" 200 23290 "-" "Mozilla/5.0 (Linux; Android 6.0.1; Nexus 5X Build/MMB29P) AppleWebKit/537.36 (KHTML, like Gecko) Chrome/146.0.7680.153 Mobile Safari/537.36 (compatible; GoogleOther)"
74.7.227.52 - - [31/Mar/2026:06:38:26 -0400] "GET /commoditys/091005609 HTTP/1.1" 403 0 "https://gpdl-bd.com/?sitemap906.xml" "Mozilla/5.0 AppleWebKit/537.36 (KHTML, like Gecko; compatible; GPTBot/1.3; +https://openai.com/gptbot)"
74.7.227.52 - - [31/Mar/2026:06:39:22 -0400] "GET /commoditys/189031185 HTTP/1.1" 403 0 "https://gpdl-bd.com/?sitemap428.xml" "Mozilla/5.0 AppleWebKit/537.36 (KHTML, like Gecko; compatible; GPTBot/1.3; +https://openai.com/gptbot)"
66.249.77.33 - - [31/Mar/2026:06:39:22 -0400] "GET /?jp/238020525.html HTTP/1.1" 200 23068 "-" "Mozilla/5.0 (Linux; Android 6.0.1; Nexus 5X Build/MMB29P) AppleWebKit/537.36 (KHTML, like Gecko) Chrome/146.0.7680.153 Mobile Safari/537.36 (compatible; GoogleOther)"
102.66.151.172 - - [31/Mar/2026:06:39:49 -0400] "GET /products/086018695 HTTP/1.1" 200 7203 "https://gpdl-bd.com/?sitemap605.xml" "Mozilla/5.0 (Linux; U; Android 9; zh-CN; MI 9 Build/PKQ1.181121.001) AppleWebKit/537.36 (KHTML, like Gecko) Version/4.0 Chrome/65.0.3590.141 Quark/3.4.0.113 Mobile Safari/537.36"
74.7.227.52 - - [31/Mar/2026:06:40:19 -0400] "GET /commoditys/135041411 HTTP/1.1" 403 0 "https://gpdl-bd.com/?sitemap428.xml" "Mozilla/5.0 AppleWebKit/537.36 (KHTML, like Gecko; compatible; GPTBot/1.3; +https://openai.com/gptbot)"
66.249.77.32 - - [31/Mar/2026:06:40:50 -0400] "GET /?goods/293012309 HTTP/1.1" 200 22581 "-" "Mozilla/5.0 (Linux; Android 6.0.1; Nexus 5X Build/MMB29P) AppleWebKit/537.36 (KHTML, like Gecko) Chrome/146.0.7680.153 Mobile Safari/537.36 (compatible; GoogleOther)"
74.7.227.52 - - [31/Mar/2026:06:41:09 -0400] "GET /commoditys/025002979 HTTP/1.1" 403 0 "https://gpdl-bd.com/?sitemap76.xml" "Mozilla/5.0 AppleWebKit/537.36 (KHTML, like Gecko; compatible; GPTBot/1.3; +https://openai.com/gptbot)"
45.186.25.114 - - [31/Mar/2026:06:41:55 -0400] "GET /products/086008421 HTTP/1.1" 200 7203 "https://gpdl-bd.com/?sitemap605.xml" "Mozilla/5.0 (Linux; Android 7.1.1; OPPO R9sk) AppleWebKit/537.36 (KHTML, like Gecko) Chrome/59.0.3186.137 Mobile Safari/537.36"
74.7.227.52 - - [31/Mar/2026:06:42:04 -0400] "GET /commoditys/263030893 HTTP/1.1" 403 0 "https://gpdl-bd.com/?sitemap428.xml" "Mozilla/5.0 AppleWebKit/537.36 (KHTML, like Gecko; compatible; GPTBot/1.3; +https://openai.com/gptbot)"
66.249.77.42 - - [31/Mar/2026:06:42:22 -0400] "GET /?jp/180019986.html HTTP/1.1" 200 24169 "-" "Mozilla/5.0 (Linux; Android 6.0.1; Nexus 5X Build/MMB29P) AppleWebKit/537.36 (KHTML, like Gecko) Chrome/146.0.7680.153 Mobile Safari/537.36 (compatible; GoogleOther)"
74.7.227.52 - - [31/Mar/2026:06:43:02 -0400] "GET /commoditys/205005695 HTTP/1.1" 403 0 "https://gpdl-bd.com/?sitemap76.xml" "Mozilla/5.0 AppleWebKit/537.36 (KHTML, like Gecko; compatible; GPTBot/1.3; +https://openai.com/gptbot)"
170.238.22.98 - - [31/Mar/2026:06:43:37 -0400] "GET /products/086001773 HTTP/1.1" 200 33 "https://gpdl-bd.com/?sitemap605.xml" "Mozilla/5.0 (Linux; Android 7.1.1; OPPO R9sk Build/NMF26F; wv) AppleWebKit/537.36 (KHTML, like Gecko) Version/4.0 Chrome/85.0.3596.91 Mobile Safari/537.36 T7/9.1 baidubrowser/7.19.13.0 (Baidu; P1 7.1.1)"
66.249.77.32 - - [31/Mar/2026:06:43:56 -0400] "GET /?goods/039011928 HTTP/1.1" 200 23252 "-" "Mozilla/5.0 (Linux; Android 6.0.1; Nexus 5X Build/MMB29P) AppleWebKit/537.36 (KHTML, like Gecko) Chrome/146.0.7680.153 Mobile Safari/537.36 (compatible; GoogleOther)"
74.7.227.52 - - [31/Mar/2026:06:43:57 -0400] "GET /commoditys/001012731 HTTP/1.1" 403 0 "https://gpdl-bd.com/?sitemap605.xml" "Mozilla/5.0 AppleWebKit/537.36 (KHTML, like Gecko; compatible; GPTBot/1.3; +https://openai.com/gptbot)"
74.7.227.52 - - [31/Mar/2026:06:44:55 -0400] "GET /commoditys/185048579 HTTP/1.1" 403 0 "https://gpdl-bd.com/?sitemap76.xml" "Mozilla/5.0 AppleWebKit/537.36 (KHTML, like Gecko; compatible; GPTBot/1.3; +https://openai.com/gptbot)"
66.249.77.42 - - [31/Mar/2026:06:45:32 -0400] "GET /?jp/175024926.html HTTP/1.1" 200 24009 "-" "Mozilla/5.0 (Linux; Android 6.0.1; Nexus 5X Build/MMB29P) AppleWebKit/537.36 (KHTML, like Gecko) Chrome/146.0.7680.153 Mobile Safari/537.36 (compatible; GoogleOther)"
74.7.227.52 - - [31/Mar/2026:06:45:50 -0400] "GET /commoditys/036003876 HTTP/1.1" 403 0 "https://gpdl-bd.com/?sitemap76.xml" "Mozilla/5.0 AppleWebKit/537.36 (KHTML, like Gecko; compatible; GPTBot/1.3; +https://openai.com/gptbot)"
85.108.197.66 - - [31/Mar/2026:06:45:58 -0400] "GET /products/085045900 HTTP/1.1" 200 7203 "https://gpdl-bd.com/?sitemap605.xml" "Mozilla/5.0 (Linux; Android 7.1.1; OPPO R9sk) AppleWebKit/537.36 (KHTML, like Gecko) Chrome/87.0.4103.111 Mobile Safari/537.36"
74.7.227.52 - - [31/Mar/2026:06:46:44 -0400] "GET /commoditys/162033232 HTTP/1.1" 403 0 "https://gpdl-bd.com/?sitemap906.xml" "Mozilla/5.0 AppleWebKit/537.36 (KHTML, like Gecko; compatible; GPTBot/1.3; +https://openai.com/gptbot)"
103.99.135.220 - - [31/Mar/2026:06:47:01 -0400] "GET /products/085042946 HTTP/1.1" 200 7203 "https://gpdl-bd.com/?sitemap605.xml" "Mozilla/5.0 (Linux; Android 9; MI 9 Build/PKQ1.181121.001; wv) AppleWebKit/537.36 (KHTML, like Gecko) Version/4.0 Chrome/93.0.3046.32 Mobile Safari/537.36 AWP/2.0 SogouMSE,SogouMobileBrowser/5.22.4"
66.249.77.32 - - [31/Mar/2026:06:47:05 -0400] "GET /?jp/176014826.html HTTP/1.1" 200 24118 "-" "Mozilla/5.0 (Linux; Android 6.0.1; Nexus 5X Build/MMB29P) AppleWebKit/537.36 (KHTML, like Gecko) Chrome/146.0.7680.153 Mobile Safari/537.36 (compatible; GoogleOther)"
74.7.227.52 - - [31/Mar/2026:06:47:38 -0400] "GET /commoditys/158025180 HTTP/1.1" 403 0 "https://gpdl-bd.com/?sitemap76.xml" "Mozilla/5.0 AppleWebKit/537.36 (KHTML, like Gecko; compatible; GPTBot/1.3; +https://openai.com/gptbot)"
74.7.227.52 - - [31/Mar/2026:06:48:33 -0400] "GET /commoditys/025029953 HTTP/1.1" 403 0 "https://gpdl-bd.com/?sitemap605.xml" "Mozilla/5.0 AppleWebKit/537.36 (KHTML, like Gecko; compatible; GPTBot/1.3; +https://openai.com/gptbot)"
66.249.77.33 - - [31/Mar/2026:06:48:38 -0400] "GET /?jp/209009511.html HTTP/1.1" 200 25404 "-" "Mozilla/5.0 (Linux; Android 6.0.1; Nexus 5X Build/MMB29P) AppleWebKit/537.36 (KHTML, like Gecko) Chrome/146.0.7680.153 Mobile Safari/537.36 (compatible; GoogleOther)"
49.43.109.48 - - [31/Mar/2026:06:49:09 -0400] "GET /products/085019406 HTTP/1.1" 200 7203 "https://gpdl-bd.com/?sitemap605.xml" "Mozilla/5.0 (Linux; U; Android 7.1.1; zh-cn; OPPO R9sk Build/NMF26F) AppleWebKit/537.36 (KHTML, like Gecko) Version/4.0 Chrome/88.0.3685.36 Mobile Safari/537.36 OppoBrowser/10.5.1.2"
74.7.227.52 - - [31/Mar/2026:06:49:30 -0400] "GET /commoditys/029038003 HTTP/1.1" 403 0 "https://gpdl-bd.com/?sitemap76.xml" "Mozilla/5.0 AppleWebKit/537.36 (KHTML, like Gecko; compatible; GPTBot/1.3; +https://openai.com/gptbot)"
66.249.77.42 - - [31/Mar/2026:06:50:23 -0400] "GET /?jp/026043529.html HTTP/1.1" 200 24026 "-" "Mozilla/5.0 (Linux; Android 6.0.1; Nexus 5X Build/MMB29P) AppleWebKit/537.36 (KHTML, like Gecko) Chrome/146.0.7680.153 Mobile Safari/537.36 (compatible; GoogleOther)"
74.7.227.52 - - [31/Mar/2026:06:50:35 -0400] "GET /commoditys/231006001 HTTP/1.1" 403 0 "https://gpdl-bd.com/?sitemap605.xml" "Mozilla/5.0 AppleWebKit/537.36 (KHTML, like Gecko; compatible; GPTBot/1.3; +https://openai.com/gptbot)"
74.7.227.52 - - [31/Mar/2026:06:51:24 -0400] "GET /commoditys/155002503 HTTP/1.1" 403 0 "https://gpdl-bd.com/?sitemap605.xml" "Mozilla/5.0 AppleWebKit/537.36 (KHTML, like Gecko; compatible; GPTBot/1.3; +https://openai.com/gptbot)"
189.18.109.120 - - [31/Mar/2026:06:51:40 -0400] "GET /products/085018600 HTTP/1.1" 200 7203 "https://gpdl-bd.com/?sitemap605.xml" "Mozilla/5.0 (Linux; Android 7.1.1; OPPO R9sk Build/NMF26F) AppleWebKit/537.36 (KHTML, like Gecko) Version/4.0 Chrome/78.0.3630.86 Mobile Safari/537.36 360 Alitephone Browser (1.5.0.90/1.0.100.1078) mso_sdk(1.0.0)"
66.249.77.42 - - [31/Mar/2026:06:51:46 -0400] "GET /?goods/282024968 HTTP/1.1" 200 24453 "-" "Mozilla/5.0 (Linux; Android 6.0.1; Nexus 5X Build/MMB29P) AppleWebKit/537.36 (KHTML, like Gecko) Chrome/146.0.7680.153 Mobile Safari/537.36 (compatible; GoogleOther)"
74.7.227.52 - - [31/Mar/2026:06:52:21 -0400] "GET /commoditys/193019229 HTTP/1.1" 403 0 "https://gpdl-bd.com/?sitemap605.xml" "Mozilla/5.0 AppleWebKit/537.36 (KHTML, like Gecko; compatible; GPTBot/1.3; +https://openai.com/gptbot)"
74.7.227.52 - - [31/Mar/2026:06:53:17 -0400] "GET /commoditys/035033931 HTTP/1.1" 403 0 "https://gpdl-bd.com/?sitemap906.xml" "Mozilla/5.0 AppleWebKit/537.36 (KHTML, like Gecko; compatible; GPTBot/1.3; +https://openai.com/gptbot)"
66.249.65.105 - - [31/Mar/2026:06:53:20 -0400] "GET /?goods/032023005 HTTP/1.1" 200 24436 "-" "Mozilla/5.0 (Linux; Android 6.0.1; Nexus 5X Build/MMB29P) AppleWebKit/537.36 (KHTML, like Gecko) Chrome/146.0.7680.153 Mobile Safari/537.36 (compatible; GoogleOther)"
94.54.237.59 - - [31/Mar/2026:06:53:54 -0400] "GET /products/085017332 HTTP/1.1" 200 7203 "https://gpdl-bd.com/?sitemap605.xml" "Mozilla/5.0 (Linux; U; Android 7.1.1; zh-cn; OPPO R9sk Build/NMF26F) AppleWebKit/537.36 (KHTML, like Gecko) Version/4.0 Chrome/74.0.3403.127 Mobile Safari/537.36 OppoBrowser/10.5.1.2"
74.7.227.52 - - [31/Mar/2026:06:54:14 -0400] "GET /commoditys/018039518 HTTP/1.1" 403 0 "https://gpdl-bd.com/?sitemap605.xml" "Mozilla/5.0 AppleWebKit/537.36 (KHTML, like Gecko; compatible; GPTBot/1.3; +https://openai.com/gptbot)"
66.249.77.42 - - [31/Mar/2026:06:54:59 -0400] "GET /?goods/125026569 HTTP/1.1" 200 22424 "-" "Mozilla/5.0 (Linux; Android 6.0.1; Nexus 5X Build/MMB29P) AppleWebKit/537.36 (KHTML, like Gecko) Chrome/146.0.7680.153 Mobile Safari/537.36 (compatible; GoogleOther)"
190.153.105.132 - - [31/Mar/2026:06:54:59 -0400] "GET /products/085011962 HTTP/1.1" 200 7203 "https://gpdl-bd.com/?sitemap605.xml" "Mozilla/5.0 (Linux; Android 11; Pixel 5) AppleWebKit/537.36 (KHTML, like Gecko) Chrome/72.0.3429.61 Mobile Safari/537.36"
74.7.227.52 - - [31/Mar/2026:06:55:13 -0400] "GET /commoditys/064009106 HTTP/1.1" 403 0 "https://gpdl-bd.com/?sitemap428.xml" "Mozilla/5.0 AppleWebKit/537.36 (KHTML, like Gecko; compatible; GPTBot/1.3; +https://openai.com/gptbot)"
66.249.77.42 - - [31/Mar/2026:06:55:14 -0400] "GET /?detail/0010096110832 HTTP/1.1" 200 24013 "-" "Mozilla/5.0 (Linux; Android 6.0.1; Nexus 5X Build/MMB29P) AppleWebKit/537.36 (KHTML, like Gecko) Chrome/146.0.7680.153 Mobile Safari/537.36 (compatible; Googlebot/2.1; +http://www.google.com/bot.html)"
74.7.227.52 - - [31/Mar/2026:06:56:05 -0400] "GET /commoditys/091030347 HTTP/1.1" 403 0 "https://gpdl-bd.com/?sitemap605.xml" "Mozilla/5.0 AppleWebKit/537.36 (KHTML, like Gecko; compatible; GPTBot/1.3; +https://openai.com/gptbot)"
66.249.77.33 - - [31/Mar/2026:06:56:27 -0400] "GET /?goods/075048112 HTTP/1.1" 200 24621 "-" "Mozilla/5.0 (Linux; Android 6.0.1; Nexus 5X Build/MMB29P) AppleWebKit/537.36 (KHTML, like Gecko) Chrome/146.0.7680.153 Mobile Safari/537.36 (compatible; GoogleOther)"
74.7.227.52 - - [31/Mar/2026:06:56:59 -0400] "GET /commoditys/223013067 HTTP/1.1" 403 0 "https://gpdl-bd.com/?sitemap76.xml" "Mozilla/5.0 AppleWebKit/537.36 (KHTML, like Gecko; compatible; GPTBot/1.3; +https://openai.com/gptbot)"
49.149.169.66 - - [31/Mar/2026:06:57:26 -0400] "GET /products/085003680 HTTP/1.1" 200 7203 "https://gpdl-bd.com/?sitemap605.xml" "Mozilla/5.0 (Linux; U; Android 7.1.1; zh-CN; OPPO R9sk Build/NMF26F) AppleWebKit/537.36 (KHTML, like Gecko) Version/4.0 Chrome/70.0.4304.153 UCBrowser/12.6.0.1040 Mobile Safari/537.36"
74.7.227.52 - - [31/Mar/2026:06:57:55 -0400] "GET /commoditys/259020021 HTTP/1.1" 403 0 "https://gpdl-bd.com/?sitemap605.xml" "Mozilla/5.0 AppleWebKit/537.36 (KHTML, like Gecko; compatible; GPTBot/1.3; +https://openai.com/gptbot)"
66.249.77.33 - - [31/Mar/2026:06:58:07 -0400] "GET /?goods/296017637 HTTP/1.1" 200 25936 "-" "Mozilla/5.0 (Linux; Android 6.0.1; Nexus 5X Build/MMB29P) AppleWebKit/537.36 (KHTML, like Gecko) Chrome/146.0.7680.153 Mobile Safari/537.36 (compatible; GoogleOther)"
74.7.227.52 - - [31/Mar/2026:06:58:54 -0400] "GET /commoditys/245044539 HTTP/1.1" 403 0 "https://gpdl-bd.com/?sitemap76.xml" "Mozilla/5.0 AppleWebKit/537.36 (KHTML, like Gecko; compatible; GPTBot/1.3; +https://openai.com/gptbot)"
103.29.124.14 - - [31/Mar/2026:06:59:11 -0400] "GET /products/084042593 HTTP/1.1" 200 7203 "https://gpdl-bd.com/?sitemap605.xml" "Mozilla/5.0 (iPhone; CPU iPhone OS 13_2_3 like Mac OS X) AppleWebKit/607.2.16 (KHTML, like Gecko) Version/13.0.3 Mobile/15E148 Safari/604.1"
66.249.77.33 - - [31/Mar/2026:06:59:35 -0400] "GET /?detail/30001328914912 HTTP/1.1" 200 26053 "-" "Mozilla/5.0 (Linux; Android 6.0.1; Nexus 5X Build/MMB29P) AppleWebKit/537.36 (KHTML, like Gecko) Chrome/146.0.7680.153 Mobile Safari/537.36 (compatible; GoogleOther)"
31.220.45.74 - - [31/Mar/2026:06:59:41 -0400] "HEAD / HTTP/1.1" 200 0 "-" "Mozilla/5.0 (X11; Linux x86_64) AppleWebKit/537.36 (KHTML, like Gecko) Chrome/132.0.0.0 Safari/537.36"
31.220.45.74 - - [31/Mar/2026:06:59:41 -0400] "POST /xmlrpc.php HTTP/1.1" 200 6003 "-" "Mozilla/5.0 (X11; Linux x86_64) AppleWebKit/537.36 (KHTML, like Gecko) Chrome/132.0.0.0 Safari/537.36"
31.220.45.74 - - [31/Mar/2026:06:59:42 -0400] "POST /xmlrpc.php HTTP/1.1" 200 6003 "-" "Mozilla/5.0 (X11; Linux x86_64) AppleWebKit/537.36 (KHTML, like Gecko) Chrome/132.0.0.0 Safari/537.36"
31.220.45.74 - - [31/Mar/2026:06:59:43 -0400] "POST /xmlrpc.php HTTP/1.1" 200 6003 "-" "Mozilla/5.0 (X11; Linux x86_64) AppleWebKit/537.36 (KHTML, like Gecko) Chrome/132.0.0.0 Safari/537.36"
31.220.45.74 - - [31/Mar/2026:06:59:45 -0400] "POST /xmlrpc.php HTTP/1.1" 200 6003 "-" "Mozilla/5.0 (X11; Linux x86_64) AppleWebKit/537.36 (KHTML, like Gecko) Chrome/132.0.0.0 Safari/537.36"
31.220.45.74 - - [31/Mar/2026:06:59:46 -0400] "POST /xmlrpc.php HTTP/1.1" 200 6003 "-" "Mozilla/5.0 (X11; Linux x86_64) AppleWebKit/537.36 (KHTML, like Gecko) Chrome/132.0.0.0 Safari/537.36"
31.220.45.74 - - [31/Mar/2026:06:59:47 -0400] "POST /xmlrpc.php HTTP/1.1" 200 6003 "-" "Mozilla/5.0 (X11; Linux x86_64) AppleWebKit/537.36 (KHTML, like Gecko) Chrome/132.0.0.0 Safari/537.36"
31.220.45.74 - root [31/Mar/2026:06:59:50 -0400] "GET /wp-json/wp/v2/users/me?context=edit HTTP/1.1" 200 6003 "-" "Mozilla/5.0 (X11; Linux x86_64) AppleWebKit/537.36 (KHTML, like Gecko) Chrome/132.0.0.0 Safari/537.36"
31.220.45.74 - root [31/Mar/2026:06:59:50 -0400] "GET /?rest_route=/wp/v2/users/me&context=edit HTTP/1.1" 200 6003 "-" "Mozilla/5.0 (X11; Linux x86_64) AppleWebKit/537.36 (KHTML, like Gecko) Chrome/132.0.0.0 Safari/537.36"
31.220.45.74 - - [31/Mar/2026:06:59:50 -0400] "GET /wp-login.php HTTP/1.1" 200 6003 "-" "Mozilla/5.0 (X11; Linux x86_64) AppleWebKit/537.36 (KHTML, like Gecko) Chrome/132.0.0.0 Safari/537.36"
74.7.227.52 - - [31/Mar/2026:06:59:51 -0400] "GET /commoditys/019020171 HTTP/1.1" 403 0 "https://gpdl-bd.com/?sitemap76.xml" "Mozilla/5.0 AppleWebKit/537.36 (KHTML, like Gecko; compatible; GPTBot/1.3; +https://openai.com/gptbot)"
31.220.45.74 - - [31/Mar/2026:06:59:51 -0400] "GET /wp-admin/ HTTP/1.1" 200 6003 "-" "Mozilla/5.0 (X11; Linux x86_64) AppleWebKit/537.36 (KHTML, like Gecko) Chrome/132.0.0.0 Safari/537.36"
31.220.45.74 - - [31/Mar/2026:06:59:52 -0400] "GET /wp/wp-login.php HTTP/1.1" 200 6003 "-" "Mozilla/5.0 (X11; Linux x86_64) AppleWebKit/537.36 (KHTML, like Gecko) Chrome/132.0.0.0 Safari/537.36"
31.220.45.74 - - [31/Mar/2026:06:59:52 -0400] "GET /wordpress/wp-login.php HTTP/1.1" 200 6003 "-" "Mozilla/5.0 (X11; Linux x86_64) AppleWebKit/537.36 (KHTML, like Gecko) Chrome/132.0.0.0 Safari/537.36"
31.220.45.74 - - [31/Mar/2026:06:59:52 -0400] "GET /blog/wp-login.php HTTP/1.1" 200 6003 "-" "Mozilla/5.0 (X11; Linux x86_64) AppleWebKit/537.36 (KHTML, like Gecko) Chrome/132.0.0.0 Safari/537.36"
31.220.45.74 - - [31/Mar/2026:06:59:53 -0400] "GET /wp-login.php HTTP/1.1" 200 6003 "-" "Mozilla/5.0 (X11; Linux x86_64) AppleWebKit/537.36 (KHTML, like Gecko) Chrome/132.0.0.0 Safari/537.36"
31.220.45.74 - - [31/Mar/2026:06:59:53 -0400] "POST /wp-login.php HTTP/1.1" 200 6003 "https://gpdl-bd.com/wp-login.php" "Mozilla/5.0 (X11; Linux x86_64) AppleWebKit/537.36 (KHTML, like Gecko) Chrome/132.0.0.0 Safari/537.36"
31.220.45.74 - - [31/Mar/2026:06:59:55 -0400] "GET /wp-admin/ HTTP/1.1" 200 6003 "https://gpdl-bd.com/wp-login.php" "Mozilla/5.0 (X11; Linux x86_64) AppleWebKit/537.36 (KHTML, like Gecko) Chrome/132.0.0.0 Safari/537.36"
161.77.64.28 - - [31/Mar/2026:06:59:57 -0400] "HEAD / HTTP/1.1" 200 0 "-" "Mozilla/5.0 (Windows NT 10.0; Win64; x64) AppleWebKit/537.36 (KHTML, like Gecko) Chrome/132.0.0.0 Safari/537.36"
161.77.64.28 - - [31/Mar/2026:06:59:58 -0400] "POST /xmlrpc.php HTTP/1.1" 200 6003 "-" "Mozilla/5.0 (Windows NT 10.0; Win64; x64) AppleWebKit/537.36 (KHTML, like Gecko) Chrome/132.0.0.0 Safari/537.36"
161.77.64.28 - - [31/Mar/2026:06:59:58 -0400] "POST /xmlrpc.php HTTP/1.1" 200 6003 "-" "Mozilla/5.0 (Windows NT 10.0; Win64; x64) AppleWebKit/537.36 (KHTML, like Gecko) Chrome/132.0.0.0 Safari/537.36"
161.77.64.28 - - [31/Mar/2026:07:00:00 -0400] "POST /xmlrpc.php HTTP/1.1" 200 6003 "-" "Mozilla/5.0 (Windows NT 10.0; Win64; x64) AppleWebKit/537.36 (KHTML, like Gecko) Chrome/132.0.0.0 Safari/537.36"
161.77.64.28 - - [31/Mar/2026:07:00:01 -0400] "POST /xmlrpc.php HTTP/1.1" 200 6003 "-" "Mozilla/5.0 (Windows NT 10.0; Win64; x64) AppleWebKit/537.36 (KHTML, like Gecko) Chrome/132.0.0.0 Safari/537.36"
161.77.64.28 - - [31/Mar/2026:07:00:02 -0400] "POST /xmlrpc.php HTTP/1.1" 200 6003 "-" "Mozilla/5.0 (Windows NT 10.0; Win64; x64) AppleWebKit/537.36 (KHTML, like Gecko) Chrome/132.0.0.0 Safari/537.36"
161.77.64.28 - root [31/Mar/2026:07:00:02 -0400] "GET /wp-json/wp/v2/users/me?context=edit HTTP/1.1" 200 6003 "-" "Mozilla/5.0 (Windows NT 10.0; Win64; x64) AppleWebKit/537.36 (KHTML, like Gecko) Chrome/132.0.0.0 Safari/537.36"
161.77.64.28 - root [31/Mar/2026:07:00:03 -0400] "GET /?rest_route=/wp/v2/users/me&context=edit HTTP/1.1" 200 6003 "-" "Mozilla/5.0 (Windows NT 10.0; Win64; x64) AppleWebKit/537.36 (KHTML, like Gecko) Chrome/132.0.0.0 Safari/537.36"
161.77.64.28 - - [31/Mar/2026:07:00:04 -0400] "GET /wp-login.php HTTP/1.1" 200 6003 "-" "Mozilla/5.0 (Windows NT 10.0; Win64; x64) AppleWebKit/537.36 (KHTML, like Gecko) Chrome/132.0.0.0 Safari/537.36"
161.77.64.28 - - [31/Mar/2026:07:00:05 -0400] "GET /wp-admin/ HTTP/1.1" 200 6003 "-" "Mozilla/5.0 (Windows NT 10.0; Win64; x64) AppleWebKit/537.36 (KHTML, like Gecko) Chrome/132.0.0.0 Safari/537.36"
161.77.64.28 - - [31/Mar/2026:07:00:08 -0400] "GET /wp/wp-login.php HTTP/1.1" 200 6003 "-" "Mozilla/5.0 (Windows NT 10.0; Win64; x64) AppleWebKit/537.36 (KHTML, like Gecko) Chrome/132.0.0.0 Safari/537.36"
161.77.64.28 - - [31/Mar/2026:07:00:09 -0400] "GET /wordpress/wp-login.php HTTP/1.1" 200 6003 "-" "Mozilla/5.0 (Windows NT 10.0; Win64; x64) AppleWebKit/537.36 (KHTML, like Gecko) Chrome/132.0.0.0 Safari/537.36"
161.77.64.28 - - [31/Mar/2026:07:00:10 -0400] "GET /blog/wp-login.php HTTP/1.1" 200 6003 "-" "Mozilla/5.0 (Windows NT 10.0; Win64; x64) AppleWebKit/537.36 (KHTML, like Gecko) Chrome/132.0.0.0 Safari/537.36"
161.77.64.28 - - [31/Mar/2026:07:00:11 -0400] "GET /wp-login.php HTTP/1.1" 200 6003 "-" "Mozilla/5.0 (Windows NT 10.0; Win64; x64) AppleWebKit/537.36 (KHTML, like Gecko) Chrome/132.0.0.0 Safari/537.36"
161.77.64.28 - - [31/Mar/2026:07:00:14 -0400] "POST /wp-login.php HTTP/1.1" 200 6003 "https://gpdl-bd.com/wp-login.php" "Mozilla/5.0 (Windows NT 10.0; Win64; x64) AppleWebKit/537.36 (KHTML, like Gecko) Chrome/132.0.0.0 Safari/537.36"
161.77.64.28 - - [31/Mar/2026:07:00:20 -0400] "GET /wp-admin/ HTTP/1.1" 200 6003 "https://gpdl-bd.com/wp-login.php" "Mozilla/5.0 (Windows NT 10.0; Win64; x64) AppleWebKit/537.36 (KHTML, like Gecko) Chrome/132.0.0.0 Safari/537.36"
74.7.227.52 - - [31/Mar/2026:07:00:46 -0400] "GET /commoditys/130047904 HTTP/1.1" 403 0 "https://gpdl-bd.com/?sitemap605.xml" "Mozilla/5.0 AppleWebKit/537.36 (KHTML, like Gecko; compatible; GPTBot/1.3; +https://openai.com/gptbot)"
186.29.180.141 - - [31/Mar/2026:07:00:58 -0400] "GET /products/084033437 HTTP/1.1" 200 7203 "https://gpdl-bd.com/?sitemap605.xml" "Mozilla/5.0 (Linux; Android 9; COL-AL10 Build/HUAWEICOL-AL10; wv) AppleWebKit/537.36 (KHTML, like Gecko) Version/4.0 Chrome/66.0.3398.106 MQQBrowser/6.2 TBS/044607 Mobile Safari/537.36 MMWEBID/7140 MicroMessenger/7.0.4.1420(0x27000437) Process/tools NetType/4G Language/zh_CN"
66.249.77.42 - - [31/Mar/2026:07:01:31 -0400] "GET /?detail/16600126571873 HTTP/1.1" 200 23636 "-" "Mozilla/5.0 (Linux; Android 6.0.1; Nexus 5X Build/MMB29P) AppleWebKit/537.36 (KHTML, like Gecko) Chrome/146.0.7680.153 Mobile Safari/537.36 (compatible; GoogleOther)"
74.7.227.52 - - [31/Mar/2026:07:01:40 -0400] "GET /commoditys/142030014 HTTP/1.1" 403 0 "https://gpdl-bd.com/?sitemap76.xml" "Mozilla/5.0 AppleWebKit/537.36 (KHTML, like Gecko; compatible; GPTBot/1.3; +https://openai.com/gptbot)"
216.244.66.234 - - [31/Mar/2026:07:02:19 -0400] "GET /completed-project/?directory_type=apartment HTTP/1.1" 403 0 "-" "Mozilla/5.0 (compatible; DotBot/1.2; +https://opensiteexplorer.org/dotbot; help@moz.com)"
74.7.227.52 - - [31/Mar/2026:07:02:35 -0400] "GET /commoditys/226034426 HTTP/1.1" 403 0 "https://gpdl-bd.com/?sitemap428.xml" "Mozilla/5.0 AppleWebKit/537.36 (KHTML, like Gecko; compatible; GPTBot/1.3; +https://openai.com/gptbot)"
178.219.169.39 - - [31/Mar/2026:07:03:19 -0400] "GET /products/084025991 HTTP/1.1" 200 7203 "https://gpdl-bd.com/?sitemap605.xml" "Mozilla/5.0 (Linux; Android 11; Pixel 5) AppleWebKit/537.36 (KHTML, like Gecko) Chrome/71.0.2847.53 Mobile Safari/537.36"
66.249.77.42 - - [31/Mar/2026:07:03:26 -0400] "GET /?jp/201006951.html HTTP/1.1" 200 22788 "-" "Mozilla/5.0 (Linux; Android 6.0.1; Nexus 5X Build/MMB29P) AppleWebKit/537.36 (KHTML, like Gecko) Chrome/146.0.7680.153 Mobile Safari/537.36 (compatible; Googlebot/2.1; +http://www.google.com/bot.html)"
74.7.227.52 - - [31/Mar/2026:07:03:32 -0400] "GET /commoditys/202008746 HTTP/1.1" 403 0 "https://gpdl-bd.com/?sitemap906.xml" "Mozilla/5.0 AppleWebKit/537.36 (KHTML, like Gecko; compatible; GPTBot/1.3; +https://openai.com/gptbot)"
74.7.227.52 - - [31/Mar/2026:07:04:27 -0400] "GET /commoditys/250032526 HTTP/1.1" 403 0 "https://gpdl-bd.com/?sitemap605.xml" "Mozilla/5.0 AppleWebKit/537.36 (KHTML, like Gecko; compatible; GPTBot/1.3; +https://openai.com/gptbot)"
131.100.165.93 - - [31/Mar/2026:07:05:01 -0400] "GET /products/084011339 HTTP/1.1" 200 7203 "https://gpdl-bd.com/?sitemap605.xml" "Mozilla/5.0 (Linux; Android 7.1.1; OPPO R9sk Build/NMF26F; wv) AppleWebKit/537.36 (KHTML, like Gecko) Version/4.0 Chrome/88.0.3155.88 Mobile Safari/537.36 LieBaoFast/5.12.3"
74.7.227.52 - - [31/Mar/2026:07:05:22 -0400] "GET /commoditys/024029750 HTTP/1.1" 403 0 "https://gpdl-bd.com/?sitemap605.xml" "Mozilla/5.0 AppleWebKit/537.36 (KHTML, like Gecko; compatible; GPTBot/1.3; +https://openai.com/gptbot)"
66.249.77.42 - - [31/Mar/2026:07:05:49 -0400] "GET /?detail/21802229911042 HTTP/1.1" 200 22457 "-" "Mozilla/5.0 (Linux; Android 6.0.1; Nexus 5X Build/MMB29P) AppleWebKit/537.36 (KHTML, like Gecko) Chrome/146.0.7680.153 Mobile Safari/537.36 (compatible; GoogleOther)"
74.7.227.52 - - [31/Mar/2026:07:06:18 -0400] "GET /commoditys/187023131 HTTP/1.1" 403 0 "https://gpdl-bd.com/?sitemap76.xml" "Mozilla/5.0 AppleWebKit/537.36 (KHTML, like Gecko; compatible; GPTBot/1.3; +https://openai.com/gptbot)"
176.132.102.118 - - [31/Mar/2026:07:06:24 -0400] "GET /products/083048230 HTTP/1.1" 200 7203 "https://gpdl-bd.com/?sitemap605.xml" "Mozilla/5.0 (Linux; Android 9; COL-AL10 Build/HUAWEICOL-AL10; wv) AppleWebKit/537.36 (KHTML, like Gecko) Version/4.0 Chrome/93.0.4084.144 MQQBrowser/6.2 TBS/044607 Mobile Safari/537.36 MMWEBID/7140 MicroMessenger/7.0.4.1420(0x27000437) Process/tools NetType/4G Language/zh_CN"
40.77.167.57 - - [31/Mar/2026:07:06:28 -0400] "GET /?sitemap96.xml HTTP/1.1" 200 17 "-" "Mozilla/5.0 AppleWebKit/537.36 (KHTML, like Gecko; compatible; bingbot/2.0; +http://www.bing.com/bingbot.htm) Chrome/116.0.1938.76 Safari/537.36"
216.73.216.180 - - [31/Mar/2026:07:06:50 -0400] "GET /robots.txt HTTP/1.1" 200 106 "-" "Mozilla/5.0 AppleWebKit/537.36 (KHTML, like Gecko; compatible; ClaudeBot/1.0; +claudebot@anthropic.com)"
216.73.216.180 - - [31/Mar/2026:07:06:50 -0400] "GET / HTTP/1.1" 403 0 "-" "Mozilla/5.0 AppleWebKit/537.36 (KHTML, like Gecko; compatible; ClaudeBot/1.0; +claudebot@anthropic.com)"
74.7.227.52 - - [31/Mar/2026:07:07:13 -0400] "GET /commoditys/083024343 HTTP/1.1" 403 0 "https://gpdl-bd.com/?sitemap76.xml" "Mozilla/5.0 AppleWebKit/537.36 (KHTML, like Gecko; compatible; GPTBot/1.3; +https://openai.com/gptbot)"
66.249.77.33 - - [31/Mar/2026:07:07:22 -0400] "GET /?jp/102001785.html HTTP/1.1" 200 23102 "-" "Mozilla/5.0 (Linux; Android 6.0.1; Nexus 5X Build/MMB29P) AppleWebKit/537.36 (KHTML, like Gecko) Chrome/146.0.7680.153 Mobile Safari/537.36 (compatible; GoogleOther)"
